INSERT INTO `wp5r_2_posts` (`ID`, `post_author`, `post_date`, `post_date_gmt`, `post_content`, `post_title`, `post_excerpt`, `post_status`, `comment_status`, `ping_status`, `post_password`, `post_name`, `to_ping`, `pinged`, `post_modified`, `post_modified_gmt`, `post_content_filtered`, `post_parent`, `guid`, `menu_order`, `post_type`, `post_mime_type`, `comment_count`) VALUES
(5656, 2, '2023-08-23 18:36:53', '2023-08-23 18:36:53', '<ul>\n<li style=\"margin: 0px;padding: 0px;border: 0px;font: inherit;vertical-align: baseline\">Software Testing &ndash; Definition, Basics and Types</li>\n<li style=\"margin: 0px;padding: 0px;border: 0px;font: inherit;vertical-align: baseline\">Manual Testing Tutorial: Concepts, Types and Tool</li>\n<li style=\"margin: 0px;padding: 0px;border: 0px;font: inherit;vertical-align: baseline\">Defect/Bug Life Cycle in Software Testing</li>\n<li style=\"margin: 0px;padding: 0px;border: 0px;font: inherit;vertical-align: baseline\">User Acceptance Testing (UAT)</li>\n<li style=\"margin: 0px;padding: 0px;border: 0px;font: inherit;vertical-align: baseline\">Impact Analysis in Software Testing</li>\n</ul>', 'Quality Assurance', '', 'publish', 'closed', 'closed', '', 'quality-assurance', '', '', '2023-08-23 18:36:53', '2023-08-23 18:36:53', '', 0, 'https://thesolutions1.com/get-trained/stm-lessons/quality-assurance/', 0, 'stm-lessons', '', 0),
(5657, 2, '2023-08-23 19:30:15', '2023-08-23 19:30:15', '', 'Business System Analytics', '', 'inherit', 'closed', 'closed', '', '5648-revision-v1', '', '', '2023-08-23 19:30:15', '2023-08-23 19:30:15', '', 5648, 'https://thesolutions1.com/get-trained/?p=5657', 0, 'revision', '', 0),
(5658, 2, '2023-08-23 19:35:37', '2023-08-23 19:35:37', '<p>Project management is the use of specific knowledge, skills, tools and techniques to deliver something of value to people.</p>\n<p><span style=\"margin: 0px;padding: 0px;border: 0px;font-style: inherit;font-variant: inherit;font-weight: 600;font-size: inherit;line-height: inherit;vertical-align: baseline\">Identify and assess</span> <strong>stakeholders</strong></p>\n<ul class=\"project-attrs checks\" style=\"margin: 0px;padding: 0px;border: 0px;line-height: inherit;font-family: \'Open Sans\';vertical-align: baseline;color: #676767;background-color: #f8f8f8\">\n<li style=\"margin: 0px;padding: 8px 0px;border-width: 0px 0px 1px;font: inherit;vertical-align: baseline;border-color: initial initial #e6e6e6 initial;border-style: initial initial solid initial\">Resource Management</li>\n<li style=\"margin: 0px;padding: 8px 0px;border-width: 0px 0px 1px;font: inherit;vertical-align: baseline;border-color: initial initial #e6e6e6 initial;border-style: initial initial solid initial\">Stakeholders</li>\n<li style=\"margin: 0px;padding: 8px 0px;border-width: 0px 0px 1px;font: inherit;vertical-align: baseline;border-color: initial initial #e6e6e6 initial;border-style: initial initial solid initial\">Teams</li>\n</ul>\n<p>&nbsp;</p>', 'Business System Analytics', '', 'inherit', 'closed', 'closed', '', '5648-revision-v1', '', '', '2023-08-23 19:35:37', '2023-08-23 19:35:37', '', 5648, 'https://thesolutions1.com/get-trained/?p=5658', 0, 'revision', '', 0),
(5660, 2, '2023-08-23 19:38:14', '2023-08-23 19:38:14', '<p>Project management is the use of specific knowledge, skills, tools and techniques to deliver something of value to people.</p>\n<p><span style=\"margin: 0px;padding: 0px;border: 0px;font-style: inherit;font-variant: inherit;font-weight: 600;font-size: inherit;line-height: inherit;vertical-align: baseline\">Identify and assess</span> <strong>stakeholders</strong></p>\n<p>&nbsp;</p>\n<ul>\n<li>Resource Management</li>\n<li>Stakeholders</li>\n<li>Teams</li>\n</ul>', 'Business System Analytics', 'Project management is the use of specific knowledge, skills, tools and techniques to deliver something of value to people.', 'inherit', 'closed', 'closed', '', '5648-revision-v1', '', '', '2023-08-23 19:38:14', '2023-08-23 19:38:14', '', 5648, 'https://thesolutions1.com/get-trained/?p=5660', 0, 'revision', '', 0),
(5659, 2, '2023-08-23 19:37:07', '2023-08-23 19:37:07', '<p>Project management is the use of specific knowledge, skills, tools and techniques to deliver something of value to people.</p>\n<p><span style=\"margin: 0px;padding: 0px;border: 0px;font-style: inherit;font-variant: inherit;font-weight: 600;font-size: inherit;line-height: inherit;vertical-align: baseline\">Identify and assess</span> <strong>stakeholders</strong></p>\n<ul class=\"project-attrs checks\" style=\"margin: 0px;padding: 0px;border: 0px;line-height: inherit;font-family: \'Open Sans\';vertical-align: baseline;color: #676767;background-color: #f8f8f8\">\n<li style=\"margin: 0px;padding: 8px 0px;border-width: 0px 0px 1px;font: inherit;vertical-align: baseline;border-color: initial initial #e6e6e6 initial;border-style: initial initial solid initial\">Resource Management</li>\n<li style=\"margin: 0px;padding: 8px 0px;border-width: 0px 0px 1px;font: inherit;vertical-align: baseline;border-color: initial initial #e6e6e6 initial;border-style: initial initial solid initial\">Stakeholders</li>\n<li style=\"margin: 0px;padding: 8px 0px;border-width: 0px 0px 1px;font: inherit;vertical-align: baseline;border-color: initial initial #e6e6e6 initial;border-style: initial initial solid initial\">Teams</li>\n</ul>\n<p>&nbsp;</p>', 'Business System Analytics', 'Resource Management\nStakeholders\nTeams', 'inherit', 'closed', 'closed', '', '5648-revision-v1', '', '', '2023-08-23 19:37:07', '2023-08-23 19:37:07', '', 5648, 'https://thesolutions1.com/get-trained/?p=5659', 0, 'revision', '', 0),
(5661, 2, '2023-08-23 19:40:12', '2023-08-23 19:40:12', '<p>Project management is the use of specific knowledge, skills, tools and techniques to deliver something of value to people.</p>\n<p><span style=\"margin: 0px;padding: 0px;border: 0px;font-style: inherit;font-variant: inherit;font-weight: 600;font-size: inherit;line-height: inherit;vertical-align: baseline\">Identify and assess</span> <strong>stakeholders</strong></p>\n<ul>\n<li>Resource Management</li>\n<li>Stakeholders</li>\n<li>Teams</li>\n</ul>', 'Business System Analytics', 'Project management is the use of specific knowledge, skills, tools and techniques to deliver something of value to people.', 'inherit', 'closed', 'closed', '', '5648-revision-v1', '', '', '2023-08-23 19:40:12', '2023-08-23 19:40:12', '', 5648, 'https://thesolutions1.com/get-trained/?p=5661', 0, 'revision', '', 0),
(5663, 1, '2023-08-25 17:33:50', '2023-08-25 17:33:50', '', 'Order &ndash; August 25, 2023 @ 05:33 PM', '', 'wc-on-hold', 'open', 'closed', 'wc_order_tY2ts6vMK6DFx', 'order-aug-25-2023-0533-pm', '', '', '2023-08-25 17:33:55', '2023-08-25 17:33:55', '', 0, 'https://thesolutions1.com/get-trained/?post_type=shop_order&#038;p=5663', 0, 'shop_order', '', 1),
(5664, 2, '2023-08-25 18:04:24', '2023-08-25 18:04:24', '<p>Project management is the use of specific knowledge, skills, tools and techniques to deliver something of value to people.</p>\n<p><span style=\"margin: 0px;padding: 0px;border: 0px;font-style: inherit;font-variant: inherit;font-weight: 600;font-size: inherit;line-height: inherit;vertical-align: baseline\">Identify and assess stakeholders</span></p>\n<ul>\n<li>Resource Management</li>\n<li>Stakeholders</li>\n<li>Teams</li>\n</ul>', 'Project Management', 'Project management is the use of specific knowledge, skills, tools and techniques to deliver something of value to people.', 'publish', 'closed', 'closed', '', 'project-management', '', '', '2023-08-25 18:04:24', '2023-08-25 18:04:24', '', 0, 'https://thesolutions1.com/get-trained/?post_type=stm-courses&#038;p=5664', 0, 'stm-courses', '', 0),
(5665, 1, '2023-08-25 19:17:17', '2023-08-25 19:17:17', '', 'Project Management', '', 'publish', 'closed', 'closed', '', 'project-management', '', '', '2023-08-25 19:17:17', '2023-08-25 19:17:17', '', 0, 'https://thesolutions1.com/get-trained/product/project-management/', 0, 'product', '', 0),
(5666, 2, '2023-08-25 17:55:25', '2023-08-25 17:55:25', '<p><span style=\"margin: 0px;padding: 0px;border: 0px;font-weight: 600;line-height: inherit;font-family: \'Open Sans\';vertical-align: baseline;color: #676767;background-color: #f8f8f8\">Match competence to scenario</span></p>', 'Match competence to scenario', '', 'publish', 'closed', 'closed', '', 'match-competence-to-scenario', '', '', '2023-08-25 17:55:25', '2023-08-25 17:55:25', '', 0, 'https://thesolutions1.com/get-trained/stm-lessons/match-competence-to-scenario/', 0, 'stm-lessons', '', 0),
(5667, 2, '2023-08-25 17:56:11', '2023-08-25 17:56:11', '<p><span style=\"margin: 0px;padding: 0px;border: 0px;font-weight: 600;line-height: inherit;font-family: \'Open Sans\';vertical-align: baseline;color: #676767;background-color: #f8f8f8\">Evaluate a project business case</span></p>', 'Evaluate a project business case', '', 'publish', 'closed', 'closed', '', 'evaluate-a-project-business-case', '', '', '2023-08-25 17:56:11', '2023-08-25 17:56:11', '', 0, 'https://thesolutions1.com/get-trained/stm-lessons/evaluate-a-project-business-case/', 0, 'stm-lessons', '', 0),
(5668, 2, '2023-08-25 17:56:54', '2023-08-25 17:56:54', '<ul>\n<li>Stakeholders</li>\n<li>Resource management</li>\n<li>Teams</li>\n</ul>', 'Identify and assess stakeholders', '', 'publish', 'closed', 'closed', '', 'identify-and-assess-stakeholders', '', '', '2023-08-25 17:56:54', '2023-08-25 17:56:54', '', 0, 'https://thesolutions1.com/get-trained/stm-lessons/identify-and-assess-stakeholders/', 0, 'stm-lessons', '', 0),
(5669, 2, '2023-08-25 17:57:33', '2023-08-25 17:57:33', '<div class=\"post-area col span_9\" style=\"padding: 0px 40px 0px 0px;border: 0px;font: inherit;vertical-align: baseline;position: relative;width: 952.422px;float: left;margin: 4px 0px !important 0px 0px\">\n<div id=\"portfolio-extra\" style=\"margin: 0px;padding: 0px;border: 0px;font: inherit;vertical-align: baseline\">\n<div id=\"fws_64e8ea3dc59e7\" class=\"wpb_row vc_row-fluid vc_row\" style=\"margin: 0px;padding: 0px;border: 0px;font: inherit;vertical-align: baseline;position: relative\" data-column-margin=\"default\" data-midnight=\"dark\">\n<div class=\"row_col_wrap_12 col span_12 dark left\" style=\"padding: 0px;border: 0px;font: inherit;vertical-align: baseline;position: relative;width: auto;float: none;z-index: 10;flex-wrap: wrap;margin: 0px -9.10938px 0px !important -9.10938px\">\n<div class=\"vc_col-sm-12 wpb_column column_container vc_column_container col no-extra-padding inherit_tablet inherit_phone \" style=\"margin: 0px;padding: 0px 9.29688px;border: 0px;font: inherit;vertical-align: baseline;position: relative;width: 930.641px;float: none;background-position: center center;box-shadow: none\" data-padding-pos=\"all\" data-has-bg-color=\"false\" data-bg-color=\"\" data-bg-opacity=\"1\" data-animation=\"\" data-delay=\"0\">\n<div class=\"vc_column-inner\" style=\"margin: 0px;padding: 0px;border: 0px;font: inherit;vertical-align: baseline;position: relative\">\n<div class=\"wpb_wrapper\" style=\"margin: 0px;padding: 0px;border: 0px;font: inherit;vertical-align: baseline\">\n<div class=\"wpb_content_element\" style=\"margin: 0px;padding: 0px;border: 0px;font: inherit;vertical-align: baseline\" data-interval=\"0\">\n<div class=\"wpb_wrapper tabbed clearfix\" style=\"margin: 0px;padding: 0px;border: 0px;font: inherit;vertical-align: baseline\" data-style=\"default\" data-spacing=\"default\" data-icon-size=\"\" data-full-width-line=\"\" data-color-scheme=\"accent-color\" data-alignment=\"left\">\n<div id=\"tab-section-4\" class=\"wpb_tab ui-tabs-panel wpb_ui-tabs-hide clearfix visible-tab\" style=\"margin: 0px;padding: 0px;border: 0px;font: inherit;vertical-align: baseline;background-color: transparent;position: relative;width: 912.047px;left: 0px;top: 0px\" data-tab-icon=\"\">\n<div class=\"wpb_text_column wpb_content_element \" style=\"margin: 0px 0px 21.74px;padding: 0px;border: 0px;font: inherit;vertical-align: baseline\">\n<div class=\"wpb_wrapper\" style=\"margin: 0px;padding: 0px;border: 0px;font: inherit;vertical-align: baseline\">\n<p style=\"margin: 0px;padding: 0px;border: 0px;font: inherit;vertical-align: baseline\"><span style=\"margin: 0px;padding: 0px;border: 0px;font-style: inherit;font-variant: inherit;font-weight: 600;font-size: inherit;line-height: inherit;font-family: \'Open Sans\';vertical-align: baseline\">Develop a communication plan</span></p>\n</div>\n</div>\n</div>\n</div>\n</div>\n</div>\n</div>\n</div>\n</div>\n</div>\n</div>\n</div>\n<div id=\"sidebar\" class=\"col span_3 col_last\" style=\"margin: 0px 0px 30px;padding: 0px;border: 0px;font: inherit;vertical-align: baseline;position: relative;width: 292.562px;float: left\" data-follow-on-scroll=\"0\">\n<div id=\"sidebar-inner\" style=\"margin: 0px;padding: 0px;border: 0px;font: inherit;vertical-align: baseline\">\n<div id=\"project-meta\" style=\"margin: 0px;padding: 0px;border: 0px;line-height: inherit;font-family: \'Open Sans\';vertical-align: baseline;color: #676767;background-color: #f8f8f8\">\n<div class=\"clear\" style=\"margin: 0px;padding: 0px;border: 0px;font: inherit;vertical-align: baseline;clear: both\">&nbsp;</div>\n</div>\n</div>\n</div>', 'Develop a communication plan', '', 'publish', 'closed', 'closed', '', 'develop-a-communication-plan', '', '', '2023-08-25 17:57:33', '2023-08-25 17:57:33', '', 0, 'https://thesolutions1.com/get-trained/stm-lessons/develop-a-communication-plan/', 0, 'stm-lessons', '', 0),
(5670, 2, '2023-08-25 17:57:53', '2023-08-25 17:57:53', '<ul>\n<li style=\"margin: 0px;padding: 0px;border: 0px;font: inherit;vertical-align: baseline\">Project charter</li>\n<li style=\"margin: 0px;padding: 0px;border: 0px;font: inherit;vertical-align: baseline\">Product and project scope</li>\n</ul>', 'Define product scope', '', 'publish', 'closed', 'closed', '', 'define-product-scope', '', '', '2023-08-25 17:58:24', '2023-08-25 17:58:24', '', 0, 'https://thesolutions1.com/get-trained/stm-lessons/define-product-scope/', 0, 'stm-lessons', '', 0),
(5671, 2, '2023-08-25 17:58:24', '2023-08-25 17:58:24', '<ul>\n<li style=\"margin: 0px;padding: 0px;border: 0px;font: inherit;vertical-align: baseline\">Project charter</li>\n<li style=\"margin: 0px;padding: 0px;border: 0px;font: inherit;vertical-align: baseline\">Product and project scope</li>\n</ul>', 'Define product scope', '', 'inherit', 'closed', 'closed', '', '5670-revision-v1', '', '', '2023-08-25 17:58:24', '2023-08-25 17:58:24', '', 5670, 'https://thesolutions1.com/get-trained/?p=5671', 0, 'revision', '', 0),
(5672, 2, '2023-08-25 17:58:45', '2023-08-25 17:58:45', '<ul>\n<li style=\"margin: 0px;padding: 0px;border: 0px;font: inherit;vertical-align: baseline\">Requirements</li>\n</ul>', 'Decompose product scope into stakeholder requirements', '', 'publish', 'closed', 'closed', '', 'decompose-product-scope-into-stakeholder-requirements', '', '', '2023-08-25 17:58:45', '2023-08-25 17:58:45', '', 0, 'https://thesolutions1.com/get-trained/stm-lessons/decompose-product-scope-into-stakeholder-requirements/', 0, 'stm-lessons', '', 0),
(5673, 2, '2023-08-25 17:59:27', '2023-08-25 17:59:27', '<ul>\n<li style=\"margin: 0px;padding: 0px;border: 0px;font: inherit;vertical-align: baseline\">Work</li>\n<li style=\"margin: 0px;padding: 0px;border: 0px;font: inherit;vertical-align: baseline\">Work breakdown structure</li>\n</ul>', 'Create WBS and dictionary', '', 'publish', 'closed', 'closed', '', 'create-wbs-and-dictionary', '', '', '2023-08-25 17:59:27', '2023-08-25 17:59:27', '', 0, 'https://thesolutions1.com/get-trained/stm-lessons/create-wbs-and-dictionary/', 0, 'stm-lessons', '', 0),
(5674, 2, '2023-08-25 18:00:13', '2023-08-25 18:00:13', '<div class=\"post-area col span_9\" style=\"padding: 0px 40px 0px 0px;border: 0px;font: inherit;vertical-align: baseline;position: relative;width: 952.422px;float: left;margin: 4px 0px !important 0px 0px\">\n<div id=\"portfolio-extra\" style=\"margin: 0px;padding: 0px;border: 0px;font: inherit;vertical-align: baseline\">\n<div id=\"fws_64e8ea3dc59e7\" class=\"wpb_row vc_row-fluid vc_row\" style=\"margin: 0px;padding: 0px;border: 0px;font: inherit;vertical-align: baseline;position: relative\" data-column-margin=\"default\" data-midnight=\"dark\">\n<div class=\"row_col_wrap_12 col span_12 dark left\" style=\"padding: 0px;border: 0px;font: inherit;vertical-align: baseline;position: relative;width: auto;float: none;z-index: 10;flex-wrap: wrap;margin: 0px -9.10938px 0px !important -9.10938px\">\n<div class=\"vc_col-sm-12 wpb_column column_container vc_column_container col no-extra-padding inherit_tablet inherit_phone \" style=\"margin: 0px;padding: 0px 9.29688px;border: 0px;font: inherit;vertical-align: baseline;position: relative;width: 930.641px;float: none;background-position: center center;box-shadow: none\" data-padding-pos=\"all\" data-has-bg-color=\"false\" data-bg-color=\"\" data-bg-opacity=\"1\" data-animation=\"\" data-delay=\"0\">\n<div class=\"vc_column-inner\" style=\"margin: 0px;padding: 0px;border: 0px;font: inherit;vertical-align: baseline;position: relative\">\n<div class=\"wpb_wrapper\" style=\"margin: 0px;padding: 0px;border: 0px;font: inherit;vertical-align: baseline\">\n<div class=\"wpb_content_element\" style=\"margin: 0px;padding: 0px;border: 0px;font: inherit;vertical-align: baseline\" data-interval=\"0\">\n<div class=\"wpb_wrapper tabbed clearfix\" style=\"margin: 0px;padding: 0px;border: 0px;font: inherit;vertical-align: baseline\" data-style=\"default\" data-spacing=\"default\" data-icon-size=\"\" data-full-width-line=\"\" data-color-scheme=\"accent-color\" data-alignment=\"left\">\n<div id=\"tab-section-8\" class=\"wpb_tab ui-tabs-panel wpb_ui-tabs-hide clearfix visible-tab\" style=\"margin: 0px;padding: 0px;border: 0px;font: inherit;vertical-align: baseline;background-color: transparent;position: relative;width: 912.047px;left: 0px;top: 0px\" data-tab-icon=\"\">\n<div class=\"wpb_text_column wpb_content_element \" style=\"margin: 0px 0px 21.74px;padding: 0px;border: 0px;font: inherit;vertical-align: baseline\">\n<div class=\"wpb_wrapper\" style=\"margin: 0px;padding: 0px;border: 0px;font: inherit;vertical-align: baseline\">\n<ul style=\"margin: 0px 0px 0px 30px;padding: 0px;border: 0px;font: inherit;vertical-align: baseline\">\n<li style=\"margin: 0px;padding: 0px;border: 0px;font: inherit;vertical-align: baseline\">Risk identification and management</li>\n</ul>\n</div>\n</div>\n</div>\n</div>\n</div>\n</div>\n</div>\n</div>\n</div>\n</div>\n</div>\n</div>\n<div id=\"sidebar\" class=\"col span_3 col_last\" style=\"margin: 0px 0px 30px;padding: 0px;border: 0px;font: inherit;vertical-align: baseline;position: relative;width: 292.562px;float: left\" data-follow-on-scroll=\"0\">\n<div id=\"sidebar-inner\" style=\"margin: 0px;padding: 0px;border: 0px;font: inherit;vertical-align: baseline\">\n<div id=\"project-meta\" style=\"margin: 0px;padding: 0px;border: 0px;line-height: inherit;font-family: \'Open Sans\';vertical-align: baseline;color: #676767;background-color: #f8f8f8\">\n<div class=\"clear\" style=\"margin: 0px;padding: 0px;border: 0px;font: inherit;vertical-align: baseline;clear: both\">&nbsp;</div>\n</div>\n</div>\n</div>', 'Create risk register', '', 'publish', 'closed', 'closed', '', 'create-risk-register', '', '', '2023-08-25 18:00:13', '2023-08-25 18:00:13', '', 0, 'https://thesolutions1.com/get-trained/stm-lessons/create-risk-register/', 0, 'stm-lessons', '', 0),
(5675, 2, '2023-08-25 18:00:57', '2023-08-25 18:00:57', '<div class=\"post-area col span_9\" style=\"padding: 0px 40px 0px 0px;border: 0px;font: inherit;vertical-align: baseline;position: relative;width: 952.422px;float: left;margin: 4px 0px !important 0px 0px\">\n<div id=\"portfolio-extra\" style=\"margin: 0px;padding: 0px;border: 0px;font: inherit;vertical-align: baseline\">\n<div id=\"fws_64e8ea3dc59e7\" class=\"wpb_row vc_row-fluid vc_row\" style=\"margin: 0px;padding: 0px;border: 0px;font: inherit;vertical-align: baseline;position: relative\" data-column-margin=\"default\" data-midnight=\"dark\">\n<div class=\"row_col_wrap_12 col span_12 dark left\" style=\"padding: 0px;border: 0px;font: inherit;vertical-align: baseline;position: relative;width: auto;float: none;z-index: 10;flex-wrap: wrap;margin: 0px -9.10938px 0px !important -9.10938px\">\n<div class=\"vc_col-sm-12 wpb_column column_container vc_column_container col no-extra-padding inherit_tablet inherit_phone \" style=\"margin: 0px;padding: 0px 9.29688px;border: 0px;font: inherit;vertical-align: baseline;position: relative;width: 930.641px;float: none;background-position: center center;box-shadow: none\" data-padding-pos=\"all\" data-has-bg-color=\"false\" data-bg-color=\"\" data-bg-opacity=\"1\" data-animation=\"\" data-delay=\"0\">\n<div class=\"vc_column-inner\" style=\"margin: 0px;padding: 0px;border: 0px;font: inherit;vertical-align: baseline;position: relative\">\n<div class=\"wpb_wrapper\" style=\"margin: 0px;padding: 0px;border: 0px;font: inherit;vertical-align: baseline\">\n<div class=\"wpb_content_element\" style=\"margin: 0px;padding: 0px;border: 0px;font: inherit;vertical-align: baseline\" data-interval=\"0\">\n<div class=\"wpb_wrapper tabbed clearfix\" style=\"margin: 0px;padding: 0px;border: 0px;font: inherit;vertical-align: baseline\" data-style=\"default\" data-spacing=\"default\" data-icon-size=\"\" data-full-width-line=\"\" data-color-scheme=\"accent-color\" data-alignment=\"left\">\n<div id=\"tab-section-9\" class=\"wpb_tab ui-tabs-panel wpb_ui-tabs-hide clearfix visible-tab\" style=\"margin: 0px;padding: 0px;border: 0px;font: inherit;vertical-align: baseline;background-color: transparent;position: relative;width: 912.047px;left: 0px;top: 0px\" data-tab-icon=\"\">\n<div class=\"wpb_text_column wpb_content_element \" style=\"margin: 0px 0px 21.74px;padding: 0px;border: 0px;font: inherit;vertical-align: baseline\">\n<div class=\"wpb_wrapper\" style=\"margin: 0px;padding: 0px;border: 0px;font: inherit;vertical-align: baseline\">\n<p style=\"margin: 0px;padding: 0px;border: 0px;font: inherit;vertical-align: baseline\"><span style=\"margin: 0px;padding: 0px;border: 0px;font-style: inherit;font-variant: inherit;font-weight: 600;font-size: inherit;line-height: inherit;font-family: \'Open Sans\';vertical-align: baseline\">Establish quality metrics</span></p>\n</div>\n</div>\n</div>\n</div>\n</div>\n</div>\n</div>\n</div>\n</div>\n</div>\n</div>\n</div>\n<div id=\"sidebar\" class=\"col span_3 col_last\" style=\"margin: 0px 0px 30px;padding: 0px;border: 0px;font: inherit;vertical-align: baseline;position: relative;width: 292.562px;float: left\" data-follow-on-scroll=\"0\">\n<div id=\"sidebar-inner\" style=\"margin: 0px;padding: 0px;border: 0px;font: inherit;vertical-align: baseline\">\n<div id=\"project-meta\" style=\"margin: 0px;padding: 0px;border: 0px;line-height: inherit;font-family: \'Open Sans\';vertical-align: baseline;color: #676767;background-color: #f8f8f8\">\n<div class=\"clear\" style=\"margin: 0px;padding: 0px;border: 0px;font: inherit;vertical-align: baseline;clear: both\">&nbsp;</div>\n</div>\n</div>\n</div>', 'Establish quality metrics', '', 'publish', 'closed', 'closed', '', 'establish-quality-metrics', '', '', '2023-08-25 18:00:57', '2023-08-25 18:00:57', '', 0, 'https://thesolutions1.com/get-trained/stm-lessons/establish-quality-metrics/', 0, 'stm-lessons', '', 0),
(5676, 2, '2023-08-25 18:01:25', '2023-08-25 18:01:25', '<ul>\n<li style=\"margin: 0px;padding: 0px;border: 0px;font: inherit;vertical-align: baseline\">Effort and duration</li>\n<li style=\"margin: 0px;padding: 0px;border: 0px;font: inherit;vertical-align: baseline\">Estimating effort</li>\n<li style=\"margin: 0px;padding: 0px;border: 0px;font: inherit;vertical-align: baseline\">Level of accuracy in estimates</li>\n<li style=\"margin: 0px;padding: 0px;border: 0px;font: inherit;vertical-align: baseline\">Team-based estimation</li>\n<li style=\"margin: 0px;padding: 0px;border: 0px;font: inherit;vertical-align: baseline\">Scheduling</li>\n<li style=\"margin: 0px;padding: 0px;border: 0px;font: inherit;vertical-align: baseline\">Estimating cost</li>\n</ul>', 'Create an initial schedule and budget', '', 'publish', 'closed', 'closed', '', 'create-an-initial-schedule-and-budget', '', '', '2023-08-25 18:01:25', '2023-08-25 18:01:25', '', 0, 'https://thesolutions1.com/get-trained/stm-lessons/create-an-initial-schedule-and-budget/', 0, 'stm-lessons', '', 0),
(5677, 2, '2023-08-25 18:01:47', '2023-08-25 18:01:47', '<div class=\"post-area col span_9\" style=\"padding: 0px 40px 0px 0px;border: 0px;font: inherit;vertical-align: baseline;position: relative;width: 952.422px;float: left;margin: 4px 0px !important 0px 0px\">\n<div id=\"portfolio-extra\" style=\"margin: 0px;padding: 0px;border: 0px;font: inherit;vertical-align: baseline\">\n<div id=\"fws_64e8ea3dc59e7\" class=\"wpb_row vc_row-fluid vc_row\" style=\"margin: 0px;padding: 0px;border: 0px;font: inherit;vertical-align: baseline;position: relative\" data-column-margin=\"default\" data-midnight=\"dark\">\n<div class=\"row_col_wrap_12 col span_12 dark left\" style=\"padding: 0px;border: 0px;font: inherit;vertical-align: baseline;position: relative;width: auto;float: none;z-index: 10;flex-wrap: wrap;margin: 0px -9.10938px 0px !important -9.10938px\">\n<div class=\"vc_col-sm-12 wpb_column column_container vc_column_container col no-extra-padding inherit_tablet inherit_phone \" style=\"margin: 0px;padding: 0px 9.29688px;border: 0px;font: inherit;vertical-align: baseline;position: relative;width: 930.641px;float: none;background-position: center center;box-shadow: none\" data-padding-pos=\"all\" data-has-bg-color=\"false\" data-bg-color=\"\" data-bg-opacity=\"1\" data-animation=\"\" data-delay=\"0\">\n<div class=\"vc_column-inner\" style=\"margin: 0px;padding: 0px;border: 0px;font: inherit;vertical-align: baseline;position: relative\">\n<div class=\"wpb_wrapper\" style=\"margin: 0px;padding: 0px;border: 0px;font: inherit;vertical-align: baseline\">\n<div class=\"wpb_content_element\" style=\"margin: 0px;padding: 0px;border: 0px;font: inherit;vertical-align: baseline\" data-interval=\"0\">\n<div class=\"wpb_wrapper tabbed clearfix\" style=\"margin: 0px;padding: 0px;border: 0px;font: inherit;vertical-align: baseline\" data-style=\"default\" data-spacing=\"default\" data-icon-size=\"\" data-full-width-line=\"\" data-color-scheme=\"accent-color\" data-alignment=\"left\">\n<div id=\"tab-section-11\" class=\"wpb_tab ui-tabs-panel wpb_ui-tabs-hide clearfix visible-tab\" style=\"margin: 0px;padding: 0px;border: 0px;font: inherit;vertical-align: baseline;background-color: transparent;position: relative;width: 912.047px;left: 0px;top: 0px\" data-tab-icon=\"\">\n<div class=\"wpb_text_column wpb_content_element \" style=\"margin: 0px 0px 21.74px;padding: 0px;border: 0px;font: inherit;vertical-align: baseline\">\n<div class=\"wpb_wrapper\" style=\"margin: 0px;padding: 0px;border: 0px;font: inherit;vertical-align: baseline\">\n<ul style=\"margin: 0px 0px 0px 30px;padding: 0px;border: 0px;font: inherit;vertical-align: baseline\">\n<li style=\"margin: 0px;padding: 0px;border: 0px;font: inherit;vertical-align: baseline\">Change management</li>\n</ul>\n</div>\n</div>\n</div>\n</div>\n</div>\n</div>\n</div>\n</div>\n</div>\n</div>\n</div>\n</div>\n<div id=\"sidebar\" class=\"col span_3 col_last\" style=\"margin: 0px 0px 30px;padding: 0px;border: 0px;font: inherit;vertical-align: baseline;position: relative;width: 292.562px;float: left\" data-follow-on-scroll=\"0\">\n<div id=\"sidebar-inner\" style=\"margin: 0px;padding: 0px;border: 0px;font: inherit;vertical-align: baseline\">\n<div id=\"project-meta\" style=\"margin: 0px;padding: 0px;border: 0px;line-height: inherit;font-family: \'Open Sans\';vertical-align: baseline;color: #676767;background-color: #f8f8f8\">\n<div class=\"clear\" style=\"margin: 0px;padding: 0px;border: 0px;font: inherit;vertical-align: baseline;clear: both\">&nbsp;</div>\n</div>\n</div>\n</div>', 'Review and disposition a change request', '', 'publish', 'closed', 'closed', '', 'review-and-disposition-a-change-request', '', '', '2023-08-25 18:01:47', '2023-08-25 18:01:47', '', 0, 'https://thesolutions1.com/get-trained/stm-lessons/review-and-disposition-a-change-request/', 0, 'stm-lessons', '', 0),
(5678, 2, '2023-08-25 18:02:11', '2023-08-25 18:02:11', '<div class=\"post-area col span_9\" style=\"padding: 0px 40px 0px 0px;border: 0px;font: inherit;vertical-align: baseline;position: relative;width: 952.422px;float: left;margin: 4px 0px !important 0px 0px\">\n<div id=\"portfolio-extra\" style=\"margin: 0px;padding: 0px;border: 0px;font: inherit;vertical-align: baseline\">\n<div id=\"fws_64e8ea3dc59e7\" class=\"wpb_row vc_row-fluid vc_row\" style=\"margin: 0px;padding: 0px;border: 0px;font: inherit;vertical-align: baseline;position: relative\" data-column-margin=\"default\" data-midnight=\"dark\">\n<div class=\"row_col_wrap_12 col span_12 dark left\" style=\"padding: 0px;border: 0px;font: inherit;vertical-align: baseline;position: relative;width: auto;float: none;z-index: 10;flex-wrap: wrap;margin: 0px -9.10938px 0px !important -9.10938px\">\n<div class=\"vc_col-sm-12 wpb_column column_container vc_column_container col no-extra-padding inherit_tablet inherit_phone \" style=\"margin: 0px;padding: 0px 9.29688px;border: 0px;font: inherit;vertical-align: baseline;position: relative;width: 930.641px;float: none;background-position: center center;box-shadow: none\" data-padding-pos=\"all\" data-has-bg-color=\"false\" data-bg-color=\"\" data-bg-opacity=\"1\" data-animation=\"\" data-delay=\"0\">\n<div class=\"vc_column-inner\" style=\"margin: 0px;padding: 0px;border: 0px;font: inherit;vertical-align: baseline;position: relative\">\n<div class=\"wpb_wrapper\" style=\"margin: 0px;padding: 0px;border: 0px;font: inherit;vertical-align: baseline\">\n<div class=\"wpb_content_element\" style=\"margin: 0px;padding: 0px;border: 0px;font: inherit;vertical-align: baseline\" data-interval=\"0\">\n<div class=\"wpb_wrapper tabbed clearfix\" style=\"margin: 0px;padding: 0px;border: 0px;font: inherit;vertical-align: baseline\" data-style=\"default\" data-spacing=\"default\" data-icon-size=\"\" data-full-width-line=\"\" data-color-scheme=\"accent-color\" data-alignment=\"left\">\n<div id=\"tab-section-12\" class=\"wpb_tab ui-tabs-panel wpb_ui-tabs-hide clearfix visible-tab\" style=\"margin: 0px;padding: 0px;border: 0px;font: inherit;vertical-align: baseline;background-color: transparent;position: relative;width: 912.047px;left: 0px;top: 0px\" data-tab-icon=\"\">\n<div class=\"wpb_text_column wpb_content_element \" style=\"margin: 0px 0px 21.74px;padding: 0px;border: 0px;font: inherit;vertical-align: baseline\">\n<div class=\"wpb_wrapper\" style=\"margin: 0px;padding: 0px;border: 0px;font: inherit;vertical-align: baseline\">\n<ul style=\"margin: 0px 0px 0px 30px;padding: 0px;border: 0px;font: inherit;vertical-align: baseline\">\n<li style=\"margin: 0px;padding: 0px;border: 0px;font: inherit;vertical-align: baseline\">Delivering business value</li>\n</ul>\n</div>\n</div>\n</div>\n</div>\n</div>\n</div>\n</div>\n</div>\n</div>\n</div>\n</div>\n</div>\n<div id=\"sidebar\" class=\"col span_3 col_last\" style=\"margin: 0px 0px 30px;padding: 0px;border: 0px;font: inherit;vertical-align: baseline;position: relative;width: 292.562px;float: left\" data-follow-on-scroll=\"0\">\n<div id=\"sidebar-inner\" style=\"margin: 0px;padding: 0px;border: 0px;font: inherit;vertical-align: baseline\">\n<div id=\"project-meta\" style=\"margin: 0px;padding: 0px;border: 0px;line-height: inherit;font-family: \'Open Sans\';vertical-align: baseline;color: #676767;background-color: #f8f8f8\">\n<div class=\"clear\" style=\"margin: 0px;padding: 0px;border: 0px;font: inherit;vertical-align: baseline;clear: both\">&nbsp;</div>\n</div>\n</div>\n</div>', 'Using metrics to reassess the business case', '', 'publish', 'closed', 'closed', '', 'using-metrics-to-reassess-the-business-case', '', '', '2023-08-25 18:02:11', '2023-08-25 18:02:11', '', 0, 'https://thesolutions1.com/get-trained/stm-lessons/using-metrics-to-reassess-the-business-case/', 0, 'stm-lessons', '', 0),
(5679, 2, '2023-08-25 18:03:01', '2023-08-25 18:03:01', '<div class=\"post-area col span_9\" style=\"padding: 0px 40px 0px 0px;border: 0px;font: inherit;vertical-align: baseline;position: relative;width: 952.422px;float: left;margin: 4px 0px !important 0px 0px\">\n<div id=\"portfolio-extra\" style=\"margin: 0px;padding: 0px;border: 0px;font: inherit;vertical-align: baseline\">\n<div id=\"fws_64e8ea3dc59e7\" class=\"wpb_row vc_row-fluid vc_row\" style=\"margin: 0px;padding: 0px;border: 0px;font: inherit;vertical-align: baseline;position: relative\" data-column-margin=\"default\" data-midnight=\"dark\">\n<div class=\"row_col_wrap_12 col span_12 dark left\" style=\"padding: 0px;border: 0px;font: inherit;vertical-align: baseline;position: relative;width: auto;float: none;z-index: 10;flex-wrap: wrap;margin: 0px -9.10938px 0px !important -9.10938px\">\n<div class=\"vc_col-sm-12 wpb_column column_container vc_column_container col no-extra-padding inherit_tablet inherit_phone \" style=\"margin: 0px;padding: 0px 9.29688px;border: 0px;font: inherit;vertical-align: baseline;position: relative;width: 930.641px;float: none;background-position: center center;box-shadow: none\" data-padding-pos=\"all\" data-has-bg-color=\"false\" data-bg-color=\"\" data-bg-opacity=\"1\" data-animation=\"\" data-delay=\"0\">\n<div class=\"vc_column-inner\" style=\"margin: 0px;padding: 0px;border: 0px;font: inherit;vertical-align: baseline;position: relative\">\n<div class=\"wpb_wrapper\" style=\"margin: 0px;padding: 0px;border: 0px;font: inherit;vertical-align: baseline\">\n<div class=\"wpb_content_element\" style=\"margin: 0px;padding: 0px;border: 0px;font: inherit;vertical-align: baseline\" data-interval=\"0\">\n<div class=\"wpb_wrapper tabbed clearfix\" style=\"margin: 0px;padding: 0px;border: 0px;font: inherit;vertical-align: baseline\" data-style=\"default\" data-spacing=\"default\" data-icon-size=\"\" data-full-width-line=\"\" data-color-scheme=\"accent-color\" data-alignment=\"left\">\n<div id=\"tab-section-13\" class=\"wpb_tab ui-tabs-panel wpb_ui-tabs-hide clearfix visible-tab\" style=\"margin: 0px;padding: 0px;border: 0px;font: inherit;vertical-align: baseline;background-color: transparent;position: relative;width: 912.047px;left: 0px;top: 0px\" data-tab-icon=\"\">\n<div class=\"wpb_text_column wpb_content_element \" style=\"margin: 0px 0px 21.74px;padding: 0px;border: 0px;font: inherit;vertical-align: baseline\">\n<div class=\"wpb_wrapper\" style=\"margin: 0px;padding: 0px;border: 0px;font: inherit;vertical-align: baseline\">\n<p style=\"margin: 0px;padding: 0px;border: 0px;font: inherit;vertical-align: baseline\"><span style=\"margin: 0px;padding: 0px;border: 0px;font-style: inherit;font-variant: inherit;font-weight: 600;font-size: inherit;line-height: inherit;font-family: \'Open Sans\';vertical-align: baseline\">Close out a project</span></p>\n</div>\n</div>\n</div>\n</div>\n</div>\n</div>\n</div>\n</div>\n</div>\n</div>\n</div>\n</div>\n<div id=\"sidebar\" class=\"col span_3 col_last\" style=\"margin: 0px 0px 30px;padding: 0px;border: 0px;font: inherit;vertical-align: baseline;position: relative;width: 292.562px;float: left\" data-follow-on-scroll=\"0\">\n<div id=\"sidebar-inner\" style=\"margin: 0px;padding: 0px;border: 0px;font: inherit;vertical-align: baseline\">\n<div id=\"project-meta\" style=\"margin: 0px;padding: 0px;border: 0px;line-height: inherit;font-family: \'Open Sans\';vertical-align: baseline;color: #676767;background-color: #f8f8f8\">\n<div class=\"clear\" style=\"margin: 0px;padding: 0px;border: 0px;font: inherit;vertical-align: baseline;clear: both\">&nbsp;</div>\n</div>\n</div>\n</div>', 'Close out a project', '', 'publish', 'closed', 'closed', '', 'close-out-a-project', '', '', '2023-08-25 18:03:01', '2023-08-25 18:03:01', '', 0, 'https://thesolutions1.com/get-trained/stm-lessons/close-out-a-project/', 0, 'stm-lessons', '', 0),
(5680, 2, '2023-08-25 18:04:01', '2023-08-25 18:04:01', '<p>Project management is the use of specific knowledge, skills, tools and techniques to deliver something of value to people.</p>\n<p><span style=\"margin: 0px;padding: 0px;border: 0px;font-style: inherit;font-variant: inherit;font-weight: 600;font-size: inherit;line-height: inherit;vertical-align: baseline\">Identify and assess stakeholders</span></p>\n<ul>\n<li>Resource Management</li>\n<li>Stakeholders</li>\n<li>Teams</li>\n</ul>', 'Project Management', 'Project management is the use of specific knowledge, skills, tools and techniques to deliver something of value to people.', 'inherit', 'closed', 'closed', '', '5664-revision-v1', '', '', '2023-08-25 18:04:01', '2023-08-25 18:04:01', '', 5664, 'https://thesolutions1.com/get-trained/?p=5680', 0, 'revision', '', 0),
(5681, 2, '2023-08-25 18:10:10', '2023-08-25 18:10:10', '', 'pexels-mikael-blomkvist-6476258-2048x1367', '', 'inherit', 'open', 'closed', '', 'pexels-mikael-blomkvist-6476258-2048x1367', '', '', '2023-08-25 18:10:10', '2023-08-25 18:10:10', '', 0, 'https://thesolutions1.com/get-trained/pexels-mikael-blomkvist-6476258-2048x1367/', 0, 'attachment', 'image/jpeg', 0),
(5682, 2, '2023-08-25 18:22:58', '2023-08-25 18:22:58', '<p>Data management&nbsp;is the practice of collecting, keeping, and using data securely, efficiently, and cost-effectively.</p>\n<p><span style=\"margin: 0px;padding: 0px;border: 0px;font-style: inherit;font-variant: inherit;font-weight: 600;font-size: inherit;line-height: inherit;vertical-align: baseline\">Motivation</span></p>\n<ul>\n<li>Data management</li>\n<li>Data management systems</li>\n<li>The importance of data</li>\n</ul>', 'Data Management', 'Data management is the practice of collecting, keeping, and using data securely, efficiently, and cost-effectively.', 'publish', 'closed', 'closed', '', 'data-management', '', '', '2023-08-25 18:22:58', '2023-08-25 18:22:58', '', 0, 'https://thesolutions1.com/get-trained/?post_type=stm-courses&#038;p=5682', 0, 'stm-courses', '', 0),
(5683, 1, '2023-08-25 20:52:12', '2023-08-25 20:52:12', '', 'Data Management', '', 'publish', 'closed', 'closed', '', 'data-management', '', '', '2023-08-25 20:52:12', '2023-08-25 20:52:12', '', 0, 'https://thesolutions1.com/get-trained/product/data-management/', 0, 'product', '', 0),
(5684, 2, '2023-08-25 18:11:08', '2023-08-25 18:11:08', '<ul>\n<li>Motivation: the importance of data, data management, and data management systems.</li>\n<li>Overview: different types of data, data models, and data management systems (relational, XML, text, small/large), etc.</li>\n<li>Relational DBMSs overview: the lifetime of a query, DBMS architecture overview</li>\n</ul>', 'Motivation and relational DBMS overview', '', 'publish', 'closed', 'closed', '', 'motivation-and-relational-dbms-overview', '', '', '2023-08-25 18:11:08', '2023-08-25 18:11:08', '', 0, 'https://thesolutions1.com/get-trained/stm-lessons/motivation-and-relational-dbms-overview/', 0, 'stm-lessons', '', 0),
(5685, 2, '2023-08-25 18:11:33', '2023-08-25 18:11:33', '<div class=\"post-area col span_9\" style=\"padding: 0px 40px 0px 0px;border: 0px;font: inherit;vertical-align: baseline;position: relative;width: 952.422px;float: left;margin: 4px 0px !important 0px 0px\">\n<div id=\"portfolio-extra\" style=\"margin: 0px;padding: 0px;border: 0px;font: inherit;vertical-align: baseline\">\n<div id=\"fws_64e8edbd02fd8\" class=\"wpb_row vc_row-fluid vc_row\" style=\"margin: 0px;padding: 0px;border: 0px;font: inherit;vertical-align: baseline;position: relative\" data-column-margin=\"default\" data-midnight=\"dark\">\n<div class=\"row_col_wrap_12 col span_12 dark left\" style=\"padding: 0px;border: 0px;font: inherit;vertical-align: baseline;position: relative;width: auto;float: none;z-index: 10;flex-wrap: wrap;margin: 0px -9.10938px 0px !important -9.10938px\">\n<div class=\"vc_col-sm-12 wpb_column column_container vc_column_container col no-extra-padding inherit_tablet inherit_phone \" style=\"margin: 0px;padding: 0px 9.29688px;border: 0px;font: inherit;vertical-align: baseline;position: relative;width: 930.641px;float: none;background-position: center center;box-shadow: none\" data-padding-pos=\"all\" data-has-bg-color=\"false\" data-bg-color=\"\" data-bg-opacity=\"1\" data-animation=\"\" data-delay=\"0\">\n<div class=\"vc_column-inner\" style=\"margin: 0px;padding: 0px;border: 0px;font: inherit;vertical-align: baseline;position: relative\">\n<div class=\"wpb_wrapper\" style=\"margin: 0px;padding: 0px;border: 0px;font: inherit;vertical-align: baseline\">\n<div class=\"wpb_content_element\" style=\"margin: 0px;padding: 0px;border: 0px;font: inherit;vertical-align: baseline\" data-interval=\"0\">\n<div class=\"wpb_wrapper tabbed clearfix\" style=\"margin: 0px;padding: 0px;border: 0px;font: inherit;vertical-align: baseline\" data-style=\"default\" data-spacing=\"default\" data-icon-size=\"\" data-full-width-line=\"\" data-color-scheme=\"accent-color\" data-alignment=\"left\">\n<div id=\"tab-section-2\" class=\"wpb_tab ui-tabs-panel wpb_ui-tabs-hide clearfix visible-tab\" style=\"margin: 0px;padding: 0px;border: 0px;font: inherit;vertical-align: baseline;background-color: transparent;position: relative;width: 912.047px;left: 0px;top: 0px\" data-tab-icon=\"\">\n<div class=\"wpb_text_column wpb_content_element \" style=\"margin: 0px 0px 21.74px;padding: 0px;border: 0px;font: inherit;vertical-align: baseline\">\n<div class=\"wpb_wrapper\" style=\"margin: 0px;padding: 0px;border: 0px;font: inherit;vertical-align: baseline\">\n<ul style=\"margin: 0px 0px 0px 30px;padding: 0px;border: 0px;font: inherit;vertical-align: baseline\">\n<li style=\"margin: 0px;padding: 0px;border: 0px;font: inherit;vertical-align: baseline\">SQL: how to create a database, load data, insert/delete, and ask queries (including aggregation, subqueries, etc).</li>\n</ul>\n</div>\n</div>\n</div>\n</div>\n</div>\n</div>\n</div>\n</div>\n</div>\n</div>\n</div>\n</div>', 'Using relational DBMSs', '', 'publish', 'closed', 'closed', '', 'using-relational-dbmss', '', '', '2023-08-25 18:11:33', '2023-08-25 18:11:33', '', 0, 'https://thesolutions1.com/get-trained/stm-lessons/using-relational-dbmss/', 0, 'stm-lessons', '', 0),
(5686, 2, '2023-08-25 18:12:07', '2023-08-25 18:12:07', '<ul>\n<li>Conceptual design: ER diagrams, functional dependencies</li>\n<li>Views and integrity constraints.</li>\n</ul>', 'Modeling a real problem using a database', '', 'publish', 'closed', 'closed', '', 'modeling-a-real-problem-using-a-database', '', '', '2023-08-25 18:12:07', '2023-08-25 18:12:07', '', 0, 'https://thesolutions1.com/get-trained/stm-lessons/modeling-a-real-problem-using-a-database/', 0, 'stm-lessons', '', 0),
(5687, 2, '2023-08-25 18:19:02', '2023-08-25 18:19:02', '<ul>\n<li>Transactions: what they are and how to use them</li>\n<li>Different levels of isolation and possible anomalies</li>\n</ul>', 'Transactions', '', 'publish', 'closed', 'closed', '', 'transactions', '', '', '2023-08-25 18:19:02', '2023-08-25 18:19:02', '', 0, 'https://thesolutions1.com/get-trained/stm-lessons/transactions/', 0, 'stm-lessons', '', 0),
(5688, 2, '2023-08-25 18:19:35', '2023-08-25 18:19:35', '<ul>\n<li style=\"margin: 0px;padding: 0px;border: 0px;font: inherit;vertical-align: baseline\">Indexes and how to use them</li>\n<li style=\"margin: 0px;padding: 0px;border: 0px;font: inherit;vertical-align: baseline\">Security and access control</li>\n</ul>', 'Advanced features', '', 'publish', 'closed', 'closed', '', 'advanced-features', '', '', '2023-08-25 18:19:35', '2023-08-25 18:19:35', '', 0, 'https://thesolutions1.com/get-trained/stm-lessons/advanced-features/', 0, 'stm-lessons', '', 0),
(5689, 2, '2023-08-25 18:19:56', '2023-08-25 18:19:56', '<div class=\"post-area col span_9\" style=\"padding: 0px 40px 0px 0px;border: 0px;font: inherit;vertical-align: baseline;position: relative;width: 952.422px;float: left;margin: 4px 0px !important 0px 0px\">\n<div id=\"portfolio-extra\" style=\"margin: 0px;padding: 0px;border: 0px;font: inherit;vertical-align: baseline\">\n<div id=\"fws_64e8edbd02fd8\" class=\"wpb_row vc_row-fluid vc_row\" style=\"margin: 0px;padding: 0px;border: 0px;font: inherit;vertical-align: baseline;position: relative\" data-column-margin=\"default\" data-midnight=\"dark\">\n<div class=\"row_col_wrap_12 col span_12 dark left\" style=\"padding: 0px;border: 0px;font: inherit;vertical-align: baseline;position: relative;width: auto;float: none;z-index: 10;flex-wrap: wrap;margin: 0px -9.10938px 0px !important -9.10938px\">\n<div class=\"vc_col-sm-12 wpb_column column_container vc_column_container col no-extra-padding inherit_tablet inherit_phone \" style=\"margin: 0px;padding: 0px 9.29688px;border: 0px;font: inherit;vertical-align: baseline;position: relative;width: 930.641px;float: none;background-position: center center;box-shadow: none\" data-padding-pos=\"all\" data-has-bg-color=\"false\" data-bg-color=\"\" data-bg-opacity=\"1\" data-animation=\"\" data-delay=\"0\">\n<div class=\"vc_column-inner\" style=\"margin: 0px;padding: 0px;border: 0px;font: inherit;vertical-align: baseline;position: relative\">\n<div class=\"wpb_wrapper\" style=\"margin: 0px;padding: 0px;border: 0px;font: inherit;vertical-align: baseline\">\n<div class=\"wpb_content_element\" style=\"margin: 0px;padding: 0px;border: 0px;font: inherit;vertical-align: baseline\" data-interval=\"0\">\n<div class=\"wpb_wrapper tabbed clearfix\" style=\"margin: 0px;padding: 0px;border: 0px;font: inherit;vertical-align: baseline\" data-style=\"default\" data-spacing=\"default\" data-icon-size=\"\" data-full-width-line=\"\" data-color-scheme=\"accent-color\" data-alignment=\"left\">\n<div id=\"tab-section-6\" class=\"wpb_tab ui-tabs-panel wpb_ui-tabs-hide clearfix visible-tab\" style=\"margin: 0px;padding: 0px;border: 0px;font: inherit;vertical-align: baseline;background-color: transparent;position: relative;width: 912.047px;left: 0px;top: 0px\" data-tab-icon=\"\">\n<div class=\"wpb_text_column wpb_content_element \" style=\"margin: 0px 0px 21.74px;padding: 0px;border: 0px;font: inherit;vertical-align: baseline\">\n<div class=\"wpb_wrapper\" style=\"margin: 0px;padding: 0px;border: 0px;font: inherit;vertical-align: baseline\">\n<p style=\"margin: 0px;padding: 0px;border: 0px;font: inherit;vertical-align: baseline\"><span style=\"margin: 0px;padding: 0px;border: 0px;font-style: inherit;font-variant: inherit;font-weight: 600;font-size: inherit;line-height: inherit;font-family: \'Open Sans\';vertical-align: baseline\">Other data models: XML, Text, and multimedia</span></p>\n</div>\n</div>\n</div>\n</div>\n</div>\n</div>\n</div>\n</div>\n</div>\n</div>\n</div>\n</div>\n<div id=\"sidebar\" class=\"col span_3 col_last\" style=\"margin: 0px 0px 30px;padding: 0px;border: 0px;font: inherit;vertical-align: baseline;position: relative;width: 292.562px;float: left\" data-follow-on-scroll=\"0\">\n<div id=\"sidebar-inner\" style=\"margin: 0px;padding: 0px;border: 0px;font: inherit;vertical-align: baseline\">\n<div id=\"project-meta\" style=\"margin: 0px;padding: 0px;border: 0px;line-height: inherit;font-family: \'Open Sans\';vertical-align: baseline;color: #676767;background-color: #f8f8f8\">\n<div class=\"clear\" style=\"margin: 0px;padding: 0px;border: 0px;font: inherit;vertical-align: baseline;clear: both\">&nbsp;</div>\n</div>\n</div>\n</div>', 'Other data models: XML, Text, and multimedia', '', 'publish', 'closed', 'closed', '', 'other-data-models-xml-text-and-multimedia', '', '', '2023-08-25 18:19:56', '2023-08-25 18:19:56', '', 0, 'https://thesolutions1.com/get-trained/stm-lessons/other-data-models-xml-text-and-multimedia/', 0, 'stm-lessons', '', 0),
(5690, 2, '2023-08-25 18:20:20', '2023-08-25 18:20:20', '<ul>\n<li>Data integration</li>\n<li>Information retrieval</li>\n<li>Asking structured queries over the web</li>\n</ul>', 'Data on the web', '', 'publish', 'closed', 'closed', '', 'data-on-the-web', '', '', '2023-08-25 18:20:20', '2023-08-25 18:20:20', '', 0, 'https://thesolutions1.com/get-trained/stm-lessons/data-on-the-web/', 0, 'stm-lessons', '', 0),
(5691, 2, '2023-08-25 18:20:49', '2023-08-25 18:20:49', '<ul>\n<li>Data cleaning and extract transform load pipelines</li>\n<li>Data cubes</li>\n</ul>', 'Data warehousing (OLAP) and data mining', '', 'publish', 'closed', 'closed', '', 'data-warehousing-olap-and-data-mining', '', '', '2023-08-25 18:20:49', '2023-08-25 18:20:49', '', 0, 'https://thesolutions1.com/get-trained/stm-lessons/data-warehousing-olap-and-data-mining/', 0, 'stm-lessons', '', 0),
(5692, 2, '2023-08-25 18:21:22', '2023-08-25 18:21:22', '<ul>\n<li>Parallel DBMSs and MapReduce</li>\n<li>Databases as a service (SimpleDB, etc.)</li>\n</ul>', 'Big data processing and cloud computing', '', 'publish', 'closed', 'closed', '', 'big-data-processing-and-cloud-computing', '', '', '2023-08-25 18:21:22', '2023-08-25 18:21:22', '', 0, 'https://thesolutions1.com/get-trained/stm-lessons/big-data-processing-and-cloud-computing/', 0, 'stm-lessons', '', 0),
(5693, 2, '2023-08-25 18:21:50', '2023-08-25 18:21:50', '<p><span style=\"color: #676767;font-family: \'Open Sans\';background-color: #f8f8f8\">Buffer</span></p>', 'Buffer', '', 'publish', 'closed', 'closed', '', 'buffer', '', '', '2023-08-25 18:21:50', '2023-08-25 18:21:50', '', 0, 'https://thesolutions1.com/get-trained/stm-lessons/buffer/', 0, 'stm-lessons', '', 0);
INSERT INTO `wp5r_2_posts` (`ID`, `post_author`, `post_date`, `post_date_gmt`, `post_content`, `post_title`, `post_excerpt`, `post_status`, `comment_status`, `ping_status`, `post_password`, `post_name`, `to_ping`, `pinged`, `post_modified`, `post_modified_gmt`, `post_content_filtered`, `post_parent`, `guid`, `menu_order`, `post_type`, `post_mime_type`, `comment_count`) VALUES
(5694, 2, '2023-08-25 18:22:44', '2023-08-25 18:22:44', '<p>Data management&nbsp;is the practice of collecting, keeping, and using data securely, efficiently, and cost-effectively.</p>\n<p><span style=\"margin: 0px;padding: 0px;border: 0px;font-style: inherit;font-variant: inherit;font-weight: 600;font-size: inherit;line-height: inherit;vertical-align: baseline\">Motivation</span></p>\n<ul>\n<li>Data management</li>\n<li>Data management systems</li>\n<li>The importance of data</li>\n</ul>', 'Data Management', 'Data management is the practice of collecting, keeping, and using data securely, efficiently, and cost-effectively.', 'inherit', 'closed', 'closed', '', '5682-revision-v1', '', '', '2023-08-25 18:22:44', '2023-08-25 18:22:44', '', 5682, 'https://thesolutions1.com/get-trained/?p=5694', 0, 'revision', '', 0),
(5695, 2, '2023-08-25 18:27:00', '2023-08-25 18:27:00', '', 'pexels-pixabay-60504-2048x1365', '', 'inherit', 'open', 'closed', '', 'pexels-pixabay-60504-2048x1365', '', '', '2023-08-25 18:27:00', '2023-08-25 18:27:00', '', 0, 'https://thesolutions1.com/get-trained/pexels-pixabay-60504-2048x1365/', 0, 'attachment', 'image/jpeg', 0),
(5696, 2, '2023-08-25 18:32:35', '2023-08-25 18:32:35', '<p>Cybersecurity is the protection of internet-connected systems such as hardware, software and data from cyberthreats.</p>\n<p><span style=\"margin: 0px;padding: 0px;border: 0px;font-style: inherit;font-variant: inherit;font-weight: 600;font-size: inherit;line-height: inherit;vertical-align: baseline\">CIA triad</span></p>\n<ul>\n<li>Availability</li>\n<li>Confidentiality</li>\n<li>Integrity</li>\n</ul>', 'Cyber Security Fundamentals', 'Cybersecurity is the protection of internet-connected systems such as hardware, software and data from cyberthreats.', 'publish', 'closed', 'closed', '', 'cyber-security-fundamentals', '', '', '2023-08-25 18:32:35', '2023-08-25 18:32:35', '', 0, 'https://thesolutions1.com/get-trained/?post_type=stm-courses&#038;p=5696', 0, 'stm-courses', '', 0),
(5697, 1, '2023-08-26 11:16:42', '2023-08-26 11:16:42', '', 'Cyber Security Fundamentals', '', 'publish', 'closed', 'closed', '', 'cyber-security-fundamentals', '', '', '2023-08-26 11:16:42', '2023-08-26 11:16:42', '', 0, 'https://thesolutions1.com/get-trained/product/cyber-security-fundamentals/', 0, 'product', '', 0),
(5698, 2, '2023-08-25 18:28:01', '2023-08-25 18:28:01', '<ul>\n<li>Basic Network Devices</li>\n<li>Basic Network Protocols</li>\n<li>Network Zones and Topologies</li>\n</ul>', 'Understanding Network Technologies', '', 'publish', 'closed', 'closed', '', 'understanding-network-technologies', '', '', '2023-08-25 18:28:01', '2023-08-25 18:28:01', '', 0, 'https://thesolutions1.com/get-trained/stm-lessons/understanding-network-technologies/', 0, 'stm-lessons', '', 0),
(5699, 2, '2023-08-25 18:28:28', '2023-08-25 18:28:28', '<ul>\n<li>Cyber Security Goals</li>\n<li>Confidentiality</li>\n<li>Integrity</li>\n<li>Availability</li>\n</ul>', 'Cyber Security Basics', '', 'publish', 'closed', 'closed', '', 'cyber-security-basics', '', '', '2023-08-25 18:28:28', '2023-08-25 18:28:28', '', 0, 'https://thesolutions1.com/get-trained/stm-lessons/cyber-security-basics/', 0, 'stm-lessons', '', 0),
(5700, 2, '2023-08-25 18:29:02', '2023-08-25 18:29:02', '<ul>\n<li>Authentication Concepts</li>\n<li>Comparing Authentication Services</li>\n<li>Managing Accounts</li>\n<li>Credential Management</li>\n</ul>', 'Identity and Access Management', '', 'publish', 'closed', 'closed', '', 'identity-and-access-management', '', '', '2023-08-25 18:29:02', '2023-08-25 18:29:02', '', 0, 'https://thesolutions1.com/get-trained/stm-lessons/identity-and-access-management/', 0, 'stm-lessons', '', 0),
(5701, 2, '2023-08-25 18:29:29', '2023-08-25 18:29:29', '<ul>\n<li style=\"margin: 0px;padding: 0px;border: 0px;font: inherit;vertical-align: baseline\">Understanding IDS &amp; IPS</li>\n<li style=\"margin: 0px;padding: 0px;border: 0px;font: inherit;vertical-align: baseline\">Detection Methods</li>\n</ul>', 'Securing a Network', '', 'publish', 'closed', 'closed', '', 'securing-a-network', '', '', '2023-08-25 18:29:29', '2023-08-25 18:29:29', '', 0, 'https://thesolutions1.com/get-trained/stm-lessons/securing-a-network/', 0, 'stm-lessons', '', 0),
(5702, 2, '2023-08-25 18:29:52', '2023-08-25 18:29:52', '<ul>\n<li style=\"margin: 0px;padding: 0px;border: 0px;font: inherit;vertical-align: baseline\">Implementing Secure Systems</li>\n<li style=\"margin: 0px;padding: 0px;border: 0px;font: inherit;vertical-align: baseline\">Summarizing Cloud Concepts</li>\n<li style=\"margin: 0px;padding: 0px;border: 0px;font: inherit;vertical-align: baseline\">Protecting Data</li>\n</ul>', 'Securing Hosts and Data', '', 'publish', 'closed', 'closed', '', 'securing-hosts-and-data', '', '', '2023-08-25 18:29:52', '2023-08-25 18:29:52', '', 0, 'https://thesolutions1.com/get-trained/stm-lessons/securing-hosts-and-data/', 0, 'stm-lessons', '', 0),
(5703, 2, '2023-08-25 18:30:15', '2023-08-25 18:30:15', '<ul>\n<li style=\"margin: 0px;padding: 0px;border: 0px;font: inherit;vertical-align: baseline\">NIST CSF</li>\n<li style=\"margin: 0px;padding: 0px;border: 0px;font: inherit;vertical-align: baseline\">HIPAA</li>\n</ul>', 'Cyber Security Frameworks', '', 'publish', 'closed', 'closed', '', 'cyber-security-frameworks', '', '', '2023-08-25 18:30:15', '2023-08-25 18:30:15', '', 0, 'https://thesolutions1.com/get-trained/stm-lessons/cyber-security-frameworks/', 0, 'stm-lessons', '', 0),
(5704, 2, '2023-08-25 18:30:46', '2023-08-25 18:30:46', '<ul>\n<li style=\"margin: 0px;padding: 0px;border: 0px;font: inherit;vertical-align: baseline\">Providing Integrity with Hashing</li>\n<li style=\"margin: 0px;padding: 0px;border: 0px;font: inherit;vertical-align: baseline\">Providing encryption with Encryption</li>\n<li style=\"margin: 0px;padding: 0px;border: 0px;font: inherit;vertical-align: baseline\">Exploring PKI Component</li>\n</ul>', 'Introduction to Cryptography Concept', '', 'publish', 'closed', 'closed', '', 'introduction-to-cryptography-concept', '', '', '2023-08-25 18:30:46', '2023-08-25 18:30:46', '', 0, 'https://thesolutions1.com/get-trained/stm-lessons/introduction-to-cryptography-concept/', 0, 'stm-lessons', '', 0),
(5705, 2, '2023-08-25 18:31:18', '2023-08-25 18:31:18', '<ul>\n<li>Incident response process</li>\n<li>Implementing basic forensic procedure</li>\n</ul>', 'Incidence Response', '', 'publish', 'closed', 'closed', '', 'incidence-response', '', '', '2023-08-25 18:31:18', '2023-08-25 18:31:18', '', 0, 'https://thesolutions1.com/get-trained/stm-lessons/incidence-response/', 0, 'stm-lessons', '', 0),
(5706, 2, '2023-08-25 18:31:42', '2023-08-25 18:31:42', '<ul>\n<li style=\"margin: 0px;padding: 0px;border: 0px;font: inherit;vertical-align: baseline\">Role-Based awareness</li>\n<li style=\"margin: 0px;padding: 0px;border: 0px;font: inherit;vertical-align: baseline\">Continuing education</li>\n<li style=\"margin: 0px;padding: 0px;border: 0px;font: inherit;vertical-align: baseline\">Training and compliance issues</li>\n</ul>', 'Providing Training', '', 'publish', 'closed', 'closed', '', 'providing-training', '', '', '2023-08-25 18:31:42', '2023-08-25 18:31:42', '', 0, 'https://thesolutions1.com/get-trained/stm-lessons/providing-training/', 0, 'stm-lessons', '', 0),
(5707, 2, '2023-08-25 18:32:17', '2023-08-25 18:32:17', '<p>Cybersecurity is the protection of internet-connected systems such as hardware, software and data from cyberthreats.</p>\n<p><span style=\"margin: 0px;padding: 0px;border: 0px;font-style: inherit;font-variant: inherit;font-weight: 600;font-size: inherit;line-height: inherit;vertical-align: baseline\">CIA triad</span></p>\n<ul>\n<li>Availability</li>\n<li>Confidentiality</li>\n<li>Integrity</li>\n</ul>', 'Cyber Security Fundamentals', 'Cybersecurity is the protection of internet-connected systems such as hardware, software and data from cyberthreats.', 'inherit', 'closed', 'closed', '', '5696-revision-v1', '', '', '2023-08-25 18:32:17', '2023-08-25 18:32:17', '', 5696, 'https://thesolutions1.com/get-trained/?p=5707', 0, 'revision', '', 0),
(5708, 1, '2023-08-25 19:21:56', '0000-00-00 00:00:00', '', 'Auto Draft', '', 'auto-draft', 'open', 'open', '', '', '', '', '2023-08-25 19:21:56', '0000-00-00 00:00:00', '', 0, 'https://thesolutions1.com/get-trained/?p=5708', 0, 'post', '', 0),
(5709, 1, '2023-08-25 20:26:23', '2023-08-25 20:26:23', '', 'Order &ndash; August 25, 2023 @ 08:26 PM', '', 'wc-on-hold', 'open', 'closed', 'wc_order_Fj5QrgCc10K65', 'order-aug-25-2023-0826-pm', '', '', '2023-08-25 20:26:28', '2023-08-25 20:26:28', '', 0, 'https://thesolutions1.com/get-trained/?post_type=shop_order&#038;p=5709', 0, 'shop_order', '', 1),
(5710, 1, '2023-08-25 20:53:16', '2023-08-25 20:53:16', '', 'Order &ndash; August 25, 2023 @ 08:53 PM', '', 'wc-on-hold', 'open', 'closed', 'wc_order_UbebkVtKQ2wxt', 'order-aug-25-2023-0853-pm', '', '', '2023-08-25 20:53:21', '2023-08-25 20:53:21', '', 0, 'https://thesolutions1.com/get-trained/?post_type=shop_order&#038;p=5710', 0, 'shop_order', '', 1),
(5719, 1, '2023-08-26 22:30:07', '2023-08-26 22:30:07', '.socials_widget_wrapper__text, .socials_widget_wrapper__text,  .widget_contacts_email, a:link {\n	\n color: #0a1aaa;\n}\n', 'masterstudy', '', 'publish', 'closed', 'closed', '', 'masterstudy', '', '', '2023-08-27 00:21:11', '2023-08-27 00:21:11', '', 0, 'https://thesolutions1.com/get-trained/2023/08/26/masterstudy/', 0, 'custom_css', '', 0),
(5720, 1, '2023-08-26 22:30:07', '2023-08-26 22:30:07', '.widget_contacts_email {\n color: #0a1aaa;\n}', 'masterstudy', '', 'inherit', 'closed', 'closed', '', '5719-revision-v1', '', '', '2023-08-26 22:30:07', '2023-08-26 22:30:07', '', 5719, 'https://thesolutions1.com/get-trained/?p=5720', 0, 'revision', '', 0),
(5714, 1, '2023-08-26 10:22:18', '2023-08-26 10:22:18', '', 'placeholder.gif', '', 'inherit', 'open', 'closed', '', 'placeholder-gif', '', '', '2023-08-26 10:22:18', '2023-08-26 10:22:18', '', 0, 'https://thesolutions1.com/get-trained/placeholder-gif/', 0, 'attachment', 'image/gif', 0),
(5721, 1, '2023-08-26 22:36:13', '2023-08-26 22:36:13', '{\n    \"custom_css[masterstudy]\": {\n        \"value\": \"#footer_botom, .widget_contacts_email .widget_contacts .widget ul li .text {\\n color: #0a1aaa;\\n}\",\n        \"type\": \"custom_css\",\n        \"user_id\": 1,\n        \"date_modified_gmt\": \"2023-08-26 22:36:13\"\n    }\n}', '', '', 'trash', 'closed', 'closed', '', 'dc4c02e9-952c-4e2f-ba80-c31e9f183e81', '', '', '2023-08-26 22:36:13', '2023-08-26 22:36:13', '', 0, 'https://thesolutions1.com/get-trained/?p=5721', 0, 'customize_changeset', '', 0),
(5722, 1, '2023-08-26 22:36:13', '2023-08-26 22:36:13', '#footer_botom, .widget_contacts_email .widget_contacts .widget ul li .text {\n color: #0a1aaa;\n}', 'masterstudy', '', 'inherit', 'closed', 'closed', '', '5719-revision-v1', '', '', '2023-08-26 22:36:13', '2023-08-26 22:36:13', '', 5719, 'https://thesolutions1.com/get-trained/?p=5722', 0, 'revision', '', 0),
(5723, 1, '2023-08-26 22:37:49', '2023-08-26 22:37:49', '{\n    \"custom_css[masterstudy]\": {\n        \"value\": \"#footer_botom, .widget_contacts_email .widget_contacts .widget ul li .text {\\n\\t\\n color: #0a1aaa;\\n}\",\n        \"type\": \"custom_css\",\n        \"user_id\": 1,\n        \"date_modified_gmt\": \"2023-08-26 22:37:44\"\n    }\n}', '', '', 'trash', 'closed', 'closed', '', 'e3770ad9-6eec-4b66-b457-54fa09cbf155', '', '', '2023-08-26 22:37:49', '2023-08-26 22:37:49', '', 0, 'https://thesolutions1.com/get-trained/?p=5723', 0, 'customize_changeset', '', 0),
(5724, 1, '2023-08-26 22:37:49', '2023-08-26 22:37:49', '#footer_botom, .widget_contacts_email .widget_contacts .widget ul li .text {\n	\n color: #0a1aaa;\n}', 'masterstudy', '', 'inherit', 'closed', 'closed', '', '5719-revision-v1', '', '', '2023-08-26 22:37:49', '2023-08-26 22:37:49', '', 5719, 'https://thesolutions1.com/get-trained/?p=5724', 0, 'revision', '', 0),
(5725, 1, '2023-08-26 22:40:29', '2023-08-26 22:40:29', '{\n    \"custom_css[masterstudy]\": {\n        \"value\": \"#footer_botom, .widget_contacts_email .widget_contacts {\\n\\t\\n color: #0a1aaa;\\n}\\n\\n.fab {\\ncolor: #0a1aaa;\\ncolor: #\\n}\",\n        \"type\": \"custom_css\",\n        \"user_id\": 1,\n        \"date_modified_gmt\": \"2023-08-26 22:40:29\"\n    }\n}', '', '', 'trash', 'closed', 'closed', '', '168471ff-c4c3-46c1-b909-ad336a5cd86f', '', '', '2023-08-26 22:40:29', '2023-08-26 22:40:29', '', 0, 'https://thesolutions1.com/get-trained/?p=5725', 0, 'customize_changeset', '', 0),
(5726, 1, '2023-08-26 22:40:29', '2023-08-26 22:40:29', '#footer_botom, .widget_contacts_email .widget_contacts {\n	\n color: #0a1aaa;\n}\n\n.fab {\ncolor: #0a1aaa;\ncolor: #\n}', 'masterstudy', '', 'inherit', 'closed', 'closed', '', '5719-revision-v1', '', '', '2023-08-26 22:40:29', '2023-08-26 22:40:29', '', 5719, 'https://thesolutions1.com/get-trained/?p=5726', 0, 'revision', '', 0),
(5727, 1, '2023-08-26 22:53:31', '2023-08-26 22:53:31', '{\n    \"custom_css[masterstudy]\": {\n        \"value\": \".socials_widget_wrapper__text a {\\n\\t\\n color: #0a1aaa;\\n}\\n\\n.socials_widget_wrapper, .customize-unpreviewable  {\\ncolor: #0a1aaa;\\n\\n}\",\n        \"type\": \"custom_css\",\n        \"user_id\": 1,\n        \"date_modified_gmt\": \"2023-08-26 22:53:17\"\n    }\n}', '', '', 'trash', 'closed', 'closed', '', 'f4e6626e-64cb-4565-9773-5b074c25873e', '', '', '2023-08-26 22:53:31', '2023-08-26 22:53:31', '', 0, 'https://thesolutions1.com/get-trained/?p=5727', 0, 'customize_changeset', '', 0),
(5730, 1, '2023-08-26 22:56:34', '2023-08-26 22:56:34', '.socials_widget_wrapper__text,  .widget_contacts_email, a:link {\n	\n color: #0a1aaa;\n}\n', 'masterstudy', '', 'inherit', 'closed', 'closed', '', '5719-revision-v1', '', '', '2023-08-26 22:56:34', '2023-08-26 22:56:34', '', 5719, 'https://thesolutions1.com/get-trained/?p=5730', 0, 'revision', '', 0),
(5728, 1, '2023-08-26 22:53:31', '2023-08-26 22:53:31', '.socials_widget_wrapper__text a {\n	\n color: #0a1aaa;\n}\n\n.socials_widget_wrapper, .customize-unpreviewable  {\ncolor: #0a1aaa;\n\n}', 'masterstudy', '', 'inherit', 'closed', 'closed', '', '5719-revision-v1', '', '', '2023-08-26 22:53:31', '2023-08-26 22:53:31', '', 5719, 'https://thesolutions1.com/get-trained/?p=5728', 0, 'revision', '', 0),
(5729, 1, '2023-08-26 22:56:34', '2023-08-26 22:56:34', '{\n    \"custom_css[masterstudy]\": {\n        \"value\": \".socials_widget_wrapper__text,  .widget_contacts_email, a:link {\\n\\t\\n color: #0a1aaa;\\n}\\n\",\n        \"type\": \"custom_css\",\n        \"user_id\": 1,\n        \"date_modified_gmt\": \"2023-08-26 22:56:34\"\n    }\n}', '', '', 'trash', 'closed', 'closed', '', '34469921-36bb-41a8-a529-bd08defb29bf', '', '', '2023-08-26 22:56:34', '2023-08-26 22:56:34', '', 0, 'https://thesolutions1.com/get-trained/?p=5729', 0, 'customize_changeset', '', 0),
(5731, 1, '2023-08-26 23:11:14', '2023-08-26 23:11:14', '{\n    \"custom_css[masterstudy]\": {\n        \"value\": \".socials_widget_wrapper__text,  .widget_contacts_email, a:link {\\n\\t\\n color: #0a1aaa;\\n}\\n\",\n        \"type\": \"custom_css\",\n        \"user_id\": 1,\n        \"date_modified_gmt\": \"2023-08-26 23:11:14\"\n    }\n}', '', '', 'trash', 'closed', 'closed', '', 'e5c82db5-6bfd-48ae-83c1-d75e183b2371', '', '', '2023-08-26 23:11:14', '2023-08-26 23:11:14', '', 0, 'https://thesolutions1.com/get-trained/?p=5731', 0, 'customize_changeset', '', 0),
(5732, 1, '2023-08-27 00:19:51', '2023-08-27 00:19:51', '{\n    \"custom_css[masterstudy]\": {\n        \"value\": \".socials_widget_wrapper__text, .socials_widget_wrapper__text,  .widget_contacts_email, a:link {\\n\\t\\n color: #0a1aaa;\\n}\\n\",\n        \"type\": \"custom_css\",\n        \"user_id\": 1,\n        \"date_modified_gmt\": \"2023-08-27 00:19:51\"\n    }\n}', '', '', 'trash', 'closed', 'closed', '', 'b4f06e52-b2ad-416b-96bf-09828b9d1a07', '', '', '2023-08-27 00:19:51', '2023-08-27 00:19:51', '', 0, 'https://thesolutions1.com/get-trained/?p=5732', 0, 'customize_changeset', '', 0),
(5735, 1, '2023-08-27 00:20:16', '2023-08-27 00:20:16', '.socials_widget_wrapper__text, .socials_widget_wrapper__text,  .widget_contacts_email,  {\n	\n color: #0a1aaa;\n}\n', 'masterstudy', '', 'inherit', 'closed', 'closed', '', '5719-revision-v1', '', '', '2023-08-27 00:20:16', '2023-08-27 00:20:16', '', 5719, 'https://thesolutions1.com/get-trained/?p=5735', 0, 'revision', '', 0),
(5733, 1, '2023-08-27 00:19:51', '2023-08-27 00:19:51', '.socials_widget_wrapper__text, .socials_widget_wrapper__text,  .widget_contacts_email, a:link {\n	\n color: #0a1aaa;\n}\n', 'masterstudy', '', 'inherit', 'closed', 'closed', '', '5719-revision-v1', '', '', '2023-08-27 00:19:51', '2023-08-27 00:19:51', '', 5719, 'https://thesolutions1.com/get-trained/?p=5733', 0, 'revision', '', 0),
(5734, 1, '2023-08-27 00:20:16', '2023-08-27 00:20:16', '{\n    \"custom_css[masterstudy]\": {\n        \"value\": \".socials_widget_wrapper__text, .socials_widget_wrapper__text,  .widget_contacts_email,  {\\n\\t\\n color: #0a1aaa;\\n}\\n\",\n        \"type\": \"custom_css\",\n        \"user_id\": 1,\n        \"date_modified_gmt\": \"2023-08-27 00:20:16\"\n    }\n}', '', '', 'trash', 'closed', 'closed', '', 'e7b7c7c8-45fb-4395-bd97-cae8c91069fe', '', '', '2023-08-27 00:20:16', '2023-08-27 00:20:16', '', 0, 'https://thesolutions1.com/get-trained/2023/08/27/e7b7c7c8-45fb-4395-bd97-cae8c91069fe/', 0, 'customize_changeset', '', 0),
(5736, 1, '2023-08-27 00:21:11', '2023-08-27 00:21:11', '{\n    \"custom_css[masterstudy]\": {\n        \"value\": \".socials_widget_wrapper__text, .socials_widget_wrapper__text,  .widget_contacts_email, a:link {\\n\\t\\n color: #0a1aaa;\\n}\\n\",\n        \"type\": \"custom_css\",\n        \"user_id\": 1,\n        \"date_modified_gmt\": \"2023-08-27 00:21:08\"\n    }\n}', '', '', 'trash', 'closed', 'closed', '', '84f48d17-d426-43b2-b559-9bfc58373b7b', '', '', '2023-08-27 00:21:11', '2023-08-27 00:21:11', '', 0, 'https://thesolutions1.com/get-trained/?p=5736', 0, 'customize_changeset', '', 0),
(5737, 1, '2023-08-27 00:21:11', '2023-08-27 00:21:11', '.socials_widget_wrapper__text, .socials_widget_wrapper__text,  .widget_contacts_email, a:link {\n	\n color: #0a1aaa;\n}\n', 'masterstudy', '', 'inherit', 'closed', 'closed', '', '5719-revision-v1', '', '', '2023-08-27 00:21:11', '2023-08-27 00:21:11', '', 5719, 'https://thesolutions1.com/get-trained/?p=5737', 0, 'revision', '', 0),
(5738, 2, '2023-08-29 06:14:33', '2023-08-29 06:14:33', '<!-- wp:html -->\n\n<div style=\"align-items: center\">\n\n  &lt;!-- --&gt;\n  \n\n  <!-- If you\'d like to support IE8 (for Video.js versions prior to v7) -->\n  &lt;!--  --&gt;\n\n\n\n\n <video id=\"my-video\" class=\"video-js\" controls autoplay muted preload=\"auto\" poster=\"https://tvait.com/wp-content/uploads/2020/02/lgoo.png\" data-setup=\"{}\">\n   \n   &lt;!----&gt;\n    <p class=\"vjs-no-js\">\n      To view this video please enable JavaScript, and consider upgrading to a\n      web browser that\n      <a href=\"\" target=\"_blank\" rel=\"noopener\">supports HTML5 video</a>\n    </p>\n  </video>\n  &lt;!-- --&gt;\n  \n\n\n<!-- /wp:html -->', 'gg', '', 'trash', 'closed', 'closed', '', '5738-2__trashed', '', '', '2023-08-29 06:19:08', '2023-08-29 06:19:08', '', 0, 'https://thesolutions1.com/get-trained/?page_id=5738', 0, 'page', '', 0),
(5741, 2, '2023-08-29 06:17:30', '2023-08-29 06:17:30', '<!-- wp:html -->\n<div style=\"align-items: center\">\n\n  &lt;!-- --&gt;\n  \n\n  <!-- If you\'d like to support IE8 (for Video.js versions prior to v7) -->\n  &lt;!--  --&gt;\n\n\n\n\n <video id=\"my-video\" class=\"video-js\" controls autoplay muted preload=\"auto\" poster=\"https://tvait.com/wp-content/uploads/2020/02/lgoo.png\" data-setup=\"{}\">\n   \n   &lt;!----&gt;\n    <p class=\"vjs-no-js\">\n      To view this video please enable JavaScript, and consider upgrading to a\n      web browser that\n      <a href=\"\" target=\"_blank\" rel=\"noopener\">supports HTML5 video</a>\n    </p>\n  </video>\n  &lt;!-- --&gt;\n  \n\n<!-- /wp:html -->', 'gg', '', 'inherit', 'closed', 'closed', '', '5738-revision-v1', '', '', '2023-08-29 06:17:30', '2023-08-29 06:17:30', '', 5738, 'https://thesolutions1.com/get-trained/?p=5741', 0, 'revision', '', 0),
(5739, 2, '2023-08-29 06:14:33', '2023-08-29 06:14:33', '<!-- wp:paragraph -->\n<p></p>\n<!-- /wp:paragraph -->\n\n<!-- wp:html -->\n<div style=\"align-items: center\">\n\n  &lt;!-- --&gt;\n  \n\n  <!-- If you\'d like to support IE8 (for Video.js versions prior to v7) -->\n  &lt;!--  --&gt;\n\n\n\n\n <video id=\"my-video\" class=\"video-js\" controls autoplay muted preload=\"auto\" poster=\"https://tvait.com/wp-content/uploads/2020/02/lgoo.png\" data-setup=\"{}\">\n   \n   &lt;!----&gt;\n    <p class=\"vjs-no-js\">\n      To view this video please enable JavaScript, and consider upgrading to a\n      web browser that\n      <a href=\"\" target=\"_blank\" rel=\"noopener\">supports HTML5 video</a>\n    </p>\n  </video>\n  &lt;!-- --&gt;\n  \n\n<!-- /wp:html -->', '', '', 'inherit', 'closed', 'closed', '', '5738-revision-v1', '', '', '2023-08-29 06:14:33', '2023-08-29 06:14:33', '', 5738, 'https://thesolutions1.com/get-trained/?p=5739', 0, 'revision', '', 0),
(5742, 2, '2023-08-29 06:18:45', '2023-08-29 06:18:45', '<!-- wp:html -->\n\n<div style=\"align-items: center\">\n\n  &lt;!-- --&gt;\n  \n\n  <!-- If you\'d like to support IE8 (for Video.js versions prior to v7) -->\n  &lt;!--  --&gt;\n\n\n\n\n <video id=\"my-video\" class=\"video-js\" controls autoplay muted preload=\"auto\" poster=\"https://tvait.com/wp-content/uploads/2020/02/lgoo.png\" data-setup=\"{}\">\n   \n   &lt;!----&gt;\n    <p class=\"vjs-no-js\">\n      To view this video please enable JavaScript, and consider upgrading to a\n      web browser that\n      <a href=\"\" target=\"_blank\" rel=\"noopener\">supports HTML5 video</a>\n    </p>\n  </video>\n  &lt;!-- --&gt;\n  \n\n\n<!-- /wp:html -->', 'g', '', 'inherit', 'closed', 'closed', '', '5738-autosave-v1', '', '', '2023-08-29 06:18:45', '2023-08-29 06:18:45', '', 5738, 'https://thesolutions1.com/get-trained/?p=5742', 0, 'revision', '', 0);

-- --------------------------------------------------------

--
-- Table structure for table `wp5r_2_stm_lms_curriculum_materials`
--

CREATE TABLE `wp5r_2_stm_lms_curriculum_materials` (
  `id` mediumint(9) NOT NULL,
  `post_id` bigint(20) NOT NULL,
  `post_type` varchar(50) NOT NULL DEFAULT '',
  `section_id` mediumint(9) NOT NULL DEFAULT 0,
  `order` smallint(6) NOT NULL DEFAULT 0
) ENGINE=MyISAM DEFAULT CHARSET=utf8mb4 COLLATE=utf8mb4_unicode_520_ci;

--
-- Dumping data for table `wp5r_2_stm_lms_curriculum_materials`
--

INSERT INTO `wp5r_2_stm_lms_curriculum_materials` (`id`, `post_id`, `post_type`, `section_id`, `order`) VALUES
(1, 1073, 'stm-lessons', 1, 1),
(2, 19, 'stm-quizzes', 1, 3),
(3, 16, 'stm-lessons', 2, 1),
(4, 53, 'stm-lessons', 2, 2),
(5, 15, 'stm-lessons', 2, 3),
(6, 1073, 'stm-lessons', 3, 1),
(7, 19, 'stm-quizzes', 3, 3),
(8, 16, 'stm-lessons', 4, 1),
(9, 53, 'stm-lessons', 4, 2),
(10, 15, 'stm-lessons', 4, 3),
(11, 1073, 'stm-lessons', 5, 1),
(12, 19, 'stm-quizzes', 5, 3),
(13, 16, 'stm-lessons', 6, 1),
(14, 53, 'stm-lessons', 6, 2),
(15, 15, 'stm-lessons', 6, 3),
(16, 1073, 'stm-lessons', 7, 1),
(17, 19, 'stm-quizzes', 7, 3),
(18, 16, 'stm-lessons', 8, 1),
(19, 53, 'stm-lessons', 8, 2),
(20, 15, 'stm-lessons', 8, 3),
(21, 1073, 'stm-lessons', 9, 1),
(22, 19, 'stm-quizzes', 9, 3),
(23, 16, 'stm-lessons', 10, 1),
(24, 53, 'stm-lessons', 10, 2),
(25, 15, 'stm-lessons', 10, 3),
(26, 1073, 'stm-lessons', 11, 1),
(27, 19, 'stm-quizzes', 11, 3),
(28, 16, 'stm-lessons', 12, 1),
(29, 53, 'stm-lessons', 12, 2),
(30, 15, 'stm-lessons', 12, 3),
(31, 1073, 'stm-lessons', 13, 1),
(32, 19, 'stm-quizzes', 13, 3),
(33, 16, 'stm-lessons', 14, 1),
(34, 53, 'stm-lessons', 14, 2),
(35, 15, 'stm-lessons', 14, 3),
(36, 1073, 'stm-lessons', 15, 1),
(37, 19, 'stm-quizzes', 15, 3),
(38, 16, 'stm-lessons', 16, 1),
(39, 53, 'stm-lessons', 16, 2),
(40, 15, 'stm-lessons', 16, 3),
(41, 5598, 'stm-lessons', 17, 1),
(42, 5599, 'stm-lessons', 18, 1),
(43, 5601, 'stm-lessons', 19, 1),
(44, 5602, 'stm-lessons', 20, 1),
(45, 5603, 'stm-lessons', 21, 1),
(46, 5604, 'stm-lessons', 22, 1),
(47, 5605, 'stm-lessons', 23, 1),
(48, 5606, 'stm-lessons', 24, 1),
(49, 5607, 'stm-lessons', 25, 1),
(50, 5608, 'stm-lessons', 26, 1),
(51, 5609, 'stm-lessons', 27, 1),
(52, 5610, 'stm-lessons', 28, 1),
(53, 5611, 'stm-lessons', 29, 1),
(54, 5615, 'stm-lessons', 30, 1),
(55, 5616, 'stm-lessons', 31, 1),
(56, 5617, 'stm-lessons', 32, 1),
(57, 5618, 'stm-lessons', 33, 1),
(58, 5619, 'stm-lessons', 34, 1),
(59, 5620, 'stm-lessons', 35, 1),
(60, 5621, 'stm-lessons', 36, 1),
(61, 5622, 'stm-lessons', 37, 1),
(62, 5623, 'stm-lessons', 38, 1),
(63, 5624, 'stm-lessons', 40, 1),
(64, 5625, 'stm-lessons', 39, 1),
(65, 5626, 'stm-lessons', 41, 1),
(66, 5627, 'stm-lessons', 42, 1),
(67, 5628, 'stm-lessons', 43, 1),
(68, 5629, 'stm-lessons', 44, 1),
(69, 5630, 'stm-lessons', 45, 1),
(70, 5635, 'stm-lessons', 47, 1),
(71, 5636, 'stm-lessons', 48, 1),
(72, 5637, 'stm-lessons', 49, 1),
(73, 5638, 'stm-lessons', 50, 1),
(74, 5639, 'stm-lessons', 51, 1),
(75, 5640, 'stm-lessons', 52, 1),
(76, 5641, 'stm-lessons', 53, 1),
(77, 5642, 'stm-lessons', 54, 1),
(78, 5643, 'stm-lessons', 55, 1),
(79, 5644, 'stm-lessons', 56, 1),
(80, 5645, 'stm-lessons', 57, 1),
(81, 5650, 'stm-lessons', 58, 1),
(82, 5651, 'stm-lessons', 59, 1),
(83, 5652, 'stm-lessons', 60, 1),
(84, 5653, 'stm-lessons', 61, 1),
(85, 5654, 'stm-lessons', 62, 1),
(86, 5655, 'stm-lessons', 63, 1),
(87, 5656, 'stm-lessons', 64, 1),
(88, 5666, 'stm-lessons', 65, 1),
(89, 5667, 'stm-lessons', 66, 1),
(90, 5668, 'stm-lessons', 67, 1),
(91, 5669, 'stm-lessons', 68, 1),
(92, 5670, 'stm-lessons', 69, 1),
(93, 5672, 'stm-lessons', 70, 1),
(94, 5673, 'stm-lessons', 71, 1),
(95, 5674, 'stm-lessons', 72, 1),
(96, 5675, 'stm-lessons', 73, 1),
(97, 5676, 'stm-lessons', 75, 1),
(98, 5677, 'stm-lessons', 74, 1),
(99, 5678, 'stm-lessons', 76, 1),
(100, 5679, 'stm-lessons', 77, 1),
(101, 5684, 'stm-lessons', 78, 1),
(102, 5685, 'stm-lessons', 79, 1),
(103, 5686, 'stm-lessons', 80, 1),
(104, 5687, 'stm-lessons', 81, 1),
(105, 5688, 'stm-lessons', 82, 1),
(106, 5689, 'stm-lessons', 83, 1),
(107, 5690, 'stm-lessons', 84, 1),
(108, 5691, 'stm-lessons', 85, 1),
(109, 5692, 'stm-lessons', 86, 1),
(110, 5693, 'stm-lessons', 87, 1),
(111, 5698, 'stm-lessons', 88, 1),
(112, 5699, 'stm-lessons', 89, 1),
(113, 5700, 'stm-lessons', 90, 1),
(114, 5701, 'stm-lessons', 91, 1),
(115, 5702, 'stm-lessons', 92, 1),
(116, 5703, 'stm-lessons', 93, 1),
(117, 5704, 'stm-lessons', 94, 1),
(118, 5705, 'stm-lessons', 95, 1),
(119, 5706, 'stm-lessons', 96, 1);

-- --------------------------------------------------------

--
-- Table structure for table `wp5r_2_stm_lms_curriculum_sections`
--

CREATE TABLE `wp5r_2_stm_lms_curriculum_sections` (
  `id` mediumint(9) NOT NULL,
  `title` varchar(255) NOT NULL DEFAULT '',
  `course_id` bigint(20) NOT NULL,
  `order` smallint(6) NOT NULL DEFAULT 0
) ENGINE=MyISAM DEFAULT CHARSET=utf8mb4 COLLATE=utf8mb4_unicode_520_ci;

--
-- Dumping data for table `wp5r_2_stm_lms_curriculum_sections`
--

INSERT INTO `wp5r_2_stm_lms_curriculum_sections` (`id`, `title`, `course_id`, `order`) VALUES
(1, 'Starting Course', 882, 1),
(2, 'After Intro', 882, 2),
(3, 'Starting Course', 881, 1),
(4, 'After Intro', 881, 2),
(5, 'Starting Course', 1001, 1),
(6, 'After Intro', 1001, 2),
(7, 'Starting Course', 1000, 1),
(8, 'After Intro', 1000, 2),
(9, 'Starting Course', 999, 1),
(10, 'After Intro', 999, 2),
(11, 'Starting Course', 997, 1),
(12, 'After Intro', 997, 2),
(13, 'Starting Course', 996, 1),
(14, 'After Intro', 996, 2),
(15, 'Starting Course', 1072, 1),
(16, 'After Intro', 1072, 2),
(17, 'SECTION 1', 5596, 1),
(18, 'SECTION 2', 5596, 2),
(19, 'SECTION 3', 5596, 3),
(20, 'SECTION 4', 5596, 4),
(21, 'SECTIONS 5', 5596, 5),
(22, 'SECTION 6', 5596, 6),
(23, 'SECTION 7', 5596, 7),
(24, 'SECTION 8', 5596, 8),
(25, 'SECTION 9', 5596, 9),
(26, 'SECTION 10', 5596, 10),
(27, 'SECTION 11', 5596, 11),
(28, 'SECTION 12', 5596, 12),
(29, 'SECTION 13', 5596, 13),
(30, 'SECTION 1', 5613, 1),
(31, 'SECTION 2', 5613, 2),
(32, 'SECTION 3', 5613, 3),
(33, 'SECTION 4', 5613, 4),
(34, 'SECTION 5', 5613, 5),
(35, 'SECTION 6', 5613, 6),
(36, 'SECTION 7', 5613, 7),
(37, 'SECTION 8', 5613, 8),
(38, 'SECTION 9', 5613, 9),
(39, 'SECTION 11', 5613, 11),
(40, 'SECTION 10', 5613, 10),
(41, 'SECTION 12', 5613, 12),
(42, 'SECTION 13', 5613, 13),
(43, 'SECTION 14', 5613, 14),
(44, 'SECTION 15', 5613, 15),
(45, 'SECTION 16', 5613, 16),
(47, 'SECTION 1', 5633, 1),
(48, 'SECTION 2', 5633, 2),
(49, 'SECTION 3', 5633, 3),
(50, 'SECTION 4', 5633, 4),
(51, 'SECTION 5', 5633, 5),
(52, 'SECTION 6', 5633, 6),
(53, 'SECTION 7', 5633, 7),
(54, 'SECTION 8', 5633, 8),
(55, 'SECTION 9', 5633, 9),
(56, 'SECTION 10', 5633, 10),
(57, 'SECTION 11', 5633, 11),
(58, 'SECTION 1', 5648, 1),
(59, 'SECTION 2', 5648, 2),
(60, 'SECTION 3', 5648, 3),
(61, 'SECTION 4', 5648, 4),
(62, 'SECTION 5', 5648, 5),
(63, 'SECTION 6', 5648, 6),
(64, 'SECTION 7', 5648, 7),
(65, 'SECTION 1', 5664, 1),
(66, 'SECTION 2', 5664, 2),
(67, 'SECTION 3', 5664, 3),
(68, 'SECTION 4', 5664, 4),
(69, 'SECTION 5', 5664, 5),
(70, 'SECTION 6', 5664, 6),
(71, 'SECTION 7', 5664, 7),
(72, 'SECTION 8', 5664, 8),
(73, 'SECTION 9', 5664, 9),
(74, 'SECTION 11', 5664, 11),
(75, 'SECTION 10', 5664, 10),
(76, 'SECTION 12', 5664, 12),
(77, 'SECTION 13', 5664, 13),
(78, 'SECTION 1', 5682, 1),
(79, 'SECTION 2', 5682, 2),
(80, 'SECTION 3', 5682, 3),
(81, 'SECTION 4', 5682, 4),
(82, 'SECTION 5', 5682, 5),
(83, 'SECTION 6', 5682, 6),
(84, 'SECTION 7', 5682, 7),
(85, 'SECTION 8', 5682, 8),
(86, 'SECTION 9', 5682, 9),
(87, 'SECTION 10', 5682, 10),
(88, 'SECTION 1', 5696, 1),
(89, 'SECTION 2', 5696, 2),
(90, 'SECTION 3', 5696, 3),
(91, 'SECTION 4', 5696, 4),
(92, 'SECTION 5', 5696, 5),
(93, 'SECTION 6', 5696, 6),
(94, 'SECTION 7', 5696, 7),
(95, 'SECTION 8', 5696, 8),
(96, 'SECTION 9', 5696, 9);

-- --------------------------------------------------------

--
-- Table structure for table `wp5r_2_stm_lms_order_items`
--

CREATE TABLE `wp5r_2_stm_lms_order_items` (
  `id` bigint(20) NOT NULL,
  `order_id` bigint(20) UNSIGNED NOT NULL,
  `object_id` bigint(20) UNSIGNED NOT NULL,
  `payout_id` bigint(20) UNSIGNED DEFAULT NULL,
  `quantity` int(11) NOT NULL,
  `price` float(24,2) DEFAULT NULL,
  `transaction` varchar(100) DEFAULT NULL
) ENGINE=MyISAM DEFAULT CHARSET=utf8mb4 COLLATE=utf8mb4_unicode_520_ci;

--
-- Dumping data for table `wp5r_2_stm_lms_order_items`
--

INSERT INTO `wp5r_2_stm_lms_order_items` (`id`, `order_id`, `object_id`, `payout_id`, `quantity`, `price`, `transaction`) VALUES
(1, 5663, 5634, NULL, 1, 10.00, '0'),
(2, 5709, 5697, NULL, 1, 10.00, '0'),
(3, 5710, 5634, NULL, 1, 10.00, '0'),
(4, 5710, 5649, NULL, 1, 10.00, '0');

-- --------------------------------------------------------

--
-- Table structure for table `wp5r_2_stm_lms_user_answers`
--

CREATE TABLE `wp5r_2_stm_lms_user_answers` (
  `user_answer_id` mediumint(9) NOT NULL,
  `user_id` bigint(20) NOT NULL,
  `course_id` mediumint(9) NOT NULL,
  `quiz_id` mediumint(9) NOT NULL,
  `question_id` mediumint(9) NOT NULL,
  `user_answer` text NOT NULL DEFAULT '',
  `correct_answer` tinyint(1) NOT NULL,
  `attempt_number` mediumint(9) NOT NULL
) ENGINE=MyISAM DEFAULT CHARSET=utf8mb4 COLLATE=utf8mb4_unicode_520_ci;

-- --------------------------------------------------------

--
-- Table structure for table `wp5r_2_stm_lms_user_cart`
--

CREATE TABLE `wp5r_2_stm_lms_user_cart` (
  `user_cart_id` mediumint(9) NOT NULL,
  `user_id` bigint(20) NOT NULL,
  `item_id` mediumint(9) NOT NULL,
  `quantity` mediumint(9) NOT NULL,
  `price` float NOT NULL,
  `enterprise` float DEFAULT 0,
  `bundle` float DEFAULT 0
) ENGINE=MyISAM DEFAULT CHARSET=utf8mb4 COLLATE=utf8mb4_unicode_520_ci;

--
-- Dumping data for table `wp5r_2_stm_lms_user_cart`
--

INSERT INTO `wp5r_2_stm_lms_user_cart` (`user_cart_id`, `user_id`, `item_id`, `quantity`, `price`, `enterprise`, `bundle`) VALUES
(1, 4, 882, 1, 50, 0, 0),
(2, 2, 882, 1, 50, 0, 0),
(3, 1, 5633, 1, 10, 0, 0),
(4, 1, 5696, 1, 10, 0, 0),
(5, 1, 5664, 1, 10, 0, 0),
(6, 6, 5696, 1, 10, 0, 0),
(7, 6, 5633, 1, 10, 0, 0),
(8, 1, 5682, 1, 10, 0, 0),
(9, 6, 5648, 1, 10, 0, 0);

-- --------------------------------------------------------

--
-- Table structure for table `wp5r_2_stm_lms_user_chat`
--

CREATE TABLE `wp5r_2_stm_lms_user_chat` (
  `message_id` mediumint(9) NOT NULL,
  `user_to` bigint(20) NOT NULL,
  `user_from` bigint(20) NOT NULL,
  `timestamp` int(11) NOT NULL,
  `message` text NOT NULL,
  `status` tinytext NOT NULL,
  `conversation_id` int(11) NOT NULL
) ENGINE=MyISAM DEFAULT CHARSET=utf8mb4 COLLATE=utf8mb4_unicode_520_ci;

-- --------------------------------------------------------

--
-- Table structure for table `wp5r_2_stm_lms_user_conversation`
--

CREATE TABLE `wp5r_2_stm_lms_user_conversation` (
  `conversation_id` mediumint(9) NOT NULL,
  `user_to` mediumint(9) NOT NULL,
  `user_from` mediumint(9) NOT NULL,
  `timestamp` int(11) NOT NULL,
  `messages_number` int(11) NOT NULL,
  `ut_new_messages` int(11) NOT NULL,
  `uf_new_messages` int(11) NOT NULL
) ENGINE=MyISAM DEFAULT CHARSET=utf8mb4 COLLATE=utf8mb4_unicode_520_ci;

-- --------------------------------------------------------

--
-- Table structure for table `wp5r_2_stm_lms_user_courses`
--

CREATE TABLE `wp5r_2_stm_lms_user_courses` (
  `user_course_id` mediumint(9) NOT NULL,
  `user_id` bigint(20) NOT NULL,
  `course_id` mediumint(9) NOT NULL,
  `current_lesson_id` mediumint(9) DEFAULT NULL,
  `progress_percent` mediumint(9) NOT NULL,
  `status` varchar(45) NOT NULL DEFAULT '',
  `lng_code` varchar(45) NOT NULL DEFAULT 'en_US',
  `subscription_id` mediumint(9) DEFAULT NULL,
  `enterprise_id` float DEFAULT 0,
  `instructor_id` float DEFAULT 0,
  `bundle_id` float DEFAULT 0,
  `start_time` int(11) NOT NULL,
  `end_time` int(11) DEFAULT 0,
  `for_points` varchar(255) DEFAULT NULL
) ENGINE=MyISAM DEFAULT CHARSET=utf8mb4 COLLATE=utf8mb4_unicode_520_ci;

--
-- Dumping data for table `wp5r_2_stm_lms_user_courses`
--

INSERT INTO `wp5r_2_stm_lms_user_courses` (`user_course_id`, `user_id`, `course_id`, `current_lesson_id`, `progress_percent`, `status`, `lng_code`, `subscription_id`, `enterprise_id`, `instructor_id`, `bundle_id`, `start_time`, `end_time`, `for_points`) VALUES
(12, 2, 5633, 0, 0, 'enrolled', 'en_US', NULL, 0, 0, 0, 1692819021, 0, ''),
(10, 2, 5596, 5598, 0, 'enrolled', 'en_US', NULL, 0, 0, 0, 1692807369, 0, ''),
(11, 2, 5613, 0, 0, 'enrolled', 'en_US', NULL, 0, 0, 0, 1692814173, 0, ''),
(13, 2, 5648, 0, 0, 'enrolled', 'en_US', NULL, 0, 0, 0, 1692819350, 0, ''),
(14, 2, 5664, 0, 0, 'enrolled', 'en_US', NULL, 0, 0, 0, 1692986762, 0, ''),
(15, 2, 5696, 0, 0, 'enrolled', 'en_US', NULL, 0, 0, 0, 1693029542, 0, ''),
(16, 2, 5682, 0, 0, 'enrolled', 'en_US', NULL, 0, 0, 0, 1693289504, 0, '');

-- --------------------------------------------------------

--
-- Table structure for table `wp5r_2_stm_lms_user_course_scorm`
--

CREATE TABLE `wp5r_2_stm_lms_user_course_scorm` (
  `id` mediumint(9) NOT NULL,
  `user_course_id` mediumint(9) NOT NULL,
  `parameter` varchar(45) NOT NULL,
  `value` text NOT NULL
) ENGINE=MyISAM DEFAULT CHARSET=utf8mb4 COLLATE=utf8mb4_unicode_520_ci;

-- --------------------------------------------------------

--
-- Table structure for table `wp5r_2_stm_lms_user_lessons`
--

CREATE TABLE `wp5r_2_stm_lms_user_lessons` (
  `user_lesson_id` mediumint(9) NOT NULL,
  `user_id` bigint(20) NOT NULL,
  `course_id` mediumint(9) NOT NULL,
  `lesson_id` mediumint(9) NOT NULL,
  `start_time` int(11) DEFAULT NULL,
  `end_time` int(11) DEFAULT NULL
) ENGINE=MyISAM DEFAULT CHARSET=utf8mb4 COLLATE=utf8mb4_unicode_520_ci;

-- --------------------------------------------------------

--
-- Table structure for table `wp5r_2_stm_lms_user_quizzes`
--

CREATE TABLE `wp5r_2_stm_lms_user_quizzes` (
  `user_quiz_id` mediumint(9) NOT NULL,
  `user_id` bigint(20) NOT NULL,
  `course_id` mediumint(9) NOT NULL,
  `quiz_id` mediumint(9) NOT NULL,
  `progress` mediumint(9) NOT NULL,
  `status` varchar(45) NOT NULL DEFAULT '',
  `sequency` text NOT NULL DEFAULT ''
) ENGINE=MyISAM DEFAULT CHARSET=utf8mb4 COLLATE=utf8mb4_unicode_520_ci;

-- --------------------------------------------------------

--
-- Table structure for table `wp5r_2_stm_lms_user_quizzes_times`
--

CREATE TABLE `wp5r_2_stm_lms_user_quizzes_times` (
  `user_quiz_time_id` mediumint(9) NOT NULL,
  `user_id` bigint(20) NOT NULL,
  `quiz_id` mediumint(9) NOT NULL,
  `start_time` int(11) NOT NULL,
  `end_time` int(11) NOT NULL
) ENGINE=MyISAM DEFAULT CHARSET=utf8mb4 COLLATE=utf8mb4_unicode_520_ci;

-- --------------------------------------------------------

--
-- Table structure for table `wp5r_2_stm_lms_user_searches`
--

CREATE TABLE `wp5r_2_stm_lms_user_searches` (
  `user_search_id` mediumint(9) NOT NULL,
  `user_id` bigint(20) DEFAULT NULL,
  `time` int(11) DEFAULT NULL,
  `search` text NOT NULL
) ENGINE=MyISAM DEFAULT CHARSET=utf8mb4 COLLATE=utf8mb4_unicode_520_ci;

-- --------------------------------------------------------

--
-- Table structure for table `wp5r_2_stm_lms_user_searches_stats`
--

CREATE TABLE `wp5r_2_stm_lms_user_searches_stats` (
  `user_search_stat_id` mediumint(9) NOT NULL,
  `search` text NOT NULL,
  `stat` bigint(20) DEFAULT NULL
) ENGINE=MyISAM DEFAULT CHARSET=utf8mb4 COLLATE=utf8mb4_unicode_520_ci;

-- --------------------------------------------------------

--
-- Table structure for table `wp5r_2_termmeta`
--

CREATE TABLE `wp5r_2_termmeta` (
  `meta_id` bigint(20) UNSIGNED NOT NULL,
  `term_id` bigint(20) UNSIGNED NOT NULL DEFAULT 0,
  `meta_key` varchar(255) DEFAULT NULL,
  `meta_value` longtext DEFAULT NULL
) ENGINE=MyISAM DEFAULT CHARSET=utf8mb4 COLLATE=utf8mb4_unicode_520_ci;

--
-- Dumping data for table `wp5r_2_termmeta`
--

INSERT INTO `wp5r_2_termmeta` (`meta_id`, `term_id`, `meta_key`, `meta_value`) VALUES
(1, 27, 'course_image', ''),
(2, 27, 'course_icon', 'lnricons-palette'),
(3, 28, 'course_image', ''),
(4, 28, 'course_icon', 'lnricons-cog'),
(5, 29, 'course_image', ''),
(6, 29, 'course_icon', 'lnricons-heart-pulse'),
(7, 30, 'course_image', '270'),
(8, 30, 'course_icon', 'lnricons-pie-chart'),
(9, 31, 'course_image', ''),
(10, 31, 'course_icon', 'lnricons-camera2'),
(11, 32, 'course_image', ''),
(12, 32, 'course_icon', 'lnricons-pencil-ruler2'),
(13, 33, 'course_image', ''),
(14, 33, 'course_icon', 'lnricons-smile'),
(15, 34, 'course_image', ''),
(16, 34, 'course_icon', 'lnricons-3d-rotate'),
(17, 36, 'order', '0'),
(18, 37, 'order', '0'),
(19, 38, 'order', '0'),
(20, 42, 'order', '0'),
(21, 45, 'order', '0'),
(22, 51, 'order', '0'),
(23, 52, 'order', '0'),
(24, 54, 'order', '0'),
(25, 36, 'product_count_product_cat', '0'),
(26, 37, 'product_count_product_cat', '0'),
(27, 38, 'product_count_product_cat', '0'),
(28, 42, 'product_count_product_cat', '0'),
(29, 45, 'product_count_product_cat', '0'),
(30, 51, 'product_count_product_cat', '0'),
(31, 52, 'product_count_product_cat', '0'),
(32, 54, 'product_count_product_cat', '0'),
(33, 39, 'product_count_product_tag', '0'),
(34, 40, 'product_count_product_tag', '0'),
(35, 41, 'product_count_product_tag', '0'),
(36, 43, 'product_count_product_tag', '0'),
(37, 44, 'product_count_product_tag', '0'),
(38, 46, 'product_count_product_tag', '0'),
(39, 47, 'product_count_product_tag', '0'),
(40, 48, 'product_count_product_tag', '0'),
(41, 49, 'product_count_product_tag', '0'),
(42, 50, 'product_count_product_tag', '0'),
(43, 53, 'product_count_product_tag', '0'),
(44, 55, 'product_count_product_tag', '0'),
(45, 56, 'product_count_product_tag', '0'),
(46, 57, 'product_count_product_tag', '0');

-- --------------------------------------------------------

--
-- Table structure for table `wp5r_2_terms`
--

CREATE TABLE `wp5r_2_terms` (
  `term_id` bigint(20) UNSIGNED NOT NULL,
  `name` varchar(200) NOT NULL DEFAULT '',
  `slug` varchar(200) NOT NULL DEFAULT '',
  `term_group` bigint(10) NOT NULL DEFAULT 0
) ENGINE=MyISAM DEFAULT CHARSET=utf8mb4 COLLATE=utf8mb4_unicode_520_ci;

--
-- Dumping data for table `wp5r_2_terms`
--

INSERT INTO `wp5r_2_terms` (`term_id`, `name`, `slug`, `term_group`) VALUES
(1, 'Uncategorized', 'uncategorized', 0),
(2, 'simple', 'simple', 0),
(3, 'grouped', 'grouped', 0),
(4, 'variable', 'variable', 0),
(5, 'external', 'external', 0),
(6, 'exclude-from-search', 'exclude-from-search', 0),
(7, 'exclude-from-catalog', 'exclude-from-catalog', 0),
(8, 'featured', 'featured', 0),
(9, 'outofstock', 'outofstock', 0),
(10, 'rated-1', 'rated-1', 0),
(11, 'rated-2', 'rated-2', 0),
(12, 'rated-3', 'rated-3', 0),
(13, 'rated-4', 'rated-4', 0),
(14, 'rated-5', 'rated-5', 0),
(15, 'Uncategorized', 'uncategorized', 0),
(16, 'Hobbies', 'hobbies', 0),
(17, 'Technology', 'technology', 0),
(18, 'african', 'african', 0),
(19, 'beauty', 'beauty', 0),
(20, 'BRICS', 'brics', 0),
(21, 'camera', 'camera', 0),
(22, 'childs', 'childs', 0),
(23, 'painting', 'painting', 0),
(24, 'public', 'public', 0),
(25, 'School', 'school', 0),
(26, 'university', 'university', 0),
(27, 'Art &amp; Design', 'art', 0),
(28, 'Development', 'software-development', 0),
(29, 'Health &amp; Fitnes', 'fitnes', 0),
(30, 'Material Design', 'material-design', 0),
(31, 'Photography', 'photography', 0),
(32, 'Conceptual Art', 'conceptual-art', 0),
(33, 'Communication', 'communication', 0),
(34, '3D Printing Concept', '3d-printing-concept', 0),
(35, 'Main Menu', 'main-menu', 0),
(36, 'Posters', 'posters', 0),
(37, 'Clothing', 'clothing', 0),
(38, 'Hoodies', 'hoodies', 0),
(39, 'ideas', 'ideas', 0),
(40, 'inventors', 'inventors', 0),
(41, 'performance', 'performance', 0),
(42, 'T-shirts', 't-shirts', 0),
(43, 'consulting', 'consulting', 0),
(44, 'market', 'market', 0),
(45, 'Books', 'books', 0),
(46, 'online services', 'online-services', 0),
(47, 'portfolios', 'portfolios', 0),
(48, 'Book', 'book', 0),
(49, 'Themeforest', 'themeforest', 0),
(50, 'WordPress', 'wordpress', 0),
(51, 'Albums', 'albums', 0),
(52, 'Music', 'music', 0),
(53, 'benchmarks', 'benchmarks', 0),
(54, 'Singles', 'singles', 0),
(55, 'tips', 'tips', 0),
(56, 'millenials', 'millenials', 0),
(57, 'wealth', 'wealth', 0),
(58, 'stm_lms_product', 'stm_lms_product', 0),
(59, 'Business', 'business', 0),
(60, 'Network &amp; Security', 'network-security', 0);

-- --------------------------------------------------------

--
-- Table structure for table `wp5r_2_term_relationships`
--

CREATE TABLE `wp5r_2_term_relationships` (
  `object_id` bigint(20) UNSIGNED NOT NULL DEFAULT 0,
  `term_taxonomy_id` bigint(20) UNSIGNED NOT NULL DEFAULT 0,
  `term_order` int(11) NOT NULL DEFAULT 0
) ENGINE=MyISAM DEFAULT CHARSET=utf8mb4 COLLATE=utf8mb4_unicode_520_ci;

--
-- Dumping data for table `wp5r_2_term_relationships`
--

INSERT INTO `wp5r_2_term_relationships` (`object_id`, `term_taxonomy_id`, `term_order`) VALUES
(1, 1, 0),
(972, 35, 0),
(5597, 6, 0),
(974, 35, 0),
(881, 34, 0),
(167, 18, 0),
(167, 20, 0),
(167, 26, 0),
(167, 16, 0),
(170, 21, 0),
(170, 24, 0),
(170, 25, 0),
(170, 17, 0),
(656, 19, 0),
(656, 22, 0),
(656, 23, 0),
(656, 16, 0),
(882, 28, 0),
(996, 31, 0),
(997, 27, 0),
(999, 29, 0),
(1000, 32, 0),
(1001, 33, 0),
(1072, 30, 0),
(5597, 7, 0),
(22, 36, 0),
(22, 2, 0),
(56, 37, 0),
(56, 38, 0),
(56, 2, 0),
(885, 37, 0),
(885, 42, 0),
(885, 39, 0),
(885, 40, 0),
(885, 41, 0),
(885, 2, 0),
(889, 37, 0),
(889, 42, 0),
(889, 2, 0),
(892, 37, 0),
(892, 38, 0),
(892, 43, 0),
(892, 44, 0),
(892, 2, 0),
(895, 45, 0),
(895, 46, 0),
(895, 47, 0),
(895, 2, 0),
(1075, 45, 0),
(1075, 2, 0),
(901, 48, 0),
(901, 43, 0),
(901, 49, 0),
(901, 50, 0),
(901, 36, 0),
(901, 2, 0),
(902, 51, 0),
(902, 52, 0),
(902, 2, 0),
(903, 45, 0),
(903, 2, 0),
(904, 45, 0),
(904, 2, 0),
(905, 53, 0),
(905, 55, 0),
(905, 52, 0),
(905, 54, 0),
(905, 2, 0),
(1054, 37, 0),
(1054, 52, 0),
(1054, 54, 0),
(1054, 42, 0),
(1054, 2, 0),
(4967, 37, 0),
(4967, 42, 0),
(4967, 56, 0),
(4967, 57, 0),
(4967, 9, 0),
(4967, 13, 0),
(4967, 2, 0),
(5525, 35, 0),
(5513, 7, 0),
(5513, 6, 0),
(5513, 58, 0),
(5536, 7, 0),
(5536, 6, 0),
(5536, 58, 0),
(5538, 7, 0),
(5538, 6, 0),
(5538, 58, 0),
(5540, 7, 0),
(5540, 6, 0),
(5540, 58, 0),
(5542, 7, 0),
(5542, 6, 0),
(5542, 58, 0),
(5544, 7, 0),
(5544, 6, 0),
(5544, 58, 0),
(5546, 7, 0),
(5546, 6, 0),
(5546, 58, 0),
(5548, 7, 0),
(5548, 6, 0),
(5548, 58, 0),
(5553, 35, 0),
(5552, 35, 0),
(5597, 58, 0),
(5596, 28, 0),
(5614, 7, 0),
(5614, 6, 0),
(5614, 58, 0),
(5613, 28, 0),
(5634, 7, 0),
(5634, 6, 0),
(5634, 58, 0),
(5633, 28, 0),
(5649, 7, 0),
(5649, 6, 0),
(5649, 58, 0),
(5648, 59, 0),
(5665, 7, 0),
(5665, 6, 0),
(5665, 58, 0),
(5664, 59, 0),
(5683, 7, 0),
(5683, 6, 0),
(5683, 58, 0),
(5682, 28, 0),
(5697, 7, 0),
(5697, 6, 0),
(5697, 58, 0),
(5696, 60, 0);

-- --------------------------------------------------------

--
-- Table structure for table `wp5r_2_term_taxonomy`
--

CREATE TABLE `wp5r_2_term_taxonomy` (
  `term_taxonomy_id` bigint(20) UNSIGNED NOT NULL,
  `term_id` bigint(20) UNSIGNED NOT NULL DEFAULT 0,
  `taxonomy` varchar(32) NOT NULL DEFAULT '',
  `description` longtext NOT NULL,
  `parent` bigint(20) UNSIGNED NOT NULL DEFAULT 0,
  `count` bigint(20) NOT NULL DEFAULT 0
) ENGINE=MyISAM DEFAULT CHARSET=utf8mb4 COLLATE=utf8mb4_unicode_520_ci;

--
-- Dumping data for table `wp5r_2_term_taxonomy`
--

INSERT INTO `wp5r_2_term_taxonomy` (`term_taxonomy_id`, `term_id`, `taxonomy`, `description`, `parent`, `count`) VALUES
(1, 1, 'category', '', 0, 1),
(2, 2, 'product_type', '', 0, 0),
(3, 3, 'product_type', '', 0, 0),
(4, 4, 'product_type', '', 0, 0),
(5, 5, 'product_type', '', 0, 0),
(6, 6, 'product_visibility', '', 0, 15),
(7, 7, 'product_visibility', '', 0, 15),
(8, 8, 'product_visibility', '', 0, 0),
(9, 9, 'product_visibility', '', 0, 0),
(10, 10, 'product_visibility', '', 0, 0),
(11, 11, 'product_visibility', '', 0, 0),
(12, 12, 'product_visibility', '', 0, 0),
(13, 13, 'product_visibility', '', 0, 0),
(14, 14, 'product_visibility', '', 0, 0),
(15, 15, 'product_cat', '', 0, 0),
(16, 16, 'category', '', 0, 2),
(17, 17, 'category', '', 0, 1),
(18, 18, 'post_tag', '', 0, 1),
(19, 19, 'post_tag', '', 0, 1),
(20, 20, 'post_tag', '', 0, 1),
(21, 21, 'post_tag', '', 0, 1),
(22, 22, 'post_tag', '', 0, 1),
(23, 23, 'post_tag', '', 0, 1),
(24, 24, 'post_tag', '', 0, 1),
(25, 25, 'post_tag', '', 0, 1),
(26, 26, 'post_tag', '', 0, 1),
(27, 27, 'stm_lms_course_taxonomy', '', 0, 0),
(28, 28, 'stm_lms_course_taxonomy', '', 0, 4),
(29, 29, 'stm_lms_course_taxonomy', '', 0, 0),
(30, 30, 'stm_lms_course_taxonomy', '', 0, 0),
(31, 31, 'stm_lms_course_taxonomy', '', 0, 0),
(32, 32, 'stm_lms_course_taxonomy', '', 0, 0),
(33, 33, 'stm_lms_course_taxonomy', '', 0, 0),
(34, 34, 'stm_lms_course_taxonomy', '', 0, 0),
(35, 35, 'nav_menu', '', 0, 5),
(59, 59, 'stm_lms_course_taxonomy', '', 0, 2),
(60, 60, 'stm_lms_course_taxonomy', '', 0, 1),
(36, 36, 'product_cat', '', 0, 0),
(37, 37, 'product_cat', '', 0, 0),
(38, 38, 'product_cat', '', 0, 0),
(39, 39, 'product_tag', '', 0, 0),
(40, 40, 'product_tag', '', 0, 0),
(41, 41, 'product_tag', '', 0, 0),
(42, 42, 'product_cat', '', 0, 0),
(43, 43, 'product_tag', '', 0, 0),
(44, 44, 'product_tag', '', 0, 0),
(45, 45, 'product_cat', '', 0, 0),
(46, 46, 'product_tag', '', 0, 0),
(47, 47, 'product_tag', '', 0, 0),
(48, 48, 'product_tag', '', 0, 0),
(49, 49, 'product_tag', '', 0, 0),
(50, 50, 'product_tag', '', 0, 0),
(51, 51, 'product_cat', '', 0, 0),
(52, 52, 'product_cat', '', 0, 0),
(53, 53, 'product_tag', '', 0, 0),
(54, 54, 'product_cat', '', 0, 0),
(55, 55, 'product_tag', '', 0, 0),
(56, 56, 'product_tag', '', 0, 0),
(57, 57, 'product_tag', '', 0, 0),
(58, 58, 'product_type', '', 0, 15);

-- --------------------------------------------------------

--
-- Table structure for table `wp5r_2_wc_admin_notes`
--

CREATE TABLE `wp5r_2_wc_admin_notes` (
  `note_id` bigint(20) UNSIGNED NOT NULL,
  `name` varchar(255) NOT NULL,
  `type` varchar(20) NOT NULL,
  `locale` varchar(20) NOT NULL,
  `title` longtext NOT NULL,
  `content` longtext NOT NULL,
  `content_data` longtext DEFAULT NULL,
  `status` varchar(200) NOT NULL,
  `source` varchar(200) NOT NULL,
  `date_created` datetime NOT NULL DEFAULT '0000-00-00 00:00:00',
  `date_reminder` datetime DEFAULT NULL,
  `is_snoozable` tinyint(1) NOT NULL DEFAULT 0,
  `layout` varchar(20) NOT NULL DEFAULT '',
  `image` varchar(200) DEFAULT NULL,
  `is_deleted` tinyint(1) NOT NULL DEFAULT 0,
  `is_read` tinyint(1) NOT NULL DEFAULT 0,
  `icon` varchar(200) NOT NULL DEFAULT 'info'
) ENGINE=MyISAM DEFAULT CHARSET=utf8mb4 COLLATE=utf8mb4_unicode_520_ci;

--
-- Dumping data for table `wp5r_2_wc_admin_notes`
--

INSERT INTO `wp5r_2_wc_admin_notes` (`note_id`, `name`, `type`, `locale`, `title`, `content`, `content_data`, `status`, `source`, `date_created`, `date_reminder`, `is_snoozable`, `layout`, `image`, `is_deleted`, `is_read`, `icon`) VALUES
(1, 'wc-refund-returns-page', 'info', 'en_US', 'Setup a Refund and Returns Policy page to boost your store\'s credibility.', 'We have created a sample draft Refund and Returns Policy page for you. Please have a look and update it to fit your store.', '{}', 'unactioned', 'woocommerce-core', '2023-08-11 18:43:42', NULL, 0, 'plain', '', 0, 0, 'info'),
(2, 'wayflyer_bnpl_q4_2021', 'marketing', 'en_US', 'Grow your business with funding through Wayflyer', 'Fast, flexible financing to boost cash flow and help your business grow – one fee, no interest rates, penalties, equity, or personal guarantees. Based on your store’s performance, Wayflyer provides funding and analytical insights to invest in your business.', '{}', 'pending', 'woocommerce.com', '2023-08-11 18:43:49', NULL, 0, 'plain', '', 0, 0, 'info'),
(3, 'wc_shipping_mobile_app_usps_q4_2021', 'marketing', 'en_US', 'Print and manage your shipping labels with WooCommerce Shipping and the WooCommerce Mobile App', 'Save time by printing, purchasing, refunding, and tracking shipping labels generated by <a href=\"https://woocommerce.com/woocommerce-shipping/\">WooCommerce Shipping</a> – all directly from your mobile device!', '{}', 'pending', 'woocommerce.com', '2023-08-11 18:43:49', NULL, 0, 'plain', '', 0, 0, 'info'),
(4, 'woocommerce-services', 'info', 'en_US', 'WooCommerce Shipping & Tax', 'WooCommerce Shipping &amp; Tax helps get your store \"ready to sell\" as quickly as possible. You create your products. We take care of tax calculation, payment processing, and shipping label printing! Learn more about the extension that you just installed.', '{}', 'pending', 'woocommerce.com', '2023-08-11 18:43:49', NULL, 0, 'plain', '', 0, 0, 'info'),
(5, 'your-first-product', 'info', 'en_US', 'Your first product', 'That’s huge! You’re well on your way to building a successful online store — now it’s time to think about how you’ll fulfill your orders.<br /><br />Read our shipping guide to learn best practices and options for putting together your shipping strategy. And for WooCommerce stores in the United States, you can print discounted shipping labels via USPS with <a href=\"https://href.li/?https://woocommerce.com/shipping\" target=\"_blank\">WooCommerce Shipping</a>.', '{}', 'pending', 'woocommerce.com', '2023-08-11 18:43:49', NULL, 0, 'plain', '', 0, 0, 'info'),
(6, 'wc-admin-optimizing-the-checkout-flow', 'info', 'en_US', 'Optimizing the checkout flow', 'It’s crucial to get your store’s checkout as smooth as possible to avoid losing sales. Let’s take a look at how you can optimize the checkout experience for your shoppers.', '{}', 'unactioned', 'woocommerce.com', '2023-08-14 19:17:46', NULL, 0, 'plain', '', 0, 1, 'info'),
(7, 'wc-payments-qualitative-feedback', 'info', 'en_US', 'WooCommerce Payments setup - let us know what you think', 'Congrats on enabling WooCommerce Payments for your store. Please share your feedback in this 2 minute survey to help us improve the setup process.', '{}', 'pending', 'woocommerce.com', '2023-08-11 18:43:49', NULL, 0, 'plain', '', 0, 0, 'info'),
(8, 'share-your-feedback-on-paypal', 'info', 'en_US', 'Share your feedback on PayPal', 'Share your feedback in this 2 minute survey about how we can make the process of accepting payments more useful for your store.', '{}', 'pending', 'woocommerce.com', '2023-08-11 18:43:49', NULL, 0, 'plain', '', 0, 0, 'info'),
(9, 'google_listings_and_ads_install', 'marketing', 'en_US', 'Drive traffic and sales with Google', 'Reach online shoppers to drive traffic and sales for your store by showcasing products across Google, for free or with ads.', '{}', 'pending', 'woocommerce.com', '2023-08-11 18:43:49', NULL, 0, 'plain', '', 0, 0, 'info'),
(10, 'wc-subscriptions-security-update-3-0-15', 'info', 'en_US', 'WooCommerce Subscriptions security update!', 'We recently released an important security update to WooCommerce Subscriptions. To ensure your site’s data is protected, please upgrade <strong>WooCommerce Subscriptions to version 3.0.15</strong> or later.<br /><br />Click the button below to view and update to the latest Subscriptions version, or log in to <a href=\"https://woocommerce.com/my-dashboard\">WooCommerce.com Dashboard</a> and navigate to your <strong>Downloads</strong> page.<br /><br />We recommend always using the latest version of WooCommerce Subscriptions, and other software running on your site, to ensure maximum security.<br /><br />If you have any questions we are here to help — just <a href=\"https://woocommerce.com/my-account/create-a-ticket/\">open a ticket</a>.', '{}', 'pending', 'woocommerce.com', '2023-08-11 18:43:49', NULL, 0, 'plain', '', 0, 0, 'info'),
(11, 'woocommerce-core-update-5-4-0', 'info', 'en_US', 'Update to WooCommerce 5.4.1 now', 'WooCommerce 5.4.1 addresses a checkout issue discovered in WooCommerce 5.4. We recommend upgrading to WooCommerce 5.4.1 as soon as possible.', '{}', 'pending', 'woocommerce.com', '2023-08-11 18:43:49', NULL, 0, 'plain', '', 0, 0, 'info'),
(12, 'wcpay-promo-2020-11', 'marketing', 'en_US', 'wcpay-promo-2020-11', 'wcpay-promo-2020-11', '{}', 'pending', 'woocommerce.com', '2023-08-11 18:43:49', NULL, 0, 'plain', '', 0, 0, 'info'),
(13, 'wcpay-promo-2020-12', 'marketing', 'en_US', 'wcpay-promo-2020-12', 'wcpay-promo-2020-12', '{}', 'pending', 'woocommerce.com', '2023-08-11 18:43:49', NULL, 0, 'plain', '', 0, 0, 'info'),
(14, 'ppxo-pps-upgrade-paypal-payments-1', 'info', 'en_US', 'Get the latest PayPal extension for WooCommerce', 'Heads up! There’s a new PayPal on the block!<br /><br />Now is a great time to upgrade to our latest <a href=\"https://woocommerce.com/products/woocommerce-paypal-payments/\" target=\"_blank\">PayPal extension</a> to continue to receive support and updates with PayPal.<br /><br />Get access to a full suite of PayPal payment methods, extensive currency and country coverage, and pay later options with the all-new PayPal extension for WooCommerce.', '{}', 'pending', 'woocommerce.com', '2023-08-11 18:43:49', NULL, 0, 'plain', '', 0, 0, 'info'),
(15, 'ppxo-pps-upgrade-paypal-payments-2', 'info', 'en_US', 'Upgrade your PayPal experience!', 'Get access to a full suite of PayPal payment methods, extensive currency and country coverage, offer subscription and recurring payments, and the new PayPal pay later options.<br /><br />Start using our <a href=\"https://woocommerce.com/products/woocommerce-paypal-payments/\" target=\"_blank\">latest PayPal today</a> to continue to receive support and updates.', '{}', 'pending', 'woocommerce.com', '2023-08-11 18:43:49', NULL, 0, 'plain', '', 0, 0, 'info'),
(16, 'woocommerce-core-sqli-july-2021-need-to-update', 'update', 'en_US', 'Action required: Critical vulnerabilities in WooCommerce', 'In response to a critical vulnerability identified on July 13, 2021, we are working with the WordPress Plugins Team to deploy software updates to stores running WooCommerce (versions 3.3 to 5.5) and the WooCommerce Blocks feature plugin (versions 2.5 to 5.5).<br /><br />Our investigation into this vulnerability is ongoing, but <strong>we wanted to let you know now about the importance of updating immediately</strong>.<br /><br />For more information on which actions you should take, as well as answers to FAQs, please urgently review our blog post detailing this issue.', '{}', 'pending', 'woocommerce.com', '2023-08-11 18:43:49', NULL, 0, 'plain', '', 0, 0, 'info'),
(17, 'woocommerce-blocks-sqli-july-2021-need-to-update', 'update', 'en_US', 'Action required: Critical vulnerabilities in WooCommerce Blocks', 'In response to a critical vulnerability identified on July 13, 2021, we are working with the WordPress Plugins Team to deploy software updates to stores running WooCommerce (versions 3.3 to 5.5) and the WooCommerce Blocks feature plugin (versions 2.5 to 5.5).<br /><br />Our investigation into this vulnerability is ongoing, but <strong>we wanted to let you know now about the importance of updating immediately</strong>.<br /><br />For more information on which actions you should take, as well as answers to FAQs, please urgently review our blog post detailing this issue.', '{}', 'pending', 'woocommerce.com', '2023-08-11 18:43:49', NULL, 0, 'plain', '', 0, 0, 'info'),
(18, 'woocommerce-core-sqli-july-2021-store-patched', 'update', 'en_US', 'Solved: Critical vulnerabilities patched in WooCommerce', 'In response to a critical vulnerability identified on July 13, 2021, we worked with the WordPress Plugins Team to deploy software updates to stores running WooCommerce (versions 3.3 to 5.5) and the WooCommerce Blocks feature plugin (versions 2.5 to 5.5).<br /><br /><strong>Your store has been updated to the latest secure version(s)</strong>. For more information and answers to FAQs, please review our blog post detailing this issue.', '{}', 'pending', 'woocommerce.com', '2023-08-11 18:43:49', NULL, 0, 'plain', '', 0, 0, 'info'),
(19, 'woocommerce-blocks-sqli-july-2021-store-patched', 'update', 'en_US', 'Solved: Critical vulnerabilities patched in WooCommerce Blocks', 'In response to a critical vulnerability identified on July 13, 2021, we worked with the WordPress Plugins Team to deploy software updates to stores running WooCommerce (versions 3.3 to 5.5) and the WooCommerce Blocks feature plugin (versions 2.5 to 5.5).<br /><br /><strong>Your store has been updated to the latest secure version(s)</strong>. For more information and answers to FAQs, please review our blog post detailing this issue.', '{}', 'pending', 'woocommerce.com', '2023-08-11 18:43:49', NULL, 0, 'plain', '', 0, 0, 'info'),
(20, 'habit-moment-survey', 'marketing', 'en_US', 'We’re all ears! Share your experience so far with WooCommerce', 'We’d love your input to shape the future of WooCommerce together. Feel free to share any feedback, ideas or suggestions that you have.', '{}', 'pending', 'woocommerce.com', '2023-08-11 18:43:49', NULL, 0, 'plain', '', 0, 0, 'info'),
(21, 'woocommerce-core-paypal-march-2022-updated', 'update', 'en_US', 'Security auto-update of WooCommerce', '<strong>Your store has been updated to the latest secure version of WooCommerce</strong>. We worked with WordPress to deploy PayPal Standard security updates for stores running WooCommerce (version 3.5 to 6.3). It’s recommended to disable PayPal Standard, and use <a href=\"https://woocommerce.com/products/woocommerce-paypal-payments/\" target=\"_blank\">PayPal Payments</a> to accept PayPal.', '{}', 'pending', 'woocommerce.com', '2023-08-11 18:43:49', NULL, 0, 'plain', '', 0, 0, 'info'),
(22, 'woocommerce-core-paypal-march-2022-updated-nopp', 'update', 'en_US', 'Security auto-update of WooCommerce', '<strong>Your store has been updated to the latest secure version of WooCommerce</strong>. We worked with WordPress to deploy security updates related to PayPal Standard payment gateway for stores running WooCommerce (version 3.5 to 6.3).', '{}', 'pending', 'woocommerce.com', '2023-08-11 18:43:49', NULL, 0, 'plain', '', 0, 0, 'info'),
(23, 'pinterest_03_2022_update', 'marketing', 'en_US', 'Your Pinterest for WooCommerce plugin is out of date!', 'Update to the latest version of Pinterest for WooCommerce to continue using this plugin and keep your store connected with Pinterest. To update, visit <strong>Plugins &gt; Installed Plugins</strong>, and click on “update now” under Pinterest for WooCommerce.', '{}', 'pending', 'woocommerce.com', '2023-08-11 18:43:49', NULL, 0, 'plain', '', 0, 0, 'info'),
(24, 'store_setup_survey_survey_q2_2022', 'survey', 'en_US', 'How is your store setup going?', 'Our goal is to make sure you have all the right tools to start setting up your store in the smoothest way possible.\r\nWe’d love to know if we hit our mark and how we can improve. To collect your thoughts, we made a 2-minute survey.', '{}', 'unactioned', 'woocommerce.com', '2023-08-18 19:16:05', NULL, 0, 'plain', '', 0, 1, 'info'),
(25, 'woocommerce-payments-august-2022-need-to-update', 'update', 'en_US', 'Action required: Please update WooCommerce Payments', 'An updated secure version of WooCommerce Payments is available – please ensure that you’re using the latest patch version. For more information on what action you need to take, please review the article below.', '{}', 'pending', 'woocommerce.com', '2023-08-11 18:43:49', NULL, 0, 'plain', '', 0, 0, 'info'),
(26, 'woocommerce-payments-august-2022-store-patched', 'update', 'en_US', 'WooCommerce Payments has been automatically updated', 'You’re now running the latest secure version of WooCommerce Payments. We’ve worked with the WordPress Plugins team to deploy a security update to stores running WooCommerce Payments (version 3.9 to 4.5). For further information, please review the article below.', '{}', 'pending', 'woocommerce.com', '2023-08-11 18:43:49', NULL, 0, 'plain', '', 0, 0, 'info'),
(27, 'needs-update-eway-payment-gateway-rin-2022-12-20', 'update', 'en_US', 'Security vulnerability patched in WooCommerce Eway Gateway', 'In response to a potential vulnerability identified in WooCommerce Eway Gateway versions 3.1.0 to 3.5.0, we’ve worked to deploy security fixes and have released an updated version.\r\nNo external exploits have been detected, but we recommend you update to your latest supported version 3.1.26, 3.2.3, 3.3.1, 3.4.6, or 3.5.1', '{}', 'pending', 'woocommerce.com', '2023-08-11 18:43:49', NULL, 0, 'plain', '', 0, 0, 'info'),
(28, 'updated-eway-payment-gateway-rin-2022-12-20', 'update', 'en_US', 'WooCommerce Eway Gateway has been automatically updated', 'Your store is now running the latest secure version of WooCommerce Eway Gateway. We worked with the WordPress Plugins team to deploy a software update to stores running WooCommerce Eway Gateway (versions 3.1.0 to 3.5.0) in response to a security vulnerability that was discovered.', '{}', 'pending', 'woocommerce.com', '2023-08-11 18:43:49', NULL, 0, 'plain', '', 0, 0, 'info'),
(29, 'ecomm-wc-navigation-survey-2023', 'info', 'en_US', 'Navigating WooCommerce on WordPress.com', 'We are improving the WooCommerce navigation on WordPress.com and would love your help to make it better! Please share your experience with us in this 2-minute survey.', '{}', 'pending', 'woocommerce.com', '2023-08-11 18:43:49', NULL, 0, 'plain', '', 0, 0, 'info'),
(30, 'woopay-beta-merchantrecruitment-04MAY23', 'info', 'en_US', 'Increase conversions with WooPay — our fastest checkout yet', 'WooPay, a new express checkout feature built into WooCommerce Payments, is now available —and we’re inviting you to be one of the first to try it. \r\n<br><br>\r\nBoost conversions by offering your customers a simple, secure way to pay with a single click.\r\n<br><br>\r\nGet started in seconds.', '{}', 'pending', 'woocommerce.com', '2023-08-11 18:43:49', NULL, 0, 'plain', '', 0, 0, 'info'),
(31, 'woocommerce-wcpay-march-2023-update-needed', 'update', 'en_US', 'Action required: Security update for WooCommerce Payments', '<strong>Your store requires a security update for WooCommerce Payments</strong>. Please update to the latest version of WooCommerce Payments immediately to address a potential vulnerability discovered on March 22. For more information on how to update, visit this WooCommerce Developer Blog Post.', '{}', 'pending', 'woocommerce.com', '2023-08-11 18:43:49', NULL, 0, 'plain', '', 0, 0, 'info'),
(32, 'tap_to_pay_iphone_q2_2023_no_wcpay', 'marketing', 'en_US', 'Accept in-person contactless payments on your iPhone', 'Tap to Pay on iPhone and WooCommerce Payments is quick, secure, and simple to set up — no extra terminals or card readers are needed. Accept contactless debit and credit cards, Apple Pay, and other NFC digital wallets in person.', '{}', 'unactioned', 'woocommerce.com', '2023-08-11 20:03:47', NULL, 0, 'plain', '', 0, 1, 'info'),
(33, 'tap_to_pay_iphone_q2_2023_with_wcpay', 'marketing', 'en_US', 'New: accept in-person contactless payments on your iPhone', 'Tap to Pay on iPhone is quick, secure, and simple to set up in WooCommerce Payments — no extra terminals or card readers are needed. Accept contactless debit and credit cards, Apple Pay, and other NFC digital wallets in person in a few short steps!', '{}', 'pending', 'woocommerce.com', '2023-08-11 18:43:49', NULL, 0, 'plain', '', 0, 0, 'info'),
(34, 'woocommerce-WCPreOrders-april-2023-update-needed', 'update', 'en_US', 'Action required: Security update of WooCommerce Pre-Orders extension', '<strong>Your store requires a security update for the WooCommerce Pre-Orders extension</strong>. Please update the WooCommerce Pre-Orders extension immediately to address a potential vulnerability discovered on April 11.', '{}', 'pending', 'woocommerce.com', '2023-08-11 18:43:49', NULL, 0, 'plain', '', 0, 0, 'info'),
(35, 'woopay-beta-merchantrecruitment-update-04MAY23', 'info', 'en_US', 'Increase conversions with WooPay — our fastest checkout yet', 'WooPay, a new express checkout feature built into WooCommerce Payments, is now available — and you’re invited to try it. \r\n<br /><br />\r\nBoost conversions by offering your customers a simple, secure way to pay with a single click.\r\n<br /><br />\r\nUpdate WooCommerce Payments to get started.', '{}', 'pending', 'woocommerce.com', '2023-08-11 18:43:49', NULL, 0, 'plain', '', 0, 0, 'info'),
(36, 'woopay-beta-existingmerchants-noaction-27APR23', 'info', 'en_US', 'WooPay is back!', 'Thanks for previously trying WooPay, the express checkout feature built into WooCommerce Payments. We’re excited to announce that WooPay availability has resumed. No action is required on your part.\r\n<br /><br />\r\nYou can now continue boosting conversions by offering your customers a simple, secure way to pay with a single click.', '{}', 'pending', 'woocommerce.com', '2023-08-11 18:43:49', NULL, 0, 'plain', '', 0, 0, 'info'),
(37, 'woopay-beta-existingmerchants-update-27APR23', 'info', 'en_US', 'WooPay is back!', 'Thanks for previously trying WooPay, the express checkout feature built into WooCommerce Payments. We’re excited to announce that WooPay availability has resumed.\r\n<br /><br />\r\n\r\nUpdate to the latest WooCommerce Payments version to continue boosting conversions by offering your customers a simple, secure way to pay with a single click.', '{}', 'pending', 'woocommerce.com', '2023-08-11 18:43:49', NULL, 0, 'plain', '', 0, 0, 'info'),
(38, 'woopay-beta-merchantrecruitment-short-04MAY23', 'info', 'en_US', 'Increase conversions with WooPay — our fastest checkout yet', 'Be one of the first to try WooPay, a new express checkout feature for WooCommerce Payments. \r\n<br><br>\r\nBoost conversions by letting customers pay with a single click.', '{}', 'pending', 'woocommerce.com', '2023-08-11 18:43:49', NULL, 0, 'plain', '', 0, 0, 'info'),
(39, 'woopay-beta-merchantrecruitment-short-update-04MAY23', 'info', 'en_US', 'Increase conversions with WooPay — our fastest checkout yet', 'Be one of the first to try WooPay, our new express checkout feature. <br>Boost conversions by letting customers pay with a single click. <br><br>Update to the latest version of WooCommerce Payments to get started.', '{}', 'pending', 'woocommerce.com', '2023-08-11 18:43:49', NULL, 0, 'plain', '', 0, 0, 'info'),
(40, 'woopay-beta-merchantrecruitment-short-06MAY23-TESTA', 'info', 'en_US', 'Increase conversions with WooPay — our fastest checkout yet', 'Be one of the first to try WooPay, a new express checkout feature for WooCommerce Payments. \r\n<br><br>\r\nBoost conversions by letting customers pay with a single click.', '{}', 'pending', 'woocommerce.com', '2023-08-11 18:43:49', NULL, 0, 'plain', '', 0, 0, 'info'),
(41, 'woopay-beta-merchantrecruitment-short-06MAY23-TESTB', 'info', 'en_US', 'Increase conversions with WooPay — our fastest checkout yet', 'Be one of the first to try WooPay, a new express checkout feature for WooCommerce Payments. \r\n<br><br>\r\nBoost conversions by letting customers pay with a single click.', '{}', 'pending', 'woocommerce.com', '2023-08-11 18:43:49', NULL, 0, 'plain', '', 0, 0, 'info'),
(42, 'woopay-beta-merchantrecruitment-short-06MAY23-TESTC', 'info', 'en_US', 'Increase conversions with WooPay — our fastest checkout yet', 'Be one of the first to try WooPay, a new express checkout feature for WooCommerce Payments. \r\n<br><br>\r\nBoost conversions by letting customers pay with a single click.', '{}', 'pending', 'woocommerce.com', '2023-08-11 18:43:49', NULL, 0, 'plain', '', 0, 0, 'info'),
(43, 'woopay-beta-merchantrecruitment-short-06MAY23-TESTD', 'info', 'en_US', 'Increase conversions with WooPay — our fastest checkout yet', 'Be one of the first to try WooPay, a new express checkout feature for WooCommerce Payments. \r\n<br><br>\r\nBoost conversions by letting customers pay with a single click.', '{}', 'pending', 'woocommerce.com', '2023-08-11 18:43:49', NULL, 0, 'plain', '', 0, 0, 'info'),
(44, 'woopay-beta-merchantrecruitment-short-09MAY23', 'info', 'en_US', 'Increase conversions with WooPay — our fastest checkout yet', 'Be one of the first to try WooPay, a new express checkout feature for WooCommerce Payments. \r\n<br><br>\r\nBoost conversions by letting customers pay with a single click.', '{}', 'pending', 'woocommerce.com', '2023-08-11 18:43:49', NULL, 0, 'plain', '', 0, 0, 'info'),
(45, 'woopay-beta-merchantrecruitment-short-update-09MAY23', 'info', 'en_US', 'Increase conversions with WooPay — our fastest checkout yet', 'Be one of the first to try WooPay, our new express checkout feature. <br>Boost conversions by letting customers pay with a single click. <br><br>Update to the latest version of WooCommerce Payments to get started.', '{}', 'pending', 'woocommerce.com', '2023-08-11 18:43:49', NULL, 0, 'plain', '', 0, 0, 'info'),
(46, 'ipp_refresh_q2_2023_us_inbox_notification', 'marketing', 'en_US', 'Grow on the go with in-person payments', 'Sell your products or services on the go with the M2 card reader – a quick, synchronized, and secure way to take payments, no matter where you are. Create an order using the WooCommerce mobile app and connect your card reader to accept payments.', '{}', 'unactioned', 'woocommerce.com', '2023-08-11 20:03:47', NULL, 0, 'plain', '', 0, 0, 'info'),
(47, 'ipp_refresh_q2_2023_ca_inbox_notification', 'marketing', 'en_US', 'Grow on the go with in-person payments', 'Sell your products or services on the go with the WisePad 3 card reader – a quick, synchronized, and secure way to take payments, no matter where you are. Create an order using the WooCommerce mobile app and connect your card reader to accept payments.', '{}', 'pending', 'woocommerce.com', '2023-08-11 18:43:49', NULL, 0, 'plain', '', 0, 0, 'info'),
(48, 'woocommerce-WCstripe-May-2023-updated-needed', 'update', 'en_US', 'Action required: Security update of WooCommerce Stripe plugin', '<strong>Your store requires a security update for the WooCommerce Stripe plugin</strong>. Please update the WooCommerce Stripe plugin immediately to address a potential vulnerability.', '{}', 'pending', 'woocommerce.com', '2023-08-11 18:43:49', NULL, 0, 'plain', '', 0, 0, 'info'),
(49, 'woocommerce-WCPayments-June-2023-updated-needed', 'update', 'en_US', 'Action required: Security update of WooCommerce Payments', '<strong>Your store requires a security update for the WooCommerce Payments plugin</strong>. Please update the WooCommerce Payments plugin immediately to address a potential vulnerability.', '{}', 'pending', 'woocommerce.com', '2023-08-11 18:43:49', NULL, 0, 'plain', '', 0, 0, 'info'),
(50, 'woocommerce-WCSubscriptions-June-2023-updated-needed', 'marketing', 'en_US', 'Action required: Security update of WooCommerce Subscriptions', '<strong>Your store requires a security update for the WooCommerce Subscriptions plugin</strong>. Please update the WooCommerce Subscriptions plugin immediately to address a potential vulnerability.', '{}', 'pending', 'woocommerce.com', '2023-08-11 18:43:49', NULL, 0, 'plain', '', 0, 0, 'info'),
(51, 'woocommerce-WCReturnsWarranty-June-2023-updated-needed', 'update', 'en_US', 'Action required: Security update of WooCommerce Returns and Warranty Requests extension', '<strong>Your store requires a security update for the Returns and Warranty Requests extension</strong>.  Please update to the latest version of the WooCommerce Returns and Warranty Requests extension immediately to address a potential vulnerability discovered on May 31.', '{}', 'pending', 'woocommerce.com', '2023-08-11 18:43:49', NULL, 0, 'plain', '', 0, 0, 'info'),
(52, 'woocommerce-WCOPC-June-2023-updated-needed', 'update', 'en_US', 'Action required: Security update of WooCommerce One Page Checkout', '<strong>Your shop requires a security update to address a vulnerability in the WooCommerce One Page Checkout extension</strong>. The fix for this vulnerability was released for this extension on June 13th. Please update immediately.', '{}', 'pending', 'woocommerce.com', '2023-08-11 18:43:49', NULL, 0, 'plain', '', 0, 0, 'info'),
(53, 'woocommerce-WCGC-July-2023-update-needed', 'update', 'en_US', 'Action required: Security update of WooCommerce GoCardless Extension', '<strong>Your shop requires a security update to address a vulnerability in the WooCommerce GoCardless extension</strong>. The fix for this vulnerability was released on July 4th. Please update immediately.', '{}', 'pending', 'woocommerce.com', '2023-08-11 18:43:49', NULL, 0, 'plain', '', 0, 0, 'info'),
(54, 'wc-admin-wcpay-bulgaria-Q2-2023', 'marketing', 'en_US', 'WooCommerce Payments is now available in Bulgaria!', 'We’ve recently released WooCommerce Payments in Bulgaria. You can view and manage transactions right in your WordPress dashboard while securely accepting major cards, Apple Pay, and payments in over 100 currencies.', '{}', 'pending', 'woocommerce.com', '2023-08-11 18:43:49', NULL, 0, 'plain', '', 0, 0, 'info'),
(55, 'wc-admin-wcpay-czechia-Q2-2023', 'marketing', 'en_US', 'WooCommerce Payments is now available in Czechia!', 'We’ve recently released WooCommerce Payments in Czechia. You can view and manage transactions right in your WordPress dashboard while securely accepting major cards, Apple Pay, and payments in over 100 currencies.', '{}', 'pending', 'woocommerce.com', '2023-08-11 18:43:49', NULL, 0, 'plain', '', 0, 0, 'info'),
(56, 'wc-admin-wcpay-croatia-Q2-2023', 'marketing', 'en_US', 'WooCommerce Payments is now available in Croatia!', 'We’ve recently released WooCommerce Payments in Croatia. You can view and manage transactions right in your WordPress dashboard while securely accepting major cards, Apple Pay, and payments in over 100 currencies.', '{}', 'pending', 'woocommerce.com', '2023-08-11 18:43:49', NULL, 0, 'plain', '', 0, 0, 'info'),
(57, 'wc-admin-wcpay-hungary-Q2-2023', 'marketing', 'en_US', 'WooCommerce Payments is now available in Hungary!', 'We’ve recently released WooCommerce Payments in Hungary. You can view and manage transactions right in your WordPress dashboard while securely accepting major cards, Apple Pay, and payments in over 100 currencies.', '{}', 'pending', 'woocommerce.com', '2023-08-11 18:43:49', NULL, 0, 'plain', '', 0, 0, 'info'),
(58, 'wc-admin-wcpay-romania-Q2-2023', 'marketing', 'en_US', 'WooCommerce Payments is now available in Romania!', 'We’ve recently released WooCommerce Payments in Romania. You can view and manage transactions right in your WordPress dashboard while securely accepting major cards, Apple Pay, and payments in over 100 currencies.', '{}', 'pending', 'woocommerce.com', '2023-08-11 18:43:49', NULL, 0, 'plain', '', 0, 0, 'info'),
(59, 'wc-admin-wcpay-sweden-Q2-2023', 'marketing', 'en_US', 'WooCommerce Payments is now available in Sweden!', 'We’ve recently released WooCommerce Payments in Sweden. You can view and manage transactions right in your WordPress dashboard while securely accepting major cards, Apple Pay, and payments in over 100 currencies.', '{}', 'pending', 'woocommerce.com', '2023-08-11 18:43:49', NULL, 0, 'plain', '', 0, 0, 'info'),
(60, 'woocommerce-shipping-fedex-api-outage-2023-07-16', 'warning', 'en_US', 'Scheduled FedEx API outage — July 2023', 'On July 16 there will be a full outage of the FedEx API from 04:00 to 08:00 AM UTC. Due to planned maintenance by FedEx, you\'ll be unable to provide FedEx shipping rates during this time. Follow the link below for more information and recommendations on how to minimize impact.', '{}', 'pending', 'woocommerce.com', '2023-08-11 18:43:49', NULL, 0, 'plain', '', 0, 0, 'info'),
(61, 'wcship-2023-07-hazmat-update-needed', 'update', 'en_US', 'Action required: USPS HAZMAT compliance update for WooCommerce Shipping & Tax extension', '<strong>Your store requires an update for the WooCommerce Shipping extension</strong>. Please update to the latest version of the WooCommerce Shipping &amp; Tax extension immediately to ensure compliance with new USPS HAZMAT rules currently in effect.', '{}', 'pending', 'woocommerce.com', '2023-08-11 18:43:49', NULL, 0, 'plain', '', 0, 0, 'info'),
(62, 'woocommerce-WCStripe-Aug-2023-update-needed', 'update', 'en_US', 'Action required: Security update for WooCommerce Stripe plugin', '<strong>Your shop requires an important security update for the  WooCommerce Stripe plugin</strong>. The fix for this vulnerability was released on July 31. Please update immediately.', '{}', 'pending', 'woocommerce.com', '2023-08-11 18:43:49', NULL, 0, 'plain', '', 0, 0, 'info'),
(63, 'woocommerce-WCStripe-Aug-2023-security-updated', 'update', 'en_US', 'Security update of WooCommerce Stripe plugin', '<strong>Your store has been updated to the latest secure version of the WooCommerce Stripe plugin</strong>. This update was released on July 31.', '{}', 'pending', 'woocommerce.com', '2023-08-11 18:43:49', NULL, 0, 'plain', '', 0, 0, 'info'),
(64, 'woocommerce-WooPayments-Aug-2023-update-needed', 'update', 'en_US', 'Action required: Security update for WooPayments (WooCommerce Payments) plugin', '<strong>Your shop requires an important security update for the WooPayments (WooCommerce Payments) extension</strong>. The fix for this vulnerability was released on July 31. Please update immediately.', '{}', 'pending', 'woocommerce.com', '2023-08-11 18:43:49', NULL, 0, 'plain', '', 0, 0, 'info'),
(65, 'woocommerce-WooPayments-Aug-2023-security-updated', 'update', 'en_US', 'Security update of WooPayments (WooCommerce Payments) plugin', '<strong>Your store has been updated to the more secure version of WooPayments (WooCommerce Payments)</strong>. This update was released on July 31.', '{}', 'pending', 'woocommerce.com', '2023-08-11 18:43:49', NULL, 0, 'plain', '', 0, 0, 'info'),
(66, 'avalara_q3-2023_noAvaTax', 'marketing', 'en_US', 'Automatically calculate VAT in real time', 'Take the effort out of determining tax rates and sell confidently across borders with automated tax management from Avalara AvaTax— including built-in VAT calculation when you sell into or across the EU and UK. Save time and stay compliant when you let Avalara do the heavy lifting.', '{}', 'pending', 'woocommerce.com', '2023-08-11 18:43:49', NULL, 0, 'plain', '', 0, 0, 'info'),
(67, 'google_uxstudy_recruitment_q3-2023', 'marketing', 'en_US', 'Share your feedback in exchange for $150', 'Woo has teamed up with Google to collect feedback on advertising products and services available to you. If selected, you’ll receive an incentive equal to $150 USD for a 60-minute interview that can help improve the products you use to advertise. If interested, please take 2 minutes to complete the screening survey.', '{}', 'pending', 'woocommerce.com', '2023-08-11 18:43:49', NULL, 0, 'plain', '', 0, 0, 'info'),
(68, 'wc-admin-customizing-product-catalog', 'info', 'en_US', 'How to customize your product catalog', 'You want your product catalog and images to look great and align with your brand. This guide will give you all the tips you need to get your products looking great in your store.', '{}', 'unactioned', 'woocommerce-admin', '2023-08-11 18:46:20', NULL, 0, 'plain', '', 0, 0, 'info'),
(69, 'wc-admin-wc-helper-connection', 'info', 'en_US', 'Connect to WooCommerce.com', 'Connect to get important product notifications and updates.', '{}', 'unactioned', 'woocommerce-admin', '2023-08-11 19:29:23', NULL, 0, 'plain', '', 0, 1, 'info'),
(70, 'wc-admin-choosing-a-theme', 'marketing', 'en_US', 'Choosing a theme?', 'Check out the themes that are compatible with WooCommerce and choose one aligned with your brand and business needs.', '{}', 'unactioned', 'woocommerce-admin', '2023-08-12 18:48:37', NULL, 0, 'plain', '', 0, 0, 'info'),
(71, 'wc-admin-launch-checklist', 'info', 'en_US', 'Ready to launch your store?', 'To make sure you never get that sinking \"what did I forget\" feeling, we\'ve put together the essential pre-launch checklist.', '{}', 'unactioned', 'woocommerce-admin', '2023-08-12 18:48:37', NULL, 0, 'plain', '', 0, 0, 'info'),
(72, 'wc-admin-mobile-app', 'info', 'en_US', 'Install Woo mobile app', 'Install the WooCommerce mobile app to manage orders, receive sales notifications, and view key metrics — wherever you are.', '{}', 'unactioned', 'woocommerce-admin', '2023-08-13 19:33:36', NULL, 0, 'plain', '', 0, 0, 'info'),
(73, 'wc-admin-marketing-jetpack-backup', 'marketing', 'en_US', 'Protect your WooCommerce Store with Jetpack Backup.', 'Store downtime means lost sales. One-click restores get you back online quickly if something goes wrong.', '{}', 'unactioned', 'woocommerce-admin-notes', '2023-08-14 19:17:45', NULL, 0, 'thumbnail', 'https://thesolutions1.com/get-trained/wp-content/plugins/woocommerce/assets/images/admin_notes/marketing-jetpack-2x.png', 0, 0, 'info'),
(74, 'wc-admin-usage-tracking-opt-in', 'info', 'en_US', 'Help WooCommerce improve with usage tracking', 'Gathering usage data allows us to improve WooCommerce. Your store will be considered as we evaluate new features, judge the quality of an update, or determine if an improvement makes sense. You can always visit the <a href=\"https://thesolutions1.com/get-trained/wp-admin/admin.php?page=wc-settings&#038;tab=advanced&#038;section=woocommerce_com\" target=\"_blank\">Settings</a> and choose to stop sharing data. <a href=\"https://woocommerce.com/usage-tracking?utm_medium=product\" target=\"_blank\">Read more</a> about what data we collect.', '{}', 'unactioned', 'woocommerce-admin', '2023-08-18 19:16:04', NULL, 0, 'plain', '', 0, 1, 'info'),
(75, 'wc-admin-woocommerce-payments', 'marketing', 'en_US', 'Try the new way to get paid', 'Securely accept credit and debit cards on your site. Manage transactions without leaving your WordPress dashboard. Only with <strong>WooPayments</strong>.<br><br>By clicking \"Get started\", you agree to our <a href=\"https://wordpress.com/tos/\" target=\"_blank\">Terms of Service</a>', '{}', 'unactioned', 'woocommerce-admin', '2023-08-18 19:16:04', NULL, 0, 'plain', '', 0, 1, 'info'),
(76, 'woo-activation-survey-blockers-22AUG23', 'info', 'en_US', 'How can we help you get that first sale?', 'Your feedback is vital. Please take a minute to share your experience of setting up your new store and whether anything is preventing you from making those first few sales. Together, we can make Woo even better!', '{}', 'unactioned', 'woocommerce.com', '2023-08-22 19:07:41', NULL, 0, 'plain', '', 0, 1, 'info');

-- --------------------------------------------------------

--
-- Table structure for table `wp5r_2_wc_admin_note_actions`
--

CREATE TABLE `wp5r_2_wc_admin_note_actions` (
  `action_id` bigint(20) UNSIGNED NOT NULL,
  `note_id` bigint(20) UNSIGNED NOT NULL,
  `name` varchar(255) NOT NULL,
  `label` varchar(255) NOT NULL,
  `query` longtext NOT NULL,
  `status` varchar(255) NOT NULL,
  `actioned_text` varchar(255) NOT NULL,
  `nonce_action` varchar(255) DEFAULT NULL,
  `nonce_name` varchar(255) DEFAULT NULL
) ENGINE=MyISAM DEFAULT CHARSET=utf8mb4 COLLATE=utf8mb4_unicode_520_ci;

--
-- Dumping data for table `wp5r_2_wc_admin_note_actions`
--

INSERT INTO `wp5r_2_wc_admin_note_actions` (`action_id`, `note_id`, `name`, `label`, `query`, `status`, `actioned_text`, `nonce_action`, `nonce_name`) VALUES
(1, 1, 'notify-refund-returns-page', 'Edit page', 'https://thesolutions1.com/get-trained/wp-admin/post.php?post=12&action=edit', 'actioned', '', NULL, NULL),
(3778, 2, 'wayflyer_bnpl_q4_2021', 'Level up with funding', 'https://woocommerce.com/products/wayflyer/?utm_source=inbox_note&utm_medium=product&utm_campaign=wayflyer_bnpl_q4_2021', 'actioned', '', NULL, NULL),
(3779, 3, 'wc_shipping_mobile_app_usps_q4_2021', 'Get WooCommerce Shipping', 'https://woocommerce.com/woocommerce-shipping/?utm_source=inbox_note&utm_medium=product&utm_campaign=wc_shipping_mobile_app_usps_q4_2021', 'actioned', '', NULL, NULL),
(3780, 4, 'learn-more', 'Learn more', 'https://docs.woocommerce.com/document/woocommerce-shipping-and-tax/?utm_source=inbox', 'unactioned', '', NULL, NULL),
(3781, 5, 'learn-more', 'Learn more', 'https://woocommerce.com/posts/ecommerce-shipping-solutions-guide/?utm_source=inbox_note&utm_medium=product&utm_campaign=learn-more', 'actioned', '', NULL, NULL),
(3782, 6, 'optimizing-the-checkout-flow', 'Learn more', 'https://woocommerce.com/posts/optimizing-woocommerce-checkout?utm_source=inbox_note&utm_medium=product&utm_campaign=optimizing-the-checkout-flow', 'actioned', '', NULL, NULL),
(3783, 7, 'qualitative-feedback-from-new-users', 'Share feedback', 'https://automattic.survey.fm/wc-pay-new', 'actioned', '', NULL, NULL),
(3784, 8, 'share-feedback', 'Share feedback', 'http://automattic.survey.fm/paypal-feedback', 'unactioned', '', NULL, NULL),
(3785, 9, 'get-started', 'Get started', 'https://woocommerce.com/products/google-listings-and-ads?utm_source=inbox_note&utm_medium=product&utm_campaign=get-started', 'actioned', '', NULL, NULL),
(3786, 10, 'update-wc-subscriptions-3-0-15', 'View latest version', 'https://thesolutions1.com/get-trained/wp-admin/&page=wc-addons&section=helper', 'actioned', '', NULL, NULL),
(3787, 11, 'update-wc-core-5-4-0', 'How to update WooCommerce', 'https://docs.woocommerce.com/document/how-to-update-woocommerce/', 'actioned', '', NULL, NULL),
(3788, 14, 'ppxo-pps-install-paypal-payments-1', 'View upgrade guide', 'https://docs.woocommerce.com/document/woocommerce-paypal-payments/paypal-payments-upgrade-guide/', 'actioned', '', NULL, NULL),
(3789, 15, 'ppxo-pps-install-paypal-payments-2', 'View upgrade guide', 'https://docs.woocommerce.com/document/woocommerce-paypal-payments/paypal-payments-upgrade-guide/', 'actioned', '', NULL, NULL),
(3790, 16, 'learn-more', 'Learn more', 'https://woocommerce.com/posts/critical-vulnerability-detected-july-2021/?utm_source=inbox_note&utm_medium=product&utm_campaign=learn-more', 'unactioned', '', NULL, NULL),
(3791, 16, 'dismiss', 'Dismiss', '', 'actioned', '', NULL, NULL),
(3792, 17, 'learn-more', 'Learn more', 'https://woocommerce.com/posts/critical-vulnerability-detected-july-2021/?utm_source=inbox_note&utm_medium=product&utm_campaign=learn-more', 'unactioned', '', NULL, NULL),
(3793, 17, 'dismiss', 'Dismiss', '', 'actioned', '', NULL, NULL),
(3794, 18, 'learn-more', 'Learn more', 'https://woocommerce.com/posts/critical-vulnerability-detected-july-2021/?utm_source=inbox_note&utm_medium=product&utm_campaign=learn-more', 'unactioned', '', NULL, NULL),
(3795, 18, 'dismiss', 'Dismiss', '', 'actioned', '', NULL, NULL),
(3796, 19, 'learn-more', 'Learn more', 'https://woocommerce.com/posts/critical-vulnerability-detected-july-2021/?utm_source=inbox_note&utm_medium=product&utm_campaign=learn-more', 'unactioned', '', NULL, NULL),
(3797, 19, 'dismiss', 'Dismiss', '', 'actioned', '', NULL, NULL),
(3798, 20, 'share-feedback', 'Share feedback', 'https://automattic.survey.fm/store-management', 'unactioned', '', NULL, NULL),
(3800, 21, 'woocommerce-core-paypal-march-2022-dismiss', 'Dismiss', '', 'actioned', '', NULL, NULL),
(3799, 21, 'learn-more', 'Learn more', 'https://developer.woocommerce.com/2022/03/10/woocommerce-3-5-10-6-3-1-security-releases/', 'unactioned', '', NULL, NULL),
(3801, 22, 'learn-more', 'Learn more', 'https://developer.woocommerce.com/2022/03/10/woocommerce-3-5-10-6-3-1-security-releases/', 'unactioned', '', NULL, NULL),
(3802, 22, 'dismiss', 'Dismiss', '', 'actioned', '', NULL, NULL),
(3803, 23, 'pinterest_03_2022_update', 'Update Instructions', 'https://woocommerce.com/document/pinterest-for-woocommerce/?utm_source=inbox_note&utm_medium=product&utm_campaign=pinterest_03_2022_update#section-3', 'actioned', '', NULL, NULL),
(3804, 24, 'store_setup_survey_survey_q2_2022_share_your_thoughts', 'Tell us how it’s going', 'https://automattic.survey.fm/store-setup-survey-2022', 'actioned', '', NULL, NULL),
(3805, 25, 'learn-more', 'Find out more', 'https://developer.woocommerce.com/2022/08/09/woocommerce-payments-3-9-4-4-5-1-security-releases/', 'unactioned', '', NULL, NULL),
(3806, 25, 'dismiss', 'Dismiss', '', 'actioned', '', NULL, NULL),
(3807, 26, 'learn-more', 'Find out more', 'https://developer.woocommerce.com/2022/08/09/woocommerce-payments-3-9-4-4-5-1-security-releases/', 'unactioned', '', NULL, NULL),
(3808, 26, 'dismiss', 'Dismiss', '', 'actioned', '', NULL, NULL),
(3810, 27, 'needs-update-eway-payment-gateway-rin-dismiss-button-2022-12-20', 'Dismiss', '#', 'actioned', '', NULL, NULL),
(3809, 27, 'needs-update-eway-payment-gateway-rin-action-button-2022-12-20', 'See available updates', 'https://thesolutions1.com/get-trained/wp-admin/update-core.php', 'unactioned', '', NULL, NULL),
(3812, 28, 'updated-eway-payment-gateway-rin-dismiss-button-2022-12-20', 'Dismiss', '#', 'actioned', '', NULL, NULL),
(3811, 28, 'updated-eway-payment-gateway-rin-action-button-2022-12-20', 'See all updates', 'https://thesolutions1.com/get-trained/wp-admin/update-core.php', 'unactioned', '', NULL, NULL),
(3813, 29, 'share-navigation-survey-feedback', 'Share feedback', 'https://automattic.survey.fm/new-ecommerce-plan-navigation', 'actioned', '', NULL, NULL),
(3814, 30, 'woopay-beta-merchantrecruitment-activate-04MAY23', 'Activate WooPay', 'https://thesolutions1.com/get-trained/wp-admin/admin.php?page=wc-settings&tab=checkout&section=woocommerce_payments&method=platform_checkout', 'actioned', '', NULL, NULL),
(3817, 31, 'woocommerce-wcpay-march-2023-update-needed-dismiss-button', 'Dismiss', '#', 'actioned', '', NULL, NULL),
(3816, 31, 'woocommerce-wcpay-march-2023-update-needed-button', 'See Blog Post', 'https://developer.woocommerce.com/2023/03/23/critical-vulnerability-detected-in-woocommerce-payments-what-you-need-to-know', 'unactioned', '', NULL, NULL),
(3818, 32, 'tap_to_pay_iphone_q2_2023_no_wcpay', 'Simplify my payments', 'https://woocommerce.com/products/woocommerce-payments/?utm_source=inbox_note&utm_medium=product&utm_campaign=tap_to_pay_iphone_q2_2023_no_wcpay', 'actioned', '', NULL, NULL),
(3554, 33, 'tap_to_pay_iphone_q2_2023_with_wcpay', 'Set up Tap to Pay on iPhone', 'https://woocommerce.com/document/woopayments/in-person-payments/tap-to-pay-iphone?utm_source=inbox_note&utm_medium=product&utm_campaign=tap_to_pay_iphone_q2_2023_with_wcpay', 'actioned', '', NULL, NULL),
(3819, 34, 'extension-settings', 'See available updates', 'https://thesolutions1.com/get-trained/wp-admin/update-core.php', 'unactioned', '', NULL, NULL),
(3820, 34, 'dismiss', 'Dismiss', '#', 'actioned', '', NULL, NULL),
(3822, 35, 'woopay-beta-merchantrecruitment-update-activate-04MAY23', 'Activate WooPay', 'https://thesolutions1.com/get-trained/wp-admin/admin.php?page=wc-settings&tab=checkout&section=woocommerce_payments&method=platform_checkout', 'actioned', '', NULL, NULL),
(3823, 36, 'woopay-beta-existingmerchants-noaction-documentation-27APR23', 'Documentation', 'https://woocommerce.com/document/woopay-merchant-documentation/?utm_source=inbox_note&utm_medium=product&utm_campaign=woopay-beta-existingmerchants-noaction-documentation-27APR23', 'actioned', '', NULL, NULL),
(3824, 37, 'woopay-beta-existingmerchants-update-WCPay-27APR23', 'Update WooCommerce Payments', 'https://thesolutions1.com/get-trained/wp-admin/plugins.php?plugin_status=all', 'actioned', '', NULL, NULL),
(3825, 38, 'woopay-beta-merchantrecruitment-short-activate-04MAY23', 'Activate WooPay', 'https://thesolutions1.com/get-trained/wp-admin/admin.php?page=wc-settings&tab=checkout&section=woocommerce_payments&method=platform_checkout', 'actioned', '', NULL, NULL),
(3827, 39, 'woopay-beta-merchantrecruitment-short-update-WCPay-04MAY23', 'Update WooCommerce Payments', 'https://thesolutions1.com/get-trained/wp-admin/plugins.php?plugin_status=all', 'unactioned', '', NULL, NULL),
(3828, 39, 'woopay-beta-merchantrecruitment-short-update-activate-04MAY23', 'Activate WooPay', 'https://thesolutions1.com/get-trained/wp-admin/admin.php?page=wc-settings&tab=checkout&section=woocommerce_payments&method=platform_checkout', 'actioned', '', NULL, NULL),
(3829, 40, 'woopay-beta-merchantrecruitment-short-activate-06MAY23-TESTA', 'Activate WooPay Test A', 'https://thesolutions1.com/get-trained/wp-admin/admin.php?page=wc-settings&tab=checkout&section=woocommerce_payments&method=platform_checkout', 'unactioned', '', NULL, NULL),
(3831, 41, 'woopay-beta-merchantrecruitment-short-activate-06MAY23-TESTB', 'Activate WooPay Test B', 'https://thesolutions1.com/get-trained/wp-admin/admin.php?page=wc-settings&tab=checkout&section=woocommerce_payments&method=platform_checkout', 'unactioned', '', NULL, NULL),
(3832, 41, 'woopay-beta-merchantrecruitment-short-activate-learnmore-06MAY23-TESTA', 'Learn More', 'https://woocommerce.com/woopay-businesses/?utm_source=inbox_note&utm_medium=product&utm_campaign=woopay-beta-merchantrecruitment-short-activate-learnmore-06MAY23-TESTA', 'unactioned', '', NULL, NULL),
(2358, 75, 'learn-more', 'Learn more', 'https://woocommerce.com/payments/?utm_medium=product', 'unactioned', '', NULL, NULL),
(1050, 71, 'learn-more', 'Learn more', 'https://woocommerce.com/posts/pre-launch-checklist-the-essentials/?utm_source=inbox&utm_medium=product', 'actioned', '', NULL, NULL),
(3833, 42, 'woopay-beta-merchantrecruitment-short-activate-06MAY23-TESTC', 'Activate WooPay Test C', 'https://thesolutions1.com/get-trained/wp-admin/admin.php?page=wc-settings&tab=checkout&section=woocommerce_payments&method=platform_checkout', 'unactioned', '', NULL, NULL),
(2359, 75, 'get-started', 'Get started', 'https://thesolutions1.com/get-trained/wp-admin/admin.php?page=wc-admin&action=setup-woocommerce-payments', 'actioned', '', 'setup-woocommerce-payments', ''),
(3837, 44, 'woopay-beta-merchantrecruitment-short-activate-button-09MAY23', 'Activate WooPay', 'https://thesolutions1.com/get-trained/wp-admin/admin.php?page=wc-settings&tab=checkout&section=woocommerce_payments&method=platform_checkout', 'unactioned', '', NULL, NULL),
(3838, 44, 'woopay-beta-merchantrecruitment-short-activate-learnmore-button2-09MAY23', 'Learn More', 'https://woocommerce.com/woopay-businesses/?utm_source=inbox_note&utm_medium=product&utm_campaign=woopay-beta-merchantrecruitment-short-activate-learnmore-button2-09MAY23', 'unactioned', '', NULL, NULL),
(3841, 46, 'ipp_refresh_q2_2023_us_inbox_notification', 'Grow my business on the go', 'https://woocommerce.com/in-person-payments/?utm_source=inbox_note&utm_medium=product&utm_campaign=ipp_refresh_q2_2023_us_inbox_notification', 'actioned', '', NULL, NULL),
(3842, 47, 'ipp_refresh_q2_2023_ca_inbox_notification', 'Grow my business on the go', 'https://woocommerce.com/in-person-payments/?utm_source=inbox_note&utm_medium=product&utm_campaign=ipp_refresh_q2_2023_ca_inbox_notification', 'actioned', '', NULL, NULL),
(3844, 48, 'woocommerce-WCStripe-May-2023-updated-needed-Plugin-Settings-dismiss', 'Dismiss', '#', 'actioned', '', NULL, NULL),
(3843, 48, 'woocommerce-WCStripe-May-2023-updated-needed-Plugin-Settings', 'See available updates', 'https://thesolutions1.com/get-trained/wp-admin/plugins.php?plugin_status=all', 'unactioned', '', NULL, NULL),
(3846, 49, 'woocommerce-WCPayments-June-2023-updated-needed-Dismiss', 'Dismiss', '#', 'actioned', '', NULL, NULL),
(3845, 49, 'woocommerce-WCPayments-June-2023-updated-needed-Plugin-Settings', 'See available updates', 'https://thesolutions1.com/get-trained/wp-admin/plugins.php?plugin_status=all', 'unactioned', '', NULL, NULL),
(3848, 50, 'woocommerce-WCSubscriptions-June-2023-updated-needed-dismiss', 'Dismiss', '#', 'actioned', '', NULL, NULL),
(3847, 50, 'woocommerce-WCSubscriptions-June-2023-updated-needed-Plugin-Settings', 'See available updates', 'https://thesolutions1.com/get-trained/wp-admin/plugins.php?plugin_status=all', 'unactioned', '', NULL, NULL),
(3850, 51, 'woocommerce-WCReturnsWarranty-June-2023-updated-needed', 'Dismiss', '#', 'actioned', '', NULL, NULL),
(3849, 51, 'woocommerce-WCReturnsWarranty-June-2023-updated-needed', 'See available updates', 'https://thesolutions1.com/get-trained/wp-admin/plugins.php?plugin_status=all', 'unactioned', '', NULL, NULL),
(3852, 52, 'woocommerce-WCOPC-June-2023-updated-needed', 'Dismiss', 'https://thesolutions1.com/get-trained/wp-admin/#', 'actioned', '', NULL, NULL),
(3851, 52, 'woocommerce-WCOPC-June-2023-updated-needed', 'See available updates', 'https://thesolutions1.com/get-trained/wp-admin/plugins.php?plugin_status=all', 'actioned', '', NULL, NULL),
(3854, 53, 'woocommerce-WCGC-July-2023-update-needed', 'Dismiss', '#', 'actioned', '', NULL, NULL),
(3853, 53, 'woocommerce-WCGC-July-2023-update-needed', 'See available updates', 'https://thesolutions1.com/get-trained/wp-admin/plugins.php?plugin_status=all', 'unactioned', '', NULL, NULL),
(2165, 54, 'wc-admin-wcpay-bulgaria-Q2-2023', 'Simplify my payments', 'https://woocommerce.com/payments/bulgaria/?utm_source=inbox_note&utm_medium=product&utm_campaign=wc-admin-wcpay-bulgaria-Q2-2023', 'actioned', '', NULL, NULL),
(2166, 55, 'wc-admin-wcpay-czechia-Q2-2023', 'Simplify my payments', 'https://woocommerce.com/payments/czechia/?utm_source=inbox_note&utm_medium=product&utm_campaign=wc-admin-wcpay-czechia-Q2-2023', 'actioned', '', NULL, NULL),
(2167, 56, 'wc-admin-wcpay-croatia-Q2-2023', 'Simplify my payments', 'https://woocommerce.com/payments/croatia/?utm_source=inbox_note&utm_medium=product&utm_campaign=wc-admin-wcpay-croatia-Q2-2023', 'actioned', '', NULL, NULL),
(2168, 57, 'wc-admin-wcpay-hungary-Q2-2023', 'Simplify my payments', 'https://woocommerce.com/payments/hungary/?utm_source=inbox_note&utm_medium=product&utm_campaign=wc-admin-wcpay-hungary-Q2-2023', 'actioned', '', NULL, NULL),
(2169, 58, 'wc-admin-wcpay-romania-Q2-2023', 'Simplify my payments', 'https://woocommerce.com/payments/romania/?utm_source=inbox_note&utm_medium=product&utm_campaign=wc-admin-wcpay-romania-Q2-2023', 'actioned', '', NULL, NULL),
(2170, 59, 'wc-admin-wcpay-sweden-Q2-2023', 'Simplify my payments', 'https://woocommerce.com/payments/sweden/?utm_source=inbox_note&utm_medium=product&utm_campaign=wc-admin-wcpay-sweden-Q2-2023', 'actioned', '', NULL, NULL),
(3855, 60, 'learn-more', 'Learn more', 'https://woocommerce.com/document/fedex/?utm_medium=product&utm_source=inbox_note&utm_campaign=learn-more#july-2023-api-outage', 'unactioned', '', NULL, NULL),
(3857, 61, 'dismiss', 'Dismiss', 'https://thesolutions1.com/get-trained/wp-admin/admin.php?page=wc-admin', 'actioned', '', NULL, NULL),
(3856, 61, 'plugin-list', 'See available updates', 'https://thesolutions1.com/get-trained/wp-admin/plugins.php?plugin_status=all', 'unactioned', '', NULL, NULL),
(3858, 62, 'woocommerce-WCStripe-Aug-2023-update-needed', 'See available updates', 'https://thesolutions1.com/get-trained/wp-admin/update-core.php?', 'unactioned', '', NULL, NULL),
(3859, 62, 'dismiss', 'Dismniss', '#', 'actioned', '', NULL, NULL),
(3860, 63, 'dismiss', 'Dismiss', '#', 'actioned', '', NULL, NULL),
(3861, 64, 'woocommerce-WooPayments-Aug-2023-update-needed', 'See available updates', 'https://thesolutions1.com/get-trained/wp-admin/update-core.php?', 'unactioned', '', NULL, NULL),
(3862, 64, 'dismiss', 'Dismiss', '#', 'actioned', '', NULL, NULL),
(3863, 65, 'dismiss', 'Dismiss', '#', 'actioned', '', NULL, NULL),
(3864, 66, 'avalara_q3-2023_noAvaTax', 'Automate my sales tax', 'https://woocommerce.com/products/woocommerce-avatax/?utm_source=inbox_note&utm_medium=product&utm_campaign=avalara_q3-2023_noAvaTax', 'unactioned', '', NULL, NULL),
(1048, 67, 'google_uxstudy_recruitment_q3-2023', 'Take the survey', 'https://eachandother.fra1.qualtrics.com/jfe/form/SV_0W118szcJOtIkzc', 'unactioned', '', NULL, NULL),
(3815, 30, 'woopay-beta-merchantrecruitment-activate-learnmore-04MAY23', 'Learn More', 'https://woocommerce.com/woopay-businesses/?utm_source=inbox_note&utm_medium=product&utm_campaign=woopay-beta-merchantrecruitment-activate-learnmore-04MAY23', 'unactioned', '', NULL, NULL),
(1049, 70, 'visit-the-theme-marketplace', 'Visit the theme marketplace', 'https://woocommerce.com/product-category/themes/?utm_source=inbox&utm_medium=product', 'actioned', '', NULL, NULL),
(3826, 38, 'woopay-beta-merchantrecruitment-short-activate-learnmore-04MAY23', 'Learn More', 'https://woocommerce.com/woopay-businesses/?utm_source=inbox_note&utm_medium=product&utm_campaign=woopay-beta-merchantrecruitment-short-activate-learnmore-04MAY23', 'actioned', '', NULL, NULL),
(3834, 42, 'woopay-beta-merchantrecruitment-short-activate-learnmore-06MAY23-TESTC', 'Learn More', 'https://woocommerce.com/woopay-businesses/?utm_source=inbox_note&utm_medium=product&utm_campaign=woopay-beta-merchantrecruitment-short-activate-learnmore-06MAY23-TESTC', 'unactioned', '', NULL, NULL),
(3839, 45, 'woopay-beta-merchantrecruitment-short-update-WCPay-09MAY23', 'Update WooCommerce Payments', 'https://thesolutions1.com/get-trained/wp-admin/plugins.php?plugin_status=all', 'unactioned', '', NULL, NULL),
(288, 69, 'connect', 'Connect', '?page=wc-addons&section=helper', 'unactioned', '', NULL, NULL),
(192, 68, 'day-after-first-product', 'Learn more', 'https://woocommerce.com/document/woocommerce-customizer/?utm_source=inbox&utm_medium=product', 'actioned', '', NULL, NULL),
(3821, 35, 'woopay-beta-merchantrecruitment-update-WCPay-04MAY23', 'Update WooCommerce Payments', 'https://thesolutions1.com/get-trained/wp-admin/plugins.php?plugin_status=all', 'unactioned', '', NULL, NULL),
(3840, 45, 'woopay-beta-merchantrecruitment-short-update-activate-09MAY23', 'Activate WooPay', 'https://thesolutions1.com/get-trained/wp-admin/admin.php?page=wc-settings&tab=checkout&section=woocommerce_payments&method=platform_checkout', 'unactioned', '', NULL, NULL),
(1240, 73, 'jetpack-backup-woocommerce', 'Get backups', 'https://jetpack.com/upgrade/backup-woocommerce/?utm_source=inbox&#038;utm_medium=automattic_referred&#038;utm_campaign=jp_backup_to_woo', 'actioned', '', NULL, NULL),
(1145, 72, 'learn-more', 'Learn more', 'https://woocommerce.com/mobile/?utm_medium=product', 'actioned', '', NULL, NULL),
(2357, 74, 'tracking-opt-in', 'Activate usage tracking', '', 'actioned', '', NULL, NULL),
(3830, 40, 'woopay-beta-merchantrecruitment-short-activate-learnmore-06MAY23-TESTA', 'Learn More', 'https://woocommerce.com/woopay-businesses/?utm_source=inbox_note&utm_medium=product&utm_campaign=woopay-beta-merchantrecruitment-short-activate-learnmore-06MAY23-TESTA', 'unactioned', '', NULL, NULL),
(3835, 43, 'woopay-beta-merchantrecruitment-short-activate-06MAY23-TESTD', 'Activate WooPay Test D', 'https://thesolutions1.com/get-trained/wp-admin/admin.php?page=wc-settings&tab=checkout&section=woocommerce_payments&method=platform_checkout', 'unactioned', '', NULL, NULL),
(3836, 43, 'woopay-beta-merchantrecruitment-short-activate-learnmore-06MAY23-TESTD', 'Learn More', 'https://woocommerce.com/woopay-businesses/?utm_source=inbox_note&utm_medium=product&utm_campaign=woopay-beta-merchantrecruitment-short-activate-learnmore-06MAY23-TESTD', 'unactioned', '', NULL, NULL),
(3865, 76, 'woo-activation-survey-blockers-survey-button-22AUG23', 'Take our short survey', 'https://woocommerce.survey.fm/getting-started-with-woo', 'unactioned', '', NULL, NULL);

-- --------------------------------------------------------

--
-- Table structure for table `wp5r_2_wc_category_lookup`
--

CREATE TABLE `wp5r_2_wc_category_lookup` (
  `category_tree_id` bigint(20) UNSIGNED NOT NULL,
  `category_id` bigint(20) UNSIGNED NOT NULL
) ENGINE=MyISAM DEFAULT CHARSET=utf8mb4 COLLATE=utf8mb4_unicode_520_ci;

--
-- Dumping data for table `wp5r_2_wc_category_lookup`
--

INSERT INTO `wp5r_2_wc_category_lookup` (`category_tree_id`, `category_id`) VALUES
(15, 15),
(36, 36),
(37, 37),
(38, 38),
(42, 42),
(45, 45),
(51, 51),
(52, 52),
(54, 54);

-- --------------------------------------------------------

--
-- Table structure for table `wp5r_2_wc_customer_lookup`
--

CREATE TABLE `wp5r_2_wc_customer_lookup` (
  `customer_id` bigint(20) UNSIGNED NOT NULL,
  `user_id` bigint(20) UNSIGNED DEFAULT NULL,
  `username` varchar(60) NOT NULL DEFAULT '',
  `first_name` varchar(255) NOT NULL,
  `last_name` varchar(255) NOT NULL,
  `email` varchar(100) DEFAULT NULL,
  `date_last_active` timestamp NULL DEFAULT NULL,
  `date_registered` timestamp NULL DEFAULT NULL,
  `country` char(2) NOT NULL DEFAULT '',
  `postcode` varchar(20) NOT NULL DEFAULT '',
  `city` varchar(100) NOT NULL DEFAULT '',
  `state` varchar(100) NOT NULL DEFAULT ''
) ENGINE=MyISAM DEFAULT CHARSET=utf8mb4 COLLATE=utf8mb4_unicode_520_ci;

--
-- Dumping data for table `wp5r_2_wc_customer_lookup`
--

INSERT INTO `wp5r_2_wc_customer_lookup` (`customer_id`, `user_id`, `username`, `first_name`, `last_name`, `email`, `date_last_active`, `date_registered`, `country`, `postcode`, `city`, `state`) VALUES
(1, 1, 'admin', 'Kofi', 'Asare', 'admin@thesolutions1.com', '2023-08-27 04:00:00', '2022-06-01 04:23:15', 'GH', '', 'Accra', 'AA'),
(2, 6, 'sismic1', 'test', 'testi', 'sismic050@yahoo.com', '2023-08-26 00:53:16', '2023-08-26 00:24:11', 'US', '43219', 'columbus', 'OH');

-- --------------------------------------------------------

--
-- Table structure for table `wp5r_2_wc_download_log`
--

CREATE TABLE `wp5r_2_wc_download_log` (
  `download_log_id` bigint(20) UNSIGNED NOT NULL,
  `timestamp` datetime NOT NULL,
  `permission_id` bigint(20) UNSIGNED NOT NULL,
  `user_id` bigint(20) UNSIGNED DEFAULT NULL,
  `user_ip_address` varchar(100) DEFAULT ''
) ENGINE=MyISAM DEFAULT CHARSET=utf8mb4 COLLATE=utf8mb4_unicode_520_ci;

-- --------------------------------------------------------

--
-- Table structure for table `wp5r_2_wc_order_addresses`
--

CREATE TABLE `wp5r_2_wc_order_addresses` (
  `id` bigint(20) UNSIGNED NOT NULL,
  `order_id` bigint(20) UNSIGNED NOT NULL,
  `address_type` varchar(20) DEFAULT NULL,
  `first_name` text DEFAULT NULL,
  `last_name` text DEFAULT NULL,
  `company` text DEFAULT NULL,
  `address_1` text DEFAULT NULL,
  `address_2` text DEFAULT NULL,
  `city` text DEFAULT NULL,
  `state` text DEFAULT NULL,
  `postcode` text DEFAULT NULL,
  `country` text DEFAULT NULL,
  `email` varchar(320) DEFAULT NULL,
  `phone` varchar(100) DEFAULT NULL
) ENGINE=MyISAM DEFAULT CHARSET=utf8mb4 COLLATE=utf8mb4_unicode_520_ci;

-- --------------------------------------------------------

--
-- Table structure for table `wp5r_2_wc_order_coupon_lookup`
--

CREATE TABLE `wp5r_2_wc_order_coupon_lookup` (
  `order_id` bigint(20) UNSIGNED NOT NULL,
  `coupon_id` bigint(20) NOT NULL,
  `date_created` datetime NOT NULL DEFAULT '0000-00-00 00:00:00',
  `discount_amount` double NOT NULL DEFAULT 0
) ENGINE=MyISAM DEFAULT CHARSET=utf8mb4 COLLATE=utf8mb4_unicode_520_ci;

-- --------------------------------------------------------

--
-- Table structure for table `wp5r_2_wc_order_operational_data`
--

CREATE TABLE `wp5r_2_wc_order_operational_data` (
  `id` bigint(20) UNSIGNED NOT NULL,
  `order_id` bigint(20) UNSIGNED DEFAULT NULL,
  `created_via` varchar(100) DEFAULT NULL,
  `woocommerce_version` varchar(20) DEFAULT NULL,
  `prices_include_tax` tinyint(1) DEFAULT NULL,
  `coupon_usages_are_counted` tinyint(1) DEFAULT NULL,
  `download_permission_granted` tinyint(1) DEFAULT NULL,
  `cart_hash` varchar(100) DEFAULT NULL,
  `new_order_email_sent` tinyint(1) DEFAULT NULL,
  `order_key` varchar(100) DEFAULT NULL,
  `order_stock_reduced` tinyint(1) DEFAULT NULL,
  `date_paid_gmt` datetime DEFAULT NULL,
  `date_completed_gmt` datetime DEFAULT NULL,
  `shipping_tax_amount` decimal(26,8) DEFAULT NULL,
  `shipping_total_amount` decimal(26,8) DEFAULT NULL,
  `discount_tax_amount` decimal(26,8) DEFAULT NULL,
  `discount_total_amount` decimal(26,8) DEFAULT NULL,
  `recorded_sales` tinyint(1) DEFAULT NULL
) ENGINE=MyISAM DEFAULT CHARSET=utf8mb4 COLLATE=utf8mb4_unicode_520_ci;

-- --------------------------------------------------------

--
-- Table structure for table `wp5r_2_wc_order_product_lookup`
--

CREATE TABLE `wp5r_2_wc_order_product_lookup` (
  `order_item_id` bigint(20) UNSIGNED NOT NULL,
  `order_id` bigint(20) UNSIGNED NOT NULL,
  `product_id` bigint(20) UNSIGNED NOT NULL,
  `variation_id` bigint(20) UNSIGNED NOT NULL,
  `customer_id` bigint(20) UNSIGNED DEFAULT NULL,
  `date_created` datetime NOT NULL DEFAULT '0000-00-00 00:00:00',
  `product_qty` int(11) NOT NULL,
  `product_net_revenue` double NOT NULL DEFAULT 0,
  `product_gross_revenue` double NOT NULL DEFAULT 0,
  `coupon_amount` double NOT NULL DEFAULT 0,
  `tax_amount` double NOT NULL DEFAULT 0,
  `shipping_amount` double NOT NULL DEFAULT 0,
  `shipping_tax_amount` double NOT NULL DEFAULT 0
) ENGINE=MyISAM DEFAULT CHARSET=utf8mb4 COLLATE=utf8mb4_unicode_520_ci;

--
-- Dumping data for table `wp5r_2_wc_order_product_lookup`
--

INSERT INTO `wp5r_2_wc_order_product_lookup` (`order_item_id`, `order_id`, `product_id`, `variation_id`, `customer_id`, `date_created`, `product_qty`, `product_net_revenue`, `product_gross_revenue`, `coupon_amount`, `tax_amount`, `shipping_amount`, `shipping_tax_amount`) VALUES
(1, 5663, 5634, 0, 1, '2023-08-25 17:33:50', 1, 10, 10, 0, 0, 0, 0),
(2, 5709, 5697, 0, 2, '2023-08-25 20:26:23', 1, 10, 10, 0, 0, 0, 0),
(3, 5710, 5634, 0, 2, '2023-08-25 20:53:16', 1, 10, 10, 0, 0, 0, 0),
(4, 5710, 5649, 0, 2, '2023-08-25 20:53:16', 1, 10, 10, 0, 0, 0, 0);

-- --------------------------------------------------------

--
-- Table structure for table `wp5r_2_wc_order_stats`
--

CREATE TABLE `wp5r_2_wc_order_stats` (
  `order_id` bigint(20) UNSIGNED NOT NULL,
  `parent_id` bigint(20) UNSIGNED NOT NULL DEFAULT 0,
  `date_created` datetime NOT NULL DEFAULT '0000-00-00 00:00:00',
  `date_created_gmt` datetime NOT NULL DEFAULT '0000-00-00 00:00:00',
  `date_paid` datetime DEFAULT '0000-00-00 00:00:00',
  `date_completed` datetime DEFAULT '0000-00-00 00:00:00',
  `num_items_sold` int(11) NOT NULL DEFAULT 0,
  `total_sales` double NOT NULL DEFAULT 0,
  `tax_total` double NOT NULL DEFAULT 0,
  `shipping_total` double NOT NULL DEFAULT 0,
  `net_total` double NOT NULL DEFAULT 0,
  `returning_customer` tinyint(1) DEFAULT NULL,
  `status` varchar(200) NOT NULL,
  `customer_id` bigint(20) UNSIGNED NOT NULL
) ENGINE=MyISAM DEFAULT CHARSET=utf8mb4 COLLATE=utf8mb4_unicode_520_ci;

--
-- Dumping data for table `wp5r_2_wc_order_stats`
--

INSERT INTO `wp5r_2_wc_order_stats` (`order_id`, `parent_id`, `date_created`, `date_created_gmt`, `date_paid`, `date_completed`, `num_items_sold`, `total_sales`, `tax_total`, `shipping_total`, `net_total`, `returning_customer`, `status`, `customer_id`) VALUES
(5663, 0, '2023-08-25 17:33:50', '2023-08-25 17:33:50', NULL, NULL, 1, 10, 0, 0, 10, 0, 'wc-on-hold', 1),
(5709, 0, '2023-08-25 20:26:23', '2023-08-25 20:26:23', NULL, NULL, 1, 10, 0, 0, 10, 0, 'wc-on-hold', 2),
(5710, 0, '2023-08-25 20:53:16', '2023-08-25 20:53:16', NULL, NULL, 2, 20, 0, 0, 20, 1, 'wc-on-hold', 2);

-- --------------------------------------------------------

--
-- Table structure for table `wp5r_2_wc_order_tax_lookup`
--

CREATE TABLE `wp5r_2_wc_order_tax_lookup` (
  `order_id` bigint(20) UNSIGNED NOT NULL,
  `tax_rate_id` bigint(20) UNSIGNED NOT NULL,
  `date_created` datetime NOT NULL DEFAULT '0000-00-00 00:00:00',
  `shipping_tax` double NOT NULL DEFAULT 0,
  `order_tax` double NOT NULL DEFAULT 0,
  `total_tax` double NOT NULL DEFAULT 0
) ENGINE=MyISAM DEFAULT CHARSET=utf8mb4 COLLATE=utf8mb4_unicode_520_ci;

-- --------------------------------------------------------

--
-- Table structure for table `wp5r_2_wc_product_attributes_lookup`
--

CREATE TABLE `wp5r_2_wc_product_attributes_lookup` (
  `product_id` bigint(20) NOT NULL,
  `product_or_parent_id` bigint(20) NOT NULL,
  `taxonomy` varchar(32) NOT NULL,
  `term_id` bigint(20) NOT NULL,
  `is_variation_attribute` tinyint(1) NOT NULL,
  `in_stock` tinyint(1) NOT NULL
) ENGINE=MyISAM DEFAULT CHARSET=utf8mb4 COLLATE=utf8mb4_unicode_520_ci;

-- --------------------------------------------------------

--
-- Table structure for table `wp5r_2_wc_product_download_directories`
--

CREATE TABLE `wp5r_2_wc_product_download_directories` (
  `url_id` bigint(20) UNSIGNED NOT NULL,
  `url` varchar(256) NOT NULL,
  `enabled` tinyint(1) NOT NULL DEFAULT 0
) ENGINE=MyISAM DEFAULT CHARSET=utf8mb4 COLLATE=utf8mb4_unicode_520_ci;

--
-- Dumping data for table `wp5r_2_wc_product_download_directories`
--

INSERT INTO `wp5r_2_wc_product_download_directories` (`url_id`, `url`, `enabled`) VALUES
(1, 'file:///home/thesrejz/public_html/wp-content/uploads/sites/2/woocommerce_uploads/', 1),
(2, 'https://thesolutions1.com/get-trained/wp-content/uploads/sites/2/woocommerce_uploads/', 1);

-- --------------------------------------------------------

--
-- Table structure for table `wp5r_2_wc_product_meta_lookup`
--

CREATE TABLE `wp5r_2_wc_product_meta_lookup` (
  `product_id` bigint(20) NOT NULL,
  `sku` varchar(100) DEFAULT '',
  `virtual` tinyint(1) DEFAULT 0,
  `downloadable` tinyint(1) DEFAULT 0,
  `min_price` decimal(19,4) DEFAULT NULL,
  `max_price` decimal(19,4) DEFAULT NULL,
  `onsale` tinyint(1) DEFAULT 0,
  `stock_quantity` double DEFAULT NULL,
  `stock_status` varchar(100) DEFAULT 'instock',
  `rating_count` bigint(20) DEFAULT 0,
  `average_rating` decimal(3,2) DEFAULT 0.00,
  `total_sales` bigint(20) DEFAULT 0,
  `tax_status` varchar(100) DEFAULT 'taxable',
  `tax_class` varchar(100) DEFAULT ''
) ENGINE=MyISAM DEFAULT CHARSET=utf8mb4 COLLATE=utf8mb4_unicode_520_ci;

--
-- Dumping data for table `wp5r_2_wc_product_meta_lookup`
--

INSERT INTO `wp5r_2_wc_product_meta_lookup` (`product_id`, `sku`, `virtual`, `downloadable`, `min_price`, `max_price`, `onsale`, `stock_quantity`, `stock_status`, `rating_count`, `average_rating`, `total_sales`, `tax_status`, `tax_class`) VALUES
(5634, '', 0, 0, 10.0000, 10.0000, 0, NULL, '', 0, 0.00, 2, '', ''),
(5697, '', 0, 0, 10.0000, 10.0000, 0, NULL, '', 0, 0.00, 1, '', ''),
(5649, '', 0, 0, 10.0000, 10.0000, 0, NULL, '', 0, 0.00, 1, '', '');

-- --------------------------------------------------------

--
-- Table structure for table `wp5r_2_wc_rate_limits`
--

CREATE TABLE `wp5r_2_wc_rate_limits` (
  `rate_limit_id` bigint(20) UNSIGNED NOT NULL,
  `rate_limit_key` varchar(200) NOT NULL,
  `rate_limit_expiry` bigint(20) UNSIGNED NOT NULL,
  `rate_limit_remaining` smallint(10) NOT NULL DEFAULT 0
) ENGINE=MyISAM DEFAULT CHARSET=utf8mb4 COLLATE=utf8mb4_unicode_520_ci;

-- --------------------------------------------------------

--
-- Table structure for table `wp5r_2_wc_reserved_stock`
--

CREATE TABLE `wp5r_2_wc_reserved_stock` (
  `order_id` bigint(20) NOT NULL,
  `product_id` bigint(20) NOT NULL,
  `stock_quantity` double NOT NULL DEFAULT 0,
  `timestamp` datetime NOT NULL DEFAULT '0000-00-00 00:00:00',
  `expires` datetime NOT NULL DEFAULT '0000-00-00 00:00:00'
) ENGINE=MyISAM DEFAULT CHARSET=utf8mb4 COLLATE=utf8mb4_unicode_520_ci;

-- --------------------------------------------------------

--
-- Table structure for table `wp5r_2_wc_tax_rate_classes`
--

CREATE TABLE `wp5r_2_wc_tax_rate_classes` (
  `tax_rate_class_id` bigint(20) UNSIGNED NOT NULL,
  `name` varchar(200) NOT NULL DEFAULT '',
  `slug` varchar(200) NOT NULL DEFAULT ''
) ENGINE=MyISAM DEFAULT CHARSET=utf8mb4 COLLATE=utf8mb4_unicode_520_ci;

--
-- Dumping data for table `wp5r_2_wc_tax_rate_classes`
--

INSERT INTO `wp5r_2_wc_tax_rate_classes` (`tax_rate_class_id`, `name`, `slug`) VALUES
(1, 'Reduced rate', 'reduced-rate'),
(2, 'Zero rate', 'zero-rate');

-- --------------------------------------------------------

--
-- Table structure for table `wp5r_2_wc_webhooks`
--

CREATE TABLE `wp5r_2_wc_webhooks` (
  `webhook_id` bigint(20) UNSIGNED NOT NULL,
  `status` varchar(200) NOT NULL,
  `name` text NOT NULL,
  `user_id` bigint(20) UNSIGNED NOT NULL,
  `delivery_url` text NOT NULL,
  `secret` text NOT NULL,
  `topic` varchar(200) NOT NULL,
  `date_created` datetime NOT NULL DEFAULT '0000-00-00 00:00:00',
  `date_created_gmt` datetime NOT NULL DEFAULT '0000-00-00 00:00:00',
  `date_modified` datetime NOT NULL DEFAULT '0000-00-00 00:00:00',
  `date_modified_gmt` datetime NOT NULL DEFAULT '0000-00-00 00:00:00',
  `api_version` smallint(4) NOT NULL,
  `failure_count` smallint(10) NOT NULL DEFAULT 0,
  `pending_delivery` tinyint(1) NOT NULL DEFAULT 0
) ENGINE=MyISAM DEFAULT CHARSET=utf8mb4 COLLATE=utf8mb4_unicode_520_ci;

-- --------------------------------------------------------

--
-- Table structure for table `wp5r_2_woocommerce_api_keys`
--

CREATE TABLE `wp5r_2_woocommerce_api_keys` (
  `key_id` bigint(20) UNSIGNED NOT NULL,
  `user_id` bigint(20) UNSIGNED NOT NULL,
  `description` varchar(200) DEFAULT NULL,
  `permissions` varchar(10) NOT NULL,
  `consumer_key` char(64) NOT NULL,
  `consumer_secret` char(43) NOT NULL,
  `nonces` longtext DEFAULT NULL,
  `truncated_key` char(7) NOT NULL,
  `last_access` datetime DEFAULT NULL
) ENGINE=MyISAM DEFAULT CHARSET=utf8mb4 COLLATE=utf8mb4_unicode_520_ci;

-- --------------------------------------------------------

--
-- Table structure for table `wp5r_2_woocommerce_attribute_taxonomies`
--

CREATE TABLE `wp5r_2_woocommerce_attribute_taxonomies` (
  `attribute_id` bigint(20) UNSIGNED NOT NULL,
  `attribute_name` varchar(200) NOT NULL,
  `attribute_label` varchar(200) DEFAULT NULL,
  `attribute_type` varchar(20) NOT NULL,
  `attribute_orderby` varchar(20) NOT NULL,
  `attribute_public` int(1) NOT NULL DEFAULT 1
) ENGINE=MyISAM DEFAULT CHARSET=utf8mb4 COLLATE=utf8mb4_unicode_520_ci;

-- --------------------------------------------------------

--
-- Table structure for table `wp5r_2_woocommerce_downloadable_product_permissions`
--

CREATE TABLE `wp5r_2_woocommerce_downloadable_product_permissions` (
  `permission_id` bigint(20) UNSIGNED NOT NULL,
  `download_id` varchar(36) NOT NULL,
  `product_id` bigint(20) UNSIGNED NOT NULL,
  `order_id` bigint(20) UNSIGNED NOT NULL DEFAULT 0,
  `order_key` varchar(200) NOT NULL,
  `user_email` varchar(200) NOT NULL,
  `user_id` bigint(20) UNSIGNED DEFAULT NULL,
  `downloads_remaining` varchar(9) DEFAULT NULL,
  `access_granted` datetime NOT NULL DEFAULT '0000-00-00 00:00:00',
  `access_expires` datetime DEFAULT NULL,
  `download_count` bigint(20) UNSIGNED NOT NULL DEFAULT 0
) ENGINE=MyISAM DEFAULT CHARSET=utf8mb4 COLLATE=utf8mb4_unicode_520_ci;

-- --------------------------------------------------------

--
-- Table structure for table `wp5r_2_woocommerce_log`
--

CREATE TABLE `wp5r_2_woocommerce_log` (
  `log_id` bigint(20) UNSIGNED NOT NULL,
  `timestamp` datetime NOT NULL,
  `level` smallint(4) NOT NULL,
  `source` varchar(200) NOT NULL,
  `message` longtext NOT NULL,
  `context` longtext DEFAULT NULL
) ENGINE=MyISAM DEFAULT CHARSET=utf8mb4 COLLATE=utf8mb4_unicode_520_ci;

-- --------------------------------------------------------

--
-- Table structure for table `wp5r_2_woocommerce_order_itemmeta`
--

CREATE TABLE `wp5r_2_woocommerce_order_itemmeta` (
  `meta_id` bigint(20) UNSIGNED NOT NULL,
  `order_item_id` bigint(20) UNSIGNED NOT NULL,
  `meta_key` varchar(255) DEFAULT NULL,
  `meta_value` longtext DEFAULT NULL
) ENGINE=MyISAM DEFAULT CHARSET=utf8mb4 COLLATE=utf8mb4_unicode_520_ci;

--
-- Dumping data for table `wp5r_2_woocommerce_order_itemmeta`
--

INSERT INTO `wp5r_2_woocommerce_order_itemmeta` (`meta_id`, `order_item_id`, `meta_key`, `meta_value`) VALUES
(1, 1, '_product_id', '5634'),
(2, 1, '_variation_id', '0'),
(3, 1, '_qty', '1'),
(4, 1, '_tax_class', ''),
(5, 1, '_line_subtotal', '10'),
(6, 1, '_line_subtotal_tax', '0'),
(7, 1, '_line_total', '10'),
(8, 1, '_line_tax', '0'),
(9, 1, '_line_tax_data', 'a:2:{s:5:\"total\";a:0:{}s:8:\"subtotal\";a:0:{}}'),
(10, 2, '_product_id', '5697'),
(11, 2, '_variation_id', '0'),
(12, 2, '_qty', '1'),
(13, 2, '_tax_class', ''),
(14, 2, '_line_subtotal', '10'),
(15, 2, '_line_subtotal_tax', '0'),
(16, 2, '_line_total', '10'),
(17, 2, '_line_tax', '0'),
(18, 2, '_line_tax_data', 'a:2:{s:5:\"total\";a:0:{}s:8:\"subtotal\";a:0:{}}'),
(19, 3, '_product_id', '5634'),
(20, 3, '_variation_id', '0'),
(21, 3, '_qty', '1'),
(22, 3, '_tax_class', ''),
(23, 3, '_line_subtotal', '10'),
(24, 3, '_line_subtotal_tax', '0'),
(25, 3, '_line_total', '10'),
(26, 3, '_line_tax', '0'),
(27, 3, '_line_tax_data', 'a:2:{s:5:\"total\";a:0:{}s:8:\"subtotal\";a:0:{}}'),
(28, 4, '_product_id', '5649'),
(29, 4, '_variation_id', '0'),
(30, 4, '_qty', '1'),
(31, 4, '_tax_class', ''),
(32, 4, '_line_subtotal', '10'),
(33, 4, '_line_subtotal_tax', '0'),
(34, 4, '_line_total', '10'),
(35, 4, '_line_tax', '0'),
(36, 4, '_line_tax_data', 'a:2:{s:5:\"total\";a:0:{}s:8:\"subtotal\";a:0:{}}');

-- --------------------------------------------------------

--
-- Table structure for table `wp5r_2_woocommerce_order_items`
--

CREATE TABLE `wp5r_2_woocommerce_order_items` (
  `order_item_id` bigint(20) UNSIGNED NOT NULL,
  `order_item_name` text NOT NULL,
  `order_item_type` varchar(200) NOT NULL DEFAULT '',
  `order_id` bigint(20) UNSIGNED NOT NULL
) ENGINE=MyISAM DEFAULT CHARSET=utf8mb4 COLLATE=utf8mb4_unicode_520_ci;

--
-- Dumping data for table `wp5r_2_woocommerce_order_items`
--

INSERT INTO `wp5r_2_woocommerce_order_items` (`order_item_id`, `order_item_name`, `order_item_type`, `order_id`) VALUES
(1, 'MS Dot Net', 'line_item', 5663),
(2, 'Cyber Security Fundamentals', 'line_item', 5709),
(3, 'MS Dot Net', 'line_item', 5710),
(4, 'Business System Analytics', 'line_item', 5710);

-- --------------------------------------------------------

--
-- Table structure for table `wp5r_2_woocommerce_payment_tokenmeta`
--

CREATE TABLE `wp5r_2_woocommerce_payment_tokenmeta` (
  `meta_id` bigint(20) UNSIGNED NOT NULL,
  `payment_token_id` bigint(20) UNSIGNED NOT NULL,
  `meta_key` varchar(255) DEFAULT NULL,
  `meta_value` longtext DEFAULT NULL
) ENGINE=MyISAM DEFAULT CHARSET=utf8mb4 COLLATE=utf8mb4_unicode_520_ci;

-- --------------------------------------------------------

--
-- Table structure for table `wp5r_2_woocommerce_payment_tokens`
--

CREATE TABLE `wp5r_2_woocommerce_payment_tokens` (
  `token_id` bigint(20) UNSIGNED NOT NULL,
  `gateway_id` varchar(200) NOT NULL,
  `token` text NOT NULL,
  `user_id` bigint(20) UNSIGNED NOT NULL DEFAULT 0,
  `type` varchar(200) NOT NULL,
  `is_default` tinyint(1) NOT NULL DEFAULT 0
) ENGINE=MyISAM DEFAULT CHARSET=utf8mb4 COLLATE=utf8mb4_unicode_520_ci;

-- --------------------------------------------------------

--
-- Table structure for table `wp5r_2_woocommerce_sessions`
--

CREATE TABLE `wp5r_2_woocommerce_sessions` (
  `session_id` bigint(20) UNSIGNED NOT NULL,
  `session_key` char(32) NOT NULL,
  `session_value` longtext NOT NULL,
  `session_expiry` bigint(20) UNSIGNED NOT NULL
) ENGINE=MyISAM DEFAULT CHARSET=utf8mb4 COLLATE=utf8mb4_unicode_520_ci;

--
-- Dumping data for table `wp5r_2_woocommerce_sessions`
--

INSERT INTO `wp5r_2_woocommerce_sessions` (`session_id`, `session_key`, `session_value`, `session_expiry`) VALUES
(18, '2', 'a:7:{s:4:\"cart\";s:412:\"a:1:{s:32:\"44e6b86aeefa3eca5832a98043a7b6fa\";a:11:{s:3:\"key\";s:32:\"44e6b86aeefa3eca5832a98043a7b6fa\";s:10:\"product_id\";i:5513;s:12:\"variation_id\";i:0;s:9:\"variation\";a:0:{}s:8:\"quantity\";i:1;s:9:\"data_hash\";s:32:\"f4765a79fd70eaabec88cbc02d45ef50\";s:13:\"line_tax_data\";a:2:{s:8:\"subtotal\";a:0:{}s:5:\"total\";a:0:{}}s:13:\"line_subtotal\";d:50;s:17:\"line_subtotal_tax\";d:0;s:10:\"line_total\";d:50;s:8:\"line_tax\";d:0;}}\";s:11:\"cart_totals\";s:393:\"a:15:{s:8:\"subtotal\";s:2:\"50\";s:12:\"subtotal_tax\";d:0;s:14:\"shipping_total\";s:1:\"0\";s:12:\"shipping_tax\";d:0;s:14:\"shipping_taxes\";a:0:{}s:14:\"discount_total\";d:0;s:12:\"discount_tax\";d:0;s:19:\"cart_contents_total\";s:2:\"50\";s:17:\"cart_contents_tax\";i:0;s:19:\"cart_contents_taxes\";a:0:{}s:9:\"fee_total\";s:1:\"0\";s:7:\"fee_tax\";d:0;s:9:\"fee_taxes\";a:0:{}s:5:\"total\";s:5:\"50.00\";s:9:\"total_tax\";d:0;}\";s:15:\"applied_coupons\";s:6:\"a:0:{}\";s:22:\"coupon_discount_totals\";s:6:\"a:0:{}\";s:26:\"coupon_discount_tax_totals\";s:6:\"a:0:{}\";s:21:\"removed_cart_contents\";s:6:\"a:0:{}\";s:8:\"customer\";s:768:\"a:27:{s:2:\"id\";s:1:\"2\";s:13:\"date_modified\";s:25:\"2023-08-29T06:13:00+00:00\";s:8:\"postcode\";s:0:\"\";s:4:\"city\";s:0:\"\";s:9:\"address_1\";s:0:\"\";s:7:\"address\";s:0:\"\";s:9:\"address_2\";s:0:\"\";s:5:\"state\";s:2:\"OH\";s:7:\"country\";s:2:\"US\";s:17:\"shipping_postcode\";s:0:\"\";s:13:\"shipping_city\";s:0:\"\";s:18:\"shipping_address_1\";s:0:\"\";s:16:\"shipping_address\";s:0:\"\";s:18:\"shipping_address_2\";s:0:\"\";s:14:\"shipping_state\";s:2:\"OH\";s:16:\"shipping_country\";s:2:\"US\";s:13:\"is_vat_exempt\";s:0:\"\";s:19:\"calculated_shipping\";s:0:\"\";s:10:\"first_name\";s:0:\"\";s:9:\"last_name\";s:0:\"\";s:7:\"company\";s:0:\"\";s:5:\"phone\";s:0:\"\";s:5:\"email\";s:21:\"asarekofi17@gmail.com\";s:19:\"shipping_first_name\";s:0:\"\";s:18:\"shipping_last_name\";s:0:\"\";s:16:\"shipping_company\";s:0:\"\";s:14:\"shipping_phone\";s:0:\"\";}\";}', 1693462227);

-- --------------------------------------------------------

--
-- Table structure for table `wp5r_2_woocommerce_shipping_zones`
--

CREATE TABLE `wp5r_2_woocommerce_shipping_zones` (
  `zone_id` bigint(20) UNSIGNED NOT NULL,
  `zone_name` varchar(200) NOT NULL,
  `zone_order` bigint(20) UNSIGNED NOT NULL
) ENGINE=MyISAM DEFAULT CHARSET=utf8mb4 COLLATE=utf8mb4_unicode_520_ci;

-- --------------------------------------------------------

--
-- Table structure for table `wp5r_2_woocommerce_shipping_zone_locations`
--

CREATE TABLE `wp5r_2_woocommerce_shipping_zone_locations` (
  `location_id` bigint(20) UNSIGNED NOT NULL,
  `zone_id` bigint(20) UNSIGNED NOT NULL,
  `location_code` varchar(200) NOT NULL,
  `location_type` varchar(40) NOT NULL
) ENGINE=MyISAM DEFAULT CHARSET=utf8mb4 COLLATE=utf8mb4_unicode_520_ci;

-- --------------------------------------------------------

--
-- Table structure for table `wp5r_2_woocommerce_shipping_zone_methods`
--

CREATE TABLE `wp5r_2_woocommerce_shipping_zone_methods` (
  `zone_id` bigint(20) UNSIGNED NOT NULL,
  `instance_id` bigint(20) UNSIGNED NOT NULL,
  `method_id` varchar(200) NOT NULL,
  `method_order` bigint(20) UNSIGNED NOT NULL,
  `is_enabled` tinyint(1) NOT NULL DEFAULT 1
) ENGINE=MyISAM DEFAULT CHARSET=utf8mb4 COLLATE=utf8mb4_unicode_520_ci;

-- --------------------------------------------------------

--
-- Table structure for table `wp5r_2_woocommerce_tax_rates`
--

CREATE TABLE `wp5r_2_woocommerce_tax_rates` (
  `tax_rate_id` bigint(20) UNSIGNED NOT NULL,
  `tax_rate_country` varchar(2) NOT NULL DEFAULT '',
  `tax_rate_state` varchar(200) NOT NULL DEFAULT '',
  `tax_rate` varchar(8) NOT NULL DEFAULT '',
  `tax_rate_name` varchar(200) NOT NULL DEFAULT '',
  `tax_rate_priority` bigint(20) UNSIGNED NOT NULL,
  `tax_rate_compound` int(1) NOT NULL DEFAULT 0,
  `tax_rate_shipping` int(1) NOT NULL DEFAULT 1,
  `tax_rate_order` bigint(20) UNSIGNED NOT NULL,
  `tax_rate_class` varchar(200) NOT NULL DEFAULT ''
) ENGINE=MyISAM DEFAULT CHARSET=utf8mb4 COLLATE=utf8mb4_unicode_520_ci;

-- --------------------------------------------------------

--
-- Table structure for table `wp5r_2_woocommerce_tax_rate_locations`
--

CREATE TABLE `wp5r_2_woocommerce_tax_rate_locations` (
  `location_id` bigint(20) UNSIGNED NOT NULL,
  `location_code` varchar(200) NOT NULL,
  `tax_rate_id` bigint(20) UNSIGNED NOT NULL,
  `location_type` varchar(40) NOT NULL
) ENGINE=MyISAM DEFAULT CHARSET=utf8mb4 COLLATE=utf8mb4_unicode_520_ci;

-- --------------------------------------------------------

--
-- Table structure for table `wp5r_actionscheduler_actions`
--

CREATE TABLE `wp5r_actionscheduler_actions` (
  `action_id` bigint(20) UNSIGNED NOT NULL,
  `hook` varchar(191) NOT NULL,
  `status` varchar(20) NOT NULL,
  `scheduled_date_gmt` datetime DEFAULT '0000-00-00 00:00:00',
  `scheduled_date_local` datetime DEFAULT '0000-00-00 00:00:00',
  `args` varchar(191) DEFAULT NULL,
  `schedule` longtext DEFAULT NULL,
  `group_id` bigint(20) UNSIGNED NOT NULL DEFAULT 0,
  `attempts` int(11) NOT NULL DEFAULT 0,
  `last_attempt_gmt` datetime DEFAULT '0000-00-00 00:00:00',
  `last_attempt_local` datetime DEFAULT '0000-00-00 00:00:00',
  `claim_id` bigint(20) UNSIGNED NOT NULL DEFAULT 0,
  `extended_args` varchar(8000) DEFAULT NULL
) ENGINE=MyISAM DEFAULT CHARSET=utf8mb4 COLLATE=utf8mb4_unicode_520_ci;

--
-- Dumping data for table `wp5r_actionscheduler_actions`
--

INSERT INTO `wp5r_actionscheduler_actions` (`action_id`, `hook`, `status`, `scheduled_date_gmt`, `scheduled_date_local`, `args`, `schedule`, `group_id`, `attempts`, `last_attempt_gmt`, `last_attempt_local`, `claim_id`, `extended_args`) VALUES
(3456, 'wpforms_email_summaries_fetch_info_blocks', 'complete', '2023-08-25 16:38:36', '2023-08-25 16:38:36', '{\"tasks_meta_id\":null}', 'O:32:\"ActionScheduler_IntervalSchedule\":5:{s:22:\"\0*\0scheduled_timestamp\";i:1692981516;s:18:\"\0*\0first_timestamp\";i:1691748533;s:13:\"\0*\0recurrence\";i:604800;s:49:\"\0ActionScheduler_IntervalSchedule\0start_timestamp\";i:1692981516;s:53:\"\0ActionScheduler_IntervalSchedule\0interval_in_seconds\";i:604800;}', 2, 1, '2023-08-25 16:41:07', '2023-08-25 16:41:07', 0, NULL),
(3434, 'wpforms_process_forms_locator_save', 'complete', '0000-00-00 00:00:00', '0000-00-00 00:00:00', '{\"tasks_meta_id\":293}', 'O:28:\"ActionScheduler_NullSchedule\":0:{}', 2, 1, '2023-08-11 16:26:34', '2023-08-11 16:26:34', 0, NULL),
(3430, 'action_scheduler/migration_hook', 'complete', '2023-08-11 16:27:28', '2023-08-11 16:27:28', '[]', 'O:30:\"ActionScheduler_SimpleSchedule\":2:{s:22:\"\0*\0scheduled_timestamp\";i:1691771248;s:41:\"\0ActionScheduler_SimpleSchedule\0timestamp\";i:1691771248;}', 1, 1, '2023-08-11 16:27:29', '2023-08-11 16:27:29', 0, NULL),
(3438, 'action_scheduler/migration_hook', 'complete', '2023-08-11 19:40:31', '2023-08-11 19:40:31', '[]', 'O:30:\"ActionScheduler_SimpleSchedule\":2:{s:22:\"\0*\0scheduled_timestamp\";i:1691782831;s:41:\"\0ActionScheduler_SimpleSchedule\0timestamp\";i:1691782831;}', 1, 1, '2023-08-11 19:40:31', '2023-08-11 19:40:31', 0, NULL),
(3439, 'wpforms_process_font_awesome_upgrade', 'complete', '0000-00-00 00:00:00', '0000-00-00 00:00:00', '{\"tasks_meta_id\":null}', 'O:28:\"ActionScheduler_NullSchedule\":0:{}', 2, 1, '2023-08-11 21:15:29', '2023-08-11 21:15:29', 0, NULL),
(3483, 'wpforms_process_forms_locator_scan', 'complete', '2023-08-28 23:41:11', '2023-08-28 23:41:11', '{\"tasks_meta_id\":292}', 'O:32:\"ActionScheduler_IntervalSchedule\":5:{s:22:\"\0*\0scheduled_timestamp\";i:1693266071;s:18:\"\0*\0first_timestamp\";i:1691771192;s:13:\"\0*\0recurrence\";i:86400;s:49:\"\0ActionScheduler_IntervalSchedule\0start_timestamp\";i:1693266071;s:53:\"\0ActionScheduler_IntervalSchedule\0interval_in_seconds\";i:86400;}', 2, 1, '2023-08-29 01:54:47', '2023-08-29 01:54:47', 0, NULL),
(3482, 'wpforms_process_forms_locator_save', 'complete', '0000-00-00 00:00:00', '0000-00-00 00:00:00', '{\"tasks_meta_id\":318}', 'O:28:\"ActionScheduler_NullSchedule\":0:{}', 2, 1, '2023-08-27 23:41:11', '2023-08-27 23:41:11', 0, NULL),
(3422, 'wpforms_process_forms_locator_save', 'complete', '0000-00-00 00:00:00', '0000-00-00 00:00:00', '{\"tasks_meta_id\":290}', 'O:28:\"ActionScheduler_NullSchedule\":0:{}', 2, 1, '2023-08-11 15:34:49', '2023-08-11 15:34:49', 0, NULL),
(3435, 'wpforms_process_forms_locator_scan', 'complete', '2023-08-12 16:26:34', '2023-08-12 16:26:34', '{\"tasks_meta_id\":292}', 'O:32:\"ActionScheduler_IntervalSchedule\":5:{s:22:\"\0*\0scheduled_timestamp\";i:1691857594;s:18:\"\0*\0first_timestamp\";i:1691771192;s:13:\"\0*\0recurrence\";i:86400;s:49:\"\0ActionScheduler_IntervalSchedule\0start_timestamp\";i:1691857594;s:53:\"\0ActionScheduler_IntervalSchedule\0interval_in_seconds\";i:86400;}', 2, 1, '2023-08-12 17:23:19', '2023-08-12 17:23:19', 0, NULL),
(3436, 'wpforms_admin_notifications_update', 'complete', '0000-00-00 00:00:00', '0000-00-00 00:00:00', '{\"tasks_meta_id\":294}', 'O:28:\"ActionScheduler_NullSchedule\":0:{}', 2, 1, '2023-08-11 16:28:26', '2023-08-11 16:28:26', 0, NULL),
(3437, 'action_scheduler/migration_hook', 'complete', '2023-08-11 19:39:25', '2023-08-11 19:39:25', '[]', 'O:30:\"ActionScheduler_SimpleSchedule\":2:{s:22:\"\0*\0scheduled_timestamp\";i:1691782765;s:41:\"\0ActionScheduler_SimpleSchedule\0timestamp\";i:1691782765;}', 1, 1, '2023-08-11 19:39:30', '2023-08-11 19:39:30', 0, NULL),
(3429, 'action_scheduler/migration_hook', 'complete', '2023-08-11 16:26:28', '2023-08-11 16:26:28', '[]', 'O:30:\"ActionScheduler_SimpleSchedule\":2:{s:22:\"\0*\0scheduled_timestamp\";i:1691771188;s:41:\"\0ActionScheduler_SimpleSchedule\0timestamp\";i:1691771188;}', 1, 1, '2023-08-11 16:26:28', '2023-08-11 16:26:28', 0, NULL),
(3431, 'wpforms_process_forms_locator_scan', 'complete', '2023-08-11 16:26:32', '2023-08-11 16:26:32', '{\"tasks_meta_id\":292}', 'O:32:\"ActionScheduler_IntervalSchedule\":5:{s:22:\"\0*\0scheduled_timestamp\";i:1691771192;s:18:\"\0*\0first_timestamp\";i:1691771192;s:13:\"\0*\0recurrence\";i:86400;s:49:\"\0ActionScheduler_IntervalSchedule\0start_timestamp\";i:1691771192;s:53:\"\0ActionScheduler_IntervalSchedule\0interval_in_seconds\";i:86400;}', 2, 1, '2023-08-11 16:26:34', '2023-08-11 16:26:34', 0, NULL),
(3433, 'wpforms_email_summaries_fetch_info_blocks', 'complete', '2023-08-18 16:26:34', '2023-08-18 16:26:34', '{\"tasks_meta_id\":null}', 'O:32:\"ActionScheduler_IntervalSchedule\":5:{s:22:\"\0*\0scheduled_timestamp\";i:1692375994;s:18:\"\0*\0first_timestamp\";i:1691748533;s:13:\"\0*\0recurrence\";i:604800;s:49:\"\0ActionScheduler_IntervalSchedule\0start_timestamp\";i:1692375994;s:53:\"\0ActionScheduler_IntervalSchedule\0interval_in_seconds\";i:604800;}', 2, 1, '2023-08-18 16:38:36', '2023-08-18 16:38:36', 0, NULL),
(3478, 'wpforms_process_forms_locator_scan', 'complete', '2023-08-26 23:25:30', '2023-08-26 23:25:30', '{\"tasks_meta_id\":292}', 'O:32:\"ActionScheduler_IntervalSchedule\":5:{s:22:\"\0*\0scheduled_timestamp\";i:1693092330;s:18:\"\0*\0first_timestamp\";i:1691771192;s:13:\"\0*\0recurrence\";i:86400;s:49:\"\0ActionScheduler_IntervalSchedule\0start_timestamp\";i:1693092330;s:53:\"\0ActionScheduler_IntervalSchedule\0interval_in_seconds\";i:86400;}', 2, 1, '2023-08-26 23:25:40', '2023-08-26 23:25:40', 0, NULL),
(3471, 'wpforms_process_forms_locator_save', 'complete', '0000-00-00 00:00:00', '0000-00-00 00:00:00', '{\"tasks_meta_id\":312}', 'O:28:\"ActionScheduler_NullSchedule\":0:{}', 2, 1, '2023-08-23 22:41:41', '2023-08-23 22:41:41', 0, NULL),
(3472, 'wpforms_process_forms_locator_scan', 'complete', '2023-08-24 22:41:41', '2023-08-24 22:41:41', '{\"tasks_meta_id\":292}', 'O:32:\"ActionScheduler_IntervalSchedule\":5:{s:22:\"\0*\0scheduled_timestamp\";i:1692916901;s:18:\"\0*\0first_timestamp\";i:1691771192;s:13:\"\0*\0recurrence\";i:86400;s:49:\"\0ActionScheduler_IntervalSchedule\0start_timestamp\";i:1692916901;s:53:\"\0ActionScheduler_IntervalSchedule\0interval_in_seconds\";i:86400;}', 2, 1, '2023-08-24 23:19:01', '2023-08-24 23:19:01', 0, NULL),
(3406, 'wpforms_builder_help_cache_update', 'complete', '2023-07-30 16:08:48', '2023-07-30 16:08:48', '{\"tasks_meta_id\":24}', 'O:32:\"ActionScheduler_IntervalSchedule\":5:{s:22:\"\0*\0scheduled_timestamp\";i:1690733328;s:18:\"\0*\0first_timestamp\";i:1674951521;s:13:\"\0*\0recurrence\";i:604800;s:49:\"\0ActionScheduler_IntervalSchedule\0start_timestamp\";i:1690733328;s:53:\"\0ActionScheduler_IntervalSchedule\0interval_in_seconds\";i:604800;}', 2, 1, '2023-08-11 15:34:48', '2023-08-11 15:34:48', 0, NULL),
(3467, 'wpforms_admin_notifications_update', 'complete', '0000-00-00 00:00:00', '0000-00-00 00:00:00', '{\"tasks_meta_id\":309}', 'O:28:\"ActionScheduler_NullSchedule\":0:{}', 2, 1, '2023-08-22 18:31:14', '2023-08-22 18:31:14', 0, NULL),
(3468, 'wpforms_admin_notifications_update', 'complete', '0000-00-00 00:00:00', '0000-00-00 00:00:00', '{\"tasks_meta_id\":310}', 'O:28:\"ActionScheduler_NullSchedule\":0:{}', 2, 1, '2023-08-22 18:32:31', '2023-08-22 18:32:31', 0, NULL),
(3469, 'wpforms_process_forms_locator_save', 'complete', '0000-00-00 00:00:00', '0000-00-00 00:00:00', '{\"tasks_meta_id\":311}', 'O:28:\"ActionScheduler_NullSchedule\":0:{}', 2, 1, '2023-08-22 21:33:12', '2023-08-22 21:33:12', 0, NULL),
(3470, 'wpforms_process_forms_locator_scan', 'complete', '2023-08-23 21:33:11', '2023-08-23 21:33:11', '{\"tasks_meta_id\":292}', 'O:32:\"ActionScheduler_IntervalSchedule\":5:{s:22:\"\0*\0scheduled_timestamp\";i:1692826391;s:18:\"\0*\0first_timestamp\";i:1691771192;s:13:\"\0*\0recurrence\";i:86400;s:49:\"\0ActionScheduler_IntervalSchedule\0start_timestamp\";i:1692826391;s:53:\"\0ActionScheduler_IntervalSchedule\0interval_in_seconds\";i:86400;}', 2, 1, '2023-08-23 22:41:41', '2023-08-23 22:41:41', 0, NULL),
(3445, 'wpforms_process_forms_locator_scan', 'complete', '2023-08-14 18:57:21', '2023-08-14 18:57:21', '{\"tasks_meta_id\":292}', 'O:32:\"ActionScheduler_IntervalSchedule\":5:{s:22:\"\0*\0scheduled_timestamp\";i:1692039441;s:18:\"\0*\0first_timestamp\";i:1691771192;s:13:\"\0*\0recurrence\";i:86400;s:49:\"\0ActionScheduler_IntervalSchedule\0start_timestamp\";i:1692039441;s:53:\"\0ActionScheduler_IntervalSchedule\0interval_in_seconds\";i:86400;}', 2, 1, '2023-08-14 19:09:45', '2023-08-14 19:09:45', 0, NULL),
(3450, 'wpforms_admin_notifications_update', 'complete', '0000-00-00 00:00:00', '0000-00-00 00:00:00', '{\"tasks_meta_id\":300}', 'O:28:\"ActionScheduler_NullSchedule\":0:{}', 2, 1, '2023-08-15 19:39:29', '2023-08-15 19:39:29', 0, NULL),
(3455, 'wpforms_process_forms_locator_scan', 'complete', '2023-08-18 20:04:32', '2023-08-18 20:04:32', '{\"tasks_meta_id\":292}', 'O:32:\"ActionScheduler_IntervalSchedule\":5:{s:22:\"\0*\0scheduled_timestamp\";i:1692389072;s:18:\"\0*\0first_timestamp\";i:1691771192;s:13:\"\0*\0recurrence\";i:86400;s:49:\"\0ActionScheduler_IntervalSchedule\0start_timestamp\";i:1692389072;s:53:\"\0ActionScheduler_IntervalSchedule\0interval_in_seconds\";i:86400;}', 2, 1, '2023-08-18 20:10:04', '2023-08-18 20:10:04', 0, NULL),
(3454, 'wpforms_process_forms_locator_save', 'complete', '0000-00-00 00:00:00', '0000-00-00 00:00:00', '{\"tasks_meta_id\":303}', 'O:28:\"ActionScheduler_NullSchedule\":0:{}', 2, 1, '2023-08-17 20:04:32', '2023-08-17 20:04:32', 0, NULL),
(3466, 'action_scheduler/migration_hook', 'complete', '2023-08-22 16:02:08', '2023-08-22 16:02:08', '[]', 'O:30:\"ActionScheduler_SimpleSchedule\":2:{s:22:\"\0*\0scheduled_timestamp\";i:1692720128;s:41:\"\0ActionScheduler_SimpleSchedule\0timestamp\";i:1692720128;}', 1, 1, '2023-08-22 16:02:34', '2023-08-22 16:02:34', 0, NULL),
(3447, 'wpforms_process_forms_locator_scan', 'complete', '2023-08-15 19:09:45', '2023-08-15 19:09:45', '{\"tasks_meta_id\":292}', 'O:32:\"ActionScheduler_IntervalSchedule\":5:{s:22:\"\0*\0scheduled_timestamp\";i:1692126585;s:18:\"\0*\0first_timestamp\";i:1691771192;s:13:\"\0*\0recurrence\";i:86400;s:49:\"\0ActionScheduler_IntervalSchedule\0start_timestamp\";i:1692126585;s:53:\"\0ActionScheduler_IntervalSchedule\0interval_in_seconds\";i:86400;}', 2, 1, '2023-08-15 19:29:55', '2023-08-15 19:29:55', 0, NULL),
(3446, 'wpforms_process_forms_locator_save', 'complete', '0000-00-00 00:00:00', '0000-00-00 00:00:00', '{\"tasks_meta_id\":298}', 'O:28:\"ActionScheduler_NullSchedule\":0:{}', 2, 1, '2023-08-14 19:09:45', '2023-08-14 19:09:45', 0, NULL),
(3476, 'wpforms_admin_notifications_update', 'complete', '0000-00-00 00:00:00', '0000-00-00 00:00:00', '{\"tasks_meta_id\":314}', 'O:28:\"ActionScheduler_NullSchedule\":0:{}', 2, 1, '2023-08-25 18:42:19', '2023-08-25 18:42:19', 0, NULL),
(3411, 'wpforms_admin_addons_cache_update', 'complete', '2023-08-01 04:40:47', '2023-08-01 04:40:47', '{\"tasks_meta_id\":2}', 'O:32:\"ActionScheduler_IntervalSchedule\":5:{s:22:\"\0*\0scheduled_timestamp\";i:1690864847;s:18:\"\0*\0first_timestamp\";i:1673892339;s:13:\"\0*\0recurrence\";i:604800;s:49:\"\0ActionScheduler_IntervalSchedule\0start_timestamp\";i:1690864847;s:53:\"\0ActionScheduler_IntervalSchedule\0interval_in_seconds\";i:604800;}', 2, 1, '2023-08-11 15:34:48', '2023-08-11 15:34:48', 0, NULL),
(3412, 'wpforms_email_summaries_fetch_info_blocks', 'complete', '2023-08-01 04:40:48', '2023-08-01 04:40:48', '{\"tasks_meta_id\":null}', 'O:32:\"ActionScheduler_IntervalSchedule\":5:{s:22:\"\0*\0scheduled_timestamp\";i:1690864848;s:18:\"\0*\0first_timestamp\";i:1672805100;s:13:\"\0*\0recurrence\";i:604800;s:49:\"\0ActionScheduler_IntervalSchedule\0start_timestamp\";i:1690864848;s:53:\"\0ActionScheduler_IntervalSchedule\0interval_in_seconds\";i:604800;}', 2, 1, '2023-08-11 15:34:49', '2023-08-11 15:34:49', 0, NULL),
(3443, 'action_scheduler/migration_hook', 'complete', '2023-08-13 12:27:24', '2023-08-13 12:27:24', '[]', 'O:30:\"ActionScheduler_SimpleSchedule\":2:{s:22:\"\0*\0scheduled_timestamp\";i:1691929644;s:41:\"\0ActionScheduler_SimpleSchedule\0timestamp\";i:1691929644;}', 1, 1, '2023-08-13 12:27:28', '2023-08-13 12:27:28', 0, NULL),
(3444, 'wpforms_process_forms_locator_save', 'complete', '0000-00-00 00:00:00', '0000-00-00 00:00:00', '{\"tasks_meta_id\":297}', 'O:28:\"ActionScheduler_NullSchedule\":0:{}', 2, 1, '2023-08-13 18:57:21', '2023-08-13 18:57:21', 0, NULL),
(3463, 'wpforms_admin_notifications_update', 'complete', '0000-00-00 00:00:00', '0000-00-00 00:00:00', '{\"tasks_meta_id\":307}', 'O:28:\"ActionScheduler_NullSchedule\":0:{}', 2, 1, '2023-08-21 18:30:17', '2023-08-21 18:30:17', 0, NULL),
(3465, 'wpforms_process_forms_locator_scan', 'complete', '2023-08-22 20:35:51', '2023-08-22 20:35:51', '{\"tasks_meta_id\":292}', 'O:32:\"ActionScheduler_IntervalSchedule\":5:{s:22:\"\0*\0scheduled_timestamp\";i:1692736551;s:18:\"\0*\0first_timestamp\";i:1691771192;s:13:\"\0*\0recurrence\";i:86400;s:49:\"\0ActionScheduler_IntervalSchedule\0start_timestamp\";i:1692736551;s:53:\"\0ActionScheduler_IntervalSchedule\0interval_in_seconds\";i:86400;}', 2, 1, '2023-08-22 21:33:11', '2023-08-22 21:33:11', 0, NULL),
(3464, 'wpforms_process_forms_locator_save', 'complete', '0000-00-00 00:00:00', '0000-00-00 00:00:00', '{\"tasks_meta_id\":308}', 'O:28:\"ActionScheduler_NullSchedule\":0:{}', 2, 1, '2023-08-21 20:35:51', '2023-08-21 20:35:51', 0, NULL),
(3460, 'wpforms_process_forms_locator_scan', 'complete', '2023-08-20 20:11:05', '2023-08-20 20:11:05', '{\"tasks_meta_id\":292}', 'O:32:\"ActionScheduler_IntervalSchedule\":5:{s:22:\"\0*\0scheduled_timestamp\";i:1692562265;s:18:\"\0*\0first_timestamp\";i:1691771192;s:13:\"\0*\0recurrence\";i:86400;s:49:\"\0ActionScheduler_IntervalSchedule\0start_timestamp\";i:1692562265;s:53:\"\0ActionScheduler_IntervalSchedule\0interval_in_seconds\";i:86400;}', 2, 1, '2023-08-20 20:15:15', '2023-08-20 20:15:15', 0, NULL),
(3459, 'wpforms_process_forms_locator_save', 'complete', '0000-00-00 00:00:00', '0000-00-00 00:00:00', '{\"tasks_meta_id\":305}', 'O:28:\"ActionScheduler_NullSchedule\":0:{}', 2, 1, '2023-08-19 20:11:05', '2023-08-19 20:11:05', 0, NULL),
(3479, 'wpforms_admin_notifications_update', 'complete', '0000-00-00 00:00:00', '0000-00-00 00:00:00', '{\"tasks_meta_id\":316}', 'O:28:\"ActionScheduler_NullSchedule\":0:{}', 2, 1, '2023-08-26 22:23:14', '2023-08-26 22:23:14', 0, NULL),
(3481, 'wpforms_process_forms_locator_scan', 'complete', '2023-08-27 23:25:40', '2023-08-27 23:25:40', '{\"tasks_meta_id\":292}', 'O:32:\"ActionScheduler_IntervalSchedule\":5:{s:22:\"\0*\0scheduled_timestamp\";i:1693178740;s:18:\"\0*\0first_timestamp\";i:1691771192;s:13:\"\0*\0recurrence\";i:86400;s:49:\"\0ActionScheduler_IntervalSchedule\0start_timestamp\";i:1693178740;s:53:\"\0ActionScheduler_IntervalSchedule\0interval_in_seconds\";i:86400;}', 2, 1, '2023-08-27 23:41:11', '2023-08-27 23:41:11', 0, NULL),
(3480, 'wpforms_process_forms_locator_save', 'complete', '0000-00-00 00:00:00', '0000-00-00 00:00:00', '{\"tasks_meta_id\":317}', 'O:28:\"ActionScheduler_NullSchedule\":0:{}', 2, 1, '2023-08-26 23:25:40', '2023-08-26 23:25:40', 0, NULL),
(3475, 'wpforms_email_summaries_fetch_info_blocks', 'pending', '2023-09-01 16:41:07', '2023-09-01 16:41:07', '{\"tasks_meta_id\":null}', 'O:32:\"ActionScheduler_IntervalSchedule\":5:{s:22:\"\0*\0scheduled_timestamp\";i:1693586467;s:18:\"\0*\0first_timestamp\";i:1691748533;s:13:\"\0*\0recurrence\";i:604800;s:49:\"\0ActionScheduler_IntervalSchedule\0start_timestamp\";i:1693586467;s:53:\"\0ActionScheduler_IntervalSchedule\0interval_in_seconds\";i:604800;}', 2, 0, '0000-00-00 00:00:00', '0000-00-00 00:00:00', 0, NULL),
(3419, 'wpforms_process_forms_locator_scan', 'complete', '2023-07-29 02:10:40', '2023-07-29 02:10:40', '{\"tasks_meta_id\":267}', 'O:32:\"ActionScheduler_IntervalSchedule\":5:{s:22:\"\0*\0scheduled_timestamp\";i:1690596640;s:18:\"\0*\0first_timestamp\";i:1688938088;s:13:\"\0*\0recurrence\";i:86400;s:49:\"\0ActionScheduler_IntervalSchedule\0start_timestamp\";i:1690596640;s:53:\"\0ActionScheduler_IntervalSchedule\0interval_in_seconds\";i:86400;}', 2, 1, '2023-08-11 15:34:48', '2023-08-11 15:34:48', 0, NULL),
(3462, 'wpforms_process_forms_locator_scan', 'complete', '2023-08-21 20:15:15', '2023-08-21 20:15:15', '{\"tasks_meta_id\":292}', 'O:32:\"ActionScheduler_IntervalSchedule\":5:{s:22:\"\0*\0scheduled_timestamp\";i:1692648915;s:18:\"\0*\0first_timestamp\";i:1691771192;s:13:\"\0*\0recurrence\";i:86400;s:49:\"\0ActionScheduler_IntervalSchedule\0start_timestamp\";i:1692648915;s:53:\"\0ActionScheduler_IntervalSchedule\0interval_in_seconds\";i:86400;}', 2, 1, '2023-08-21 20:35:51', '2023-08-21 20:35:51', 0, NULL),
(3461, 'wpforms_process_forms_locator_save', 'complete', '0000-00-00 00:00:00', '0000-00-00 00:00:00', '{\"tasks_meta_id\":306}', 'O:28:\"ActionScheduler_NullSchedule\":0:{}', 2, 1, '2023-08-20 20:15:15', '2023-08-20 20:15:15', 0, NULL),
(3484, 'wpforms_process_forms_locator_save', 'complete', '0000-00-00 00:00:00', '0000-00-00 00:00:00', '{\"tasks_meta_id\":319}', 'O:28:\"ActionScheduler_NullSchedule\":0:{}', 2, 1, '2023-08-29 01:54:47', '2023-08-29 01:54:47', 0, NULL),
(3485, 'wpforms_process_forms_locator_scan', 'pending', '2023-08-30 01:54:47', '2023-08-30 01:54:47', '{\"tasks_meta_id\":292}', 'O:32:\"ActionScheduler_IntervalSchedule\":5:{s:22:\"\0*\0scheduled_timestamp\";i:1693360487;s:18:\"\0*\0first_timestamp\";i:1691771192;s:13:\"\0*\0recurrence\";i:86400;s:49:\"\0ActionScheduler_IntervalSchedule\0start_timestamp\";i:1693360487;s:53:\"\0ActionScheduler_IntervalSchedule\0interval_in_seconds\";i:86400;}', 2, 0, '0000-00-00 00:00:00', '0000-00-00 00:00:00', 0, NULL),
(3449, 'wpforms_process_forms_locator_scan', 'complete', '2023-08-16 19:29:55', '2023-08-16 19:29:55', '{\"tasks_meta_id\":292}', 'O:32:\"ActionScheduler_IntervalSchedule\":5:{s:22:\"\0*\0scheduled_timestamp\";i:1692214195;s:18:\"\0*\0first_timestamp\";i:1691771192;s:13:\"\0*\0recurrence\";i:86400;s:49:\"\0ActionScheduler_IntervalSchedule\0start_timestamp\";i:1692214195;s:53:\"\0ActionScheduler_IntervalSchedule\0interval_in_seconds\";i:86400;}', 2, 1, '2023-08-16 19:55:12', '2023-08-16 19:55:12', 0, NULL),
(3448, 'wpforms_process_forms_locator_save', 'complete', '0000-00-00 00:00:00', '0000-00-00 00:00:00', '{\"tasks_meta_id\":299}', 'O:28:\"ActionScheduler_NullSchedule\":0:{}', 2, 1, '2023-08-15 19:29:55', '2023-08-15 19:29:55', 0, NULL),
(3442, 'wpforms_admin_notifications_update', 'complete', '0000-00-00 00:00:00', '0000-00-00 00:00:00', '{\"tasks_meta_id\":296}', 'O:28:\"ActionScheduler_NullSchedule\":0:{}', 2, 1, '2023-08-13 12:02:31', '2023-08-13 12:02:31', 0, NULL),
(3452, 'wpforms_process_forms_locator_scan', 'complete', '2023-08-17 19:55:12', '2023-08-17 19:55:12', '{\"tasks_meta_id\":292}', 'O:32:\"ActionScheduler_IntervalSchedule\":5:{s:22:\"\0*\0scheduled_timestamp\";i:1692302112;s:18:\"\0*\0first_timestamp\";i:1691771192;s:13:\"\0*\0recurrence\";i:86400;s:49:\"\0ActionScheduler_IntervalSchedule\0start_timestamp\";i:1692302112;s:53:\"\0ActionScheduler_IntervalSchedule\0interval_in_seconds\";i:86400;}', 2, 1, '2023-08-17 20:04:32', '2023-08-17 20:04:32', 0, NULL),
(3451, 'wpforms_process_forms_locator_save', 'complete', '0000-00-00 00:00:00', '0000-00-00 00:00:00', '{\"tasks_meta_id\":301}', 'O:28:\"ActionScheduler_NullSchedule\":0:{}', 2, 1, '2023-08-16 19:55:12', '2023-08-16 19:55:12', 0, NULL),
(3441, 'wpforms_process_forms_locator_scan', 'complete', '2023-08-13 17:23:19', '2023-08-13 17:23:19', '{\"tasks_meta_id\":292}', 'O:32:\"ActionScheduler_IntervalSchedule\":5:{s:22:\"\0*\0scheduled_timestamp\";i:1691947399;s:18:\"\0*\0first_timestamp\";i:1691771192;s:13:\"\0*\0recurrence\";i:86400;s:49:\"\0ActionScheduler_IntervalSchedule\0start_timestamp\";i:1691947399;s:53:\"\0ActionScheduler_IntervalSchedule\0interval_in_seconds\";i:86400;}', 2, 1, '2023-08-13 18:57:21', '2023-08-13 18:57:21', 0, NULL),
(3440, 'wpforms_process_forms_locator_save', 'complete', '0000-00-00 00:00:00', '0000-00-00 00:00:00', '{\"tasks_meta_id\":295}', 'O:28:\"ActionScheduler_NullSchedule\":0:{}', 2, 1, '2023-08-12 17:23:19', '2023-08-12 17:23:19', 0, NULL),
(3453, 'wpforms_admin_notifications_update', 'complete', '0000-00-00 00:00:00', '0000-00-00 00:00:00', '{\"tasks_meta_id\":302}', 'O:28:\"ActionScheduler_NullSchedule\":0:{}', 2, 1, '2023-08-17 10:54:10', '2023-08-17 10:54:10', 0, NULL),
(3473, 'wpforms_process_forms_locator_save', 'complete', '0000-00-00 00:00:00', '0000-00-00 00:00:00', '{\"tasks_meta_id\":313}', 'O:28:\"ActionScheduler_NullSchedule\":0:{}', 2, 1, '2023-08-24 23:19:01', '2023-08-24 23:19:01', 0, NULL),
(3474, 'wpforms_process_forms_locator_scan', 'complete', '2023-08-25 23:19:01', '2023-08-25 23:19:01', '{\"tasks_meta_id\":292}', 'O:32:\"ActionScheduler_IntervalSchedule\":5:{s:22:\"\0*\0scheduled_timestamp\";i:1693005541;s:18:\"\0*\0first_timestamp\";i:1691771192;s:13:\"\0*\0recurrence\";i:86400;s:49:\"\0ActionScheduler_IntervalSchedule\0start_timestamp\";i:1693005541;s:53:\"\0ActionScheduler_IntervalSchedule\0interval_in_seconds\";i:86400;}', 2, 1, '2023-08-25 23:25:30', '2023-08-25 23:25:30', 0, NULL),
(3477, 'wpforms_process_forms_locator_save', 'complete', '0000-00-00 00:00:00', '0000-00-00 00:00:00', '{\"tasks_meta_id\":315}', 'O:28:\"ActionScheduler_NullSchedule\":0:{}', 2, 1, '2023-08-25 23:25:30', '2023-08-25 23:25:30', 0, NULL),
(3413, 'wpforms_admin_builder_templates_cache_update', 'complete', '2023-08-01 04:40:49', '2023-08-01 04:40:49', '{\"tasks_meta_id\":3}', 'O:32:\"ActionScheduler_IntervalSchedule\":5:{s:22:\"\0*\0scheduled_timestamp\";i:1690864849;s:18:\"\0*\0first_timestamp\";i:1673892339;s:13:\"\0*\0recurrence\";i:604800;s:49:\"\0ActionScheduler_IntervalSchedule\0start_timestamp\";i:1690864849;s:53:\"\0ActionScheduler_IntervalSchedule\0interval_in_seconds\";i:604800;}', 2, 1, '2023-08-11 15:34:49', '2023-08-11 15:34:49', 0, NULL),
(3457, 'wpforms_process_forms_locator_save', 'complete', '0000-00-00 00:00:00', '0000-00-00 00:00:00', '{\"tasks_meta_id\":304}', 'O:28:\"ActionScheduler_NullSchedule\":0:{}', 2, 1, '2023-08-18 20:10:04', '2023-08-18 20:10:04', 0, NULL),
(3458, 'wpforms_process_forms_locator_scan', 'complete', '2023-08-19 20:10:04', '2023-08-19 20:10:04', '{\"tasks_meta_id\":292}', 'O:32:\"ActionScheduler_IntervalSchedule\":5:{s:22:\"\0*\0scheduled_timestamp\";i:1692475804;s:18:\"\0*\0first_timestamp\";i:1691771192;s:13:\"\0*\0recurrence\";i:86400;s:49:\"\0ActionScheduler_IntervalSchedule\0start_timestamp\";i:1692475804;s:53:\"\0ActionScheduler_IntervalSchedule\0interval_in_seconds\";i:86400;}', 2, 1, '2023-08-19 20:11:05', '2023-08-19 20:11:05', 0, NULL),
(3428, 'wpforms_admin_notifications_update', 'complete', '0000-00-00 00:00:00', '0000-00-00 00:00:00', '{\"tasks_meta_id\":291}', 'O:28:\"ActionScheduler_NullSchedule\":0:{}', 2, 1, '2023-08-11 15:49:39', '2023-08-11 15:49:39', 0, NULL),
(3432, 'wpforms_email_summaries_fetch_info_blocks', 'complete', '2023-08-11 10:08:53', '2023-08-11 10:08:53', '{\"tasks_meta_id\":null}', 'O:32:\"ActionScheduler_IntervalSchedule\":5:{s:22:\"\0*\0scheduled_timestamp\";i:1691748533;s:18:\"\0*\0first_timestamp\";i:1691748533;s:13:\"\0*\0recurrence\";i:604800;s:49:\"\0ActionScheduler_IntervalSchedule\0start_timestamp\";i:1691748533;s:53:\"\0ActionScheduler_IntervalSchedule\0interval_in_seconds\";i:604800;}', 2, 1, '2023-08-11 16:26:34', '2023-08-11 16:26:34', 0, NULL);

-- --------------------------------------------------------

--
-- Table structure for table `wp5r_actionscheduler_claims`
--

CREATE TABLE `wp5r_actionscheduler_claims` (
  `claim_id` bigint(20) UNSIGNED NOT NULL,
  `date_created_gmt` datetime DEFAULT '0000-00-00 00:00:00'
) ENGINE=MyISAM DEFAULT CHARSET=utf8mb4 COLLATE=utf8mb4_unicode_520_ci;

-- --------------------------------------------------------

--
-- Table structure for table `wp5r_actionscheduler_groups`
--

CREATE TABLE `wp5r_actionscheduler_groups` (
  `group_id` bigint(20) UNSIGNED NOT NULL,
  `slug` varchar(255) NOT NULL
) ENGINE=MyISAM DEFAULT CHARSET=utf8mb4 COLLATE=utf8mb4_unicode_520_ci;

--
-- Dumping data for table `wp5r_actionscheduler_groups`
--

INSERT INTO `wp5r_actionscheduler_groups` (`group_id`, `slug`) VALUES
(1, 'action-scheduler-migration'),
(2, 'wpforms');

-- --------------------------------------------------------

--
-- Table structure for table `wp5r_actionscheduler_logs`
--

CREATE TABLE `wp5r_actionscheduler_logs` (
  `log_id` bigint(20) UNSIGNED NOT NULL,
  `action_id` bigint(20) UNSIGNED NOT NULL,
  `message` text NOT NULL,
  `log_date_gmt` datetime DEFAULT '0000-00-00 00:00:00',
  `log_date_local` datetime DEFAULT '0000-00-00 00:00:00'
) ENGINE=MyISAM DEFAULT CHARSET=utf8mb4 COLLATE=utf8mb4_unicode_520_ci;

--
-- Dumping data for table `wp5r_actionscheduler_logs`
--

INSERT INTO `wp5r_actionscheduler_logs` (`log_id`, `action_id`, `message`, `log_date_gmt`, `log_date_local`) VALUES
(1972, 3469, 'action complete via WP Cron', '2023-08-22 21:33:11', '2023-08-22 21:33:11'),
(1924, 3452, 'action complete via WP Cron', '2023-08-17 20:04:32', '2023-08-17 20:04:32'),
(1923, 3454, 'action created', '2023-08-17 20:04:32', '2023-08-17 20:04:32'),
(1942, 3459, 'action complete via WP Cron', '2023-08-19 20:11:05', '2023-08-19 20:11:05'),
(1956, 3464, 'action started via WP Cron', '2023-08-21 20:35:51', '2023-08-21 20:35:51'),
(1963, 3467, 'action complete via Async Request', '2023-08-22 18:31:14', '2023-08-22 18:31:14'),
(1964, 3468, 'action created', '2023-08-22 18:31:21', '2023-08-22 18:31:21'),
(1948, 3461, 'action complete via WP Cron', '2023-08-20 20:15:15', '2023-08-20 20:15:15'),
(1999, 3479, 'action complete via WP Cron', '2023-08-26 22:23:14', '2023-08-26 22:23:14'),
(1984, 3473, 'action complete via WP Cron', '2023-08-24 23:19:01', '2023-08-24 23:19:01'),
(1996, 3477, 'action complete via WP Cron', '2023-08-25 23:25:30', '2023-08-25 23:25:30'),
(1976, 3472, 'action created', '2023-08-23 22:41:41', '2023-08-23 22:41:41'),
(1977, 3471, 'action started via WP Cron', '2023-08-23 22:41:41', '2023-08-23 22:41:41'),
(1978, 3471, 'action complete via WP Cron', '2023-08-23 22:41:41', '2023-08-23 22:41:41'),
(1974, 3471, 'action created', '2023-08-23 22:41:41', '2023-08-23 22:41:41'),
(1975, 3470, 'action complete via WP Cron', '2023-08-23 22:41:41', '2023-08-23 22:41:41'),
(1875, 3438, 'action started via WP Cron', '2023-08-11 19:40:31', '2023-08-11 19:40:31'),
(1876, 3438, 'action complete via WP Cron', '2023-08-11 19:40:31', '2023-08-11 19:40:31'),
(1877, 3439, 'action created', '2023-08-11 21:15:29', '2023-08-11 21:15:29'),
(1878, 3439, 'action started via WP Cron', '2023-08-11 21:15:29', '2023-08-11 21:15:29'),
(1879, 3439, 'action complete via WP Cron', '2023-08-11 21:15:29', '2023-08-11 21:15:29'),
(1860, 3431, 'action started via Async Request', '2023-08-11 16:26:34', '2023-08-11 16:26:34'),
(1841, 3422, 'action started via WP Cron', '2023-08-11 15:34:49', '2023-08-11 15:34:49'),
(1842, 3422, 'action complete via WP Cron', '2023-08-11 15:34:49', '2023-08-11 15:34:49'),
(2016, 3484, 'action started via WP Cron', '2023-08-29 01:54:47', '2023-08-29 01:54:47'),
(2011, 3482, 'action complete via WP Cron', '2023-08-27 23:41:11', '2023-08-27 23:41:11'),
(2008, 3481, 'action complete via WP Cron', '2023-08-27 23:41:11', '2023-08-27 23:41:11'),
(2007, 3482, 'action created', '2023-08-27 23:41:11', '2023-08-27 23:41:11'),
(2017, 3484, 'action complete via WP Cron', '2023-08-29 01:54:47', '2023-08-29 01:54:47'),
(1816, 3419, 'action created', '2023-07-28 02:10:40', '2023-07-28 02:10:40'),
(1864, 3434, 'action started via Async Request', '2023-08-11 16:26:34', '2023-08-11 16:26:34'),
(1865, 3434, 'action complete via Async Request', '2023-08-11 16:26:34', '2023-08-11 16:26:34'),
(1852, 3429, 'action started via WP Cron', '2023-08-11 16:26:28', '2023-08-11 16:26:28'),
(1853, 3429, 'action complete via WP Cron', '2023-08-11 16:26:28', '2023-08-11 16:26:28'),
(1845, 3428, 'action complete via WP Cron', '2023-08-11 15:49:39', '2023-08-11 15:49:39'),
(1862, 3431, 'action complete via Async Request', '2023-08-11 16:26:34', '2023-08-11 16:26:34'),
(1863, 3435, 'action created', '2023-08-11 16:26:34', '2023-08-11 16:26:34'),
(1859, 3433, 'action created', '2023-08-11 16:26:34', '2023-08-11 16:26:34'),
(1851, 3429, 'action created', '2023-08-11 16:25:28', '2023-08-11 16:25:28'),
(1872, 3437, 'action started via Async Request', '2023-08-11 19:39:30', '2023-08-11 19:39:30'),
(1873, 3437, 'action complete via Async Request', '2023-08-11 19:39:30', '2023-08-11 19:39:30'),
(1836, 3412, 'action complete via WP Cron', '2023-08-11 15:34:49', '2023-08-11 15:34:49'),
(1854, 3430, 'action created', '2023-08-11 16:26:28', '2023-08-11 16:26:28'),
(1855, 3431, 'action created', '2023-08-11 16:26:32', '2023-08-11 16:26:32'),
(1856, 3432, 'action created', '2023-08-11 16:26:32', '2023-08-11 16:26:32'),
(1857, 3432, 'action started via Async Request', '2023-08-11 16:26:34', '2023-08-11 16:26:34'),
(1858, 3432, 'action complete via Async Request', '2023-08-11 16:26:34', '2023-08-11 16:26:34'),
(1882, 3435, 'action complete via WP Cron', '2023-08-12 17:23:19', '2023-08-12 17:23:19'),
(1883, 3441, 'action created', '2023-08-12 17:23:19', '2023-08-12 17:23:19'),
(1884, 3440, 'action started via WP Cron', '2023-08-12 17:23:19', '2023-08-12 17:23:19'),
(1885, 3440, 'action complete via WP Cron', '2023-08-12 17:23:19', '2023-08-12 17:23:19'),
(1891, 3443, 'action complete via WP Cron', '2023-08-13 12:27:28', '2023-08-13 12:27:28'),
(1892, 3441, 'action started via WP Cron', '2023-08-13 18:57:21', '2023-08-13 18:57:21'),
(1893, 3444, 'action created', '2023-08-13 18:57:21', '2023-08-13 18:57:21'),
(1987, 3475, 'action created', '2023-08-25 16:41:07', '2023-08-25 16:41:07'),
(1835, 3412, 'action started via WP Cron', '2023-08-11 15:34:48', '2023-08-11 15:34:48'),
(1871, 3437, 'action created', '2023-08-11 19:38:25', '2023-08-11 19:38:25'),
(1832, 3411, 'action started via WP Cron', '2023-08-11 15:34:48', '2023-08-11 15:34:48'),
(1833, 3411, 'action complete via WP Cron', '2023-08-11 15:34:48', '2023-08-11 15:34:48'),
(1866, 3430, 'action started via Async Request', '2023-08-11 16:27:29', '2023-08-11 16:27:29'),
(1867, 3430, 'action complete via Async Request', '2023-08-11 16:27:29', '2023-08-11 16:27:29'),
(1868, 3436, 'action created', '2023-08-11 16:28:23', '2023-08-11 16:28:23'),
(1869, 3436, 'action started via WP Cron', '2023-08-11 16:28:26', '2023-08-11 16:28:26'),
(1870, 3436, 'action complete via WP Cron', '2023-08-11 16:28:26', '2023-08-11 16:28:26'),
(1973, 3470, 'action started via WP Cron', '2023-08-23 22:41:40', '2023-08-23 22:41:40'),
(2004, 3480, 'action started via WP Cron', '2023-08-26 23:25:40', '2023-08-26 23:25:40'),
(1909, 3448, 'action complete via WP Cron', '2023-08-15 19:29:55', '2023-08-15 19:29:55'),
(1908, 3448, 'action started via WP Cron', '2023-08-15 19:29:55', '2023-08-15 19:29:55'),
(1968, 3469, 'action created', '2023-08-22 21:33:11', '2023-08-22 21:33:11'),
(1990, 3476, 'action complete via WP Cron', '2023-08-25 18:42:19', '2023-08-25 18:42:19'),
(1929, 3433, 'action complete via WP Cron', '2023-08-18 16:38:36', '2023-08-18 16:38:36'),
(1930, 3456, 'action created', '2023-08-18 16:38:36', '2023-08-18 16:38:36'),
(1931, 3455, 'action started via WP Cron', '2023-08-18 20:10:04', '2023-08-18 20:10:04'),
(1932, 3457, 'action created', '2023-08-18 20:10:04', '2023-08-18 20:10:04'),
(1933, 3455, 'action complete via WP Cron', '2023-08-18 20:10:04', '2023-08-18 20:10:04'),
(1934, 3458, 'action created', '2023-08-18 20:10:04', '2023-08-18 20:10:04'),
(1935, 3457, 'action started via WP Cron', '2023-08-18 20:10:04', '2023-08-18 20:10:04'),
(1945, 3460, 'action complete via WP Cron', '2023-08-20 20:15:15', '2023-08-20 20:15:15'),
(1946, 3462, 'action created', '2023-08-20 20:15:15', '2023-08-20 20:15:15'),
(1947, 3461, 'action started via WP Cron', '2023-08-20 20:15:15', '2023-08-20 20:15:15'),
(1926, 3454, 'action started via WP Cron', '2023-08-17 20:04:32', '2023-08-17 20:04:32'),
(1800, 3413, 'action created', '2023-07-25 04:40:49', '2023-07-25 04:40:49'),
(1995, 3477, 'action started via WP Cron', '2023-08-25 23:25:30', '2023-08-25 23:25:30'),
(1994, 3478, 'action created', '2023-08-25 23:25:30', '2023-08-25 23:25:30'),
(1953, 3464, 'action created', '2023-08-21 20:35:51', '2023-08-21 20:35:51'),
(1906, 3447, 'action complete via WP Cron', '2023-08-15 19:29:55', '2023-08-15 19:29:55'),
(1900, 3445, 'action complete via WP Cron', '2023-08-14 19:09:45', '2023-08-14 19:09:45'),
(1899, 3446, 'action created', '2023-08-14 19:09:45', '2023-08-14 19:09:45'),
(1904, 3447, 'action started via WP Cron', '2023-08-15 19:29:55', '2023-08-15 19:29:55'),
(1905, 3448, 'action created', '2023-08-15 19:29:55', '2023-08-15 19:29:55'),
(1951, 3463, 'action complete via Async Request', '2023-08-21 18:30:17', '2023-08-21 18:30:17'),
(1967, 3465, 'action started via WP Cron', '2023-08-22 21:33:11', '2023-08-22 21:33:11'),
(1952, 3462, 'action started via WP Cron', '2023-08-21 20:35:51', '2023-08-21 20:35:51'),
(1940, 3460, 'action created', '2023-08-19 20:11:05', '2023-08-19 20:11:05'),
(1941, 3459, 'action started via WP Cron', '2023-08-19 20:11:05', '2023-08-19 20:11:05'),
(1797, 3412, 'action created', '2023-07-25 04:40:48', '2023-07-25 04:40:48'),
(1991, 3474, 'action started via WP Cron', '2023-08-25 23:25:30', '2023-08-25 23:25:30'),
(1888, 3442, 'action complete via WP Cron', '2023-08-13 12:02:31', '2023-08-13 12:02:31'),
(1902, 3446, 'action started via WP Cron', '2023-08-14 19:09:45', '2023-08-14 19:09:45'),
(1966, 3468, 'action complete via WP Cron', '2023-08-22 18:32:31', '2023-08-22 18:32:31'),
(1988, 3476, 'action created', '2023-08-25 18:42:18', '2023-08-25 18:42:18'),
(1989, 3476, 'action started via WP Cron', '2023-08-25 18:42:18', '2023-08-25 18:42:18'),
(1982, 3474, 'action created', '2023-08-24 23:19:01', '2023-08-24 23:19:01'),
(1839, 3413, 'action complete via WP Cron', '2023-08-11 15:34:49', '2023-08-11 15:34:49'),
(1898, 3445, 'action started via WP Cron', '2023-08-14 19:09:45', '2023-08-14 19:09:45'),
(1779, 3406, 'action created', '2023-07-23 16:08:48', '2023-07-23 16:08:48'),
(1794, 3411, 'action created', '2023-07-25 04:40:47', '2023-07-25 04:40:47'),
(1907, 3449, 'action created', '2023-08-15 19:29:55', '2023-08-15 19:29:55'),
(2003, 3481, 'action created', '2023-08-26 23:25:40', '2023-08-26 23:25:40'),
(1921, 3453, 'action complete via WP Cron', '2023-08-17 10:54:10', '2023-08-17 10:54:10'),
(1925, 3455, 'action created', '2023-08-17 20:04:32', '2023-08-17 20:04:32'),
(1965, 3468, 'action started via WP Cron', '2023-08-22 18:32:31', '2023-08-22 18:32:31'),
(2002, 3478, 'action complete via WP Cron', '2023-08-26 23:25:40', '2023-08-26 23:25:40'),
(1960, 3466, 'action complete via WP Cron', '2023-08-22 16:02:34', '2023-08-22 16:02:34'),
(1958, 3466, 'action created', '2023-08-22 16:01:08', '2023-08-22 16:01:08'),
(1959, 3466, 'action started via WP Cron', '2023-08-22 16:02:34', '2023-08-22 16:02:34'),
(1922, 3452, 'action started via WP Cron', '2023-08-17 20:04:31', '2023-08-17 20:04:31'),
(1949, 3463, 'action created', '2023-08-21 18:30:04', '2023-08-21 18:30:04'),
(1950, 3463, 'action started via Async Request', '2023-08-21 18:30:16', '2023-08-21 18:30:16'),
(2001, 3480, 'action created', '2023-08-26 23:25:40', '2023-08-26 23:25:40'),
(1981, 3472, 'action complete via WP Cron', '2023-08-24 23:19:01', '2023-08-24 23:19:01'),
(1962, 3467, 'action started via Async Request', '2023-08-22 18:31:13', '2023-08-22 18:31:13'),
(1992, 3477, 'action created', '2023-08-25 23:25:30', '2023-08-25 23:25:30'),
(1993, 3474, 'action complete via WP Cron', '2023-08-25 23:25:30', '2023-08-25 23:25:30'),
(1825, 3419, 'action started via WP Cron', '2023-08-11 15:34:48', '2023-08-11 15:34:48'),
(1826, 3422, 'action created', '2023-08-11 15:34:48', '2023-08-11 15:34:48'),
(1827, 3419, 'action complete via WP Cron', '2023-08-11 15:34:48', '2023-08-11 15:34:48'),
(1861, 3434, 'action created', '2023-08-11 16:26:34', '2023-08-11 16:26:34'),
(1829, 3406, 'action started via WP Cron', '2023-08-11 15:34:48', '2023-08-11 15:34:48'),
(1830, 3406, 'action complete via WP Cron', '2023-08-11 15:34:48', '2023-08-11 15:34:48'),
(1928, 3433, 'action started via WP Cron', '2023-08-18 16:38:36', '2023-08-18 16:38:36'),
(1874, 3438, 'action created', '2023-08-11 19:39:31', '2023-08-11 19:39:31'),
(1969, 3465, 'action complete via WP Cron', '2023-08-22 21:33:11', '2023-08-22 21:33:11'),
(1844, 3428, 'action started via WP Cron', '2023-08-11 15:49:38', '2023-08-11 15:49:38'),
(1843, 3428, 'action created', '2023-08-11 15:48:31', '2023-08-11 15:48:31'),
(1936, 3457, 'action complete via WP Cron', '2023-08-18 20:10:04', '2023-08-18 20:10:04'),
(1957, 3464, 'action complete via WP Cron', '2023-08-21 20:35:51', '2023-08-21 20:35:51'),
(1971, 3469, 'action started via WP Cron', '2023-08-22 21:33:11', '2023-08-22 21:33:11'),
(1915, 3449, 'action complete via WP Cron', '2023-08-16 19:55:12', '2023-08-16 19:55:12'),
(1916, 3452, 'action created', '2023-08-16 19:55:12', '2023-08-16 19:55:12'),
(1917, 3451, 'action started via WP Cron', '2023-08-16 19:55:12', '2023-08-16 19:55:12'),
(1918, 3451, 'action complete via WP Cron', '2023-08-16 19:55:12', '2023-08-16 19:55:12'),
(1894, 3441, 'action complete via WP Cron', '2023-08-13 18:57:21', '2023-08-13 18:57:21'),
(1895, 3445, 'action created', '2023-08-13 18:57:21', '2023-08-13 18:57:21'),
(1896, 3444, 'action started via WP Cron', '2023-08-13 18:57:21', '2023-08-13 18:57:21'),
(1897, 3444, 'action complete via WP Cron', '2023-08-13 18:57:21', '2023-08-13 18:57:21'),
(1903, 3446, 'action complete via WP Cron', '2023-08-14 19:09:45', '2023-08-14 19:09:45'),
(1910, 3450, 'action created', '2023-08-15 19:39:16', '2023-08-15 19:39:16'),
(1911, 3450, 'action started via WP Cron', '2023-08-15 19:39:29', '2023-08-15 19:39:29'),
(1912, 3450, 'action complete via WP Cron', '2023-08-15 19:39:29', '2023-08-15 19:39:29'),
(2005, 3480, 'action complete via WP Cron', '2023-08-26 23:25:40', '2023-08-26 23:25:40'),
(1913, 3449, 'action started via WP Cron', '2023-08-16 19:55:12', '2023-08-16 19:55:12'),
(1914, 3451, 'action created', '2023-08-16 19:55:12', '2023-08-16 19:55:12'),
(1927, 3454, 'action complete via WP Cron', '2023-08-17 20:04:32', '2023-08-17 20:04:32'),
(1919, 3453, 'action created', '2023-08-17 10:50:38', '2023-08-17 10:50:38'),
(1920, 3453, 'action started via WP Cron', '2023-08-17 10:54:09', '2023-08-17 10:54:09'),
(1970, 3470, 'action created', '2023-08-22 21:33:11', '2023-08-22 21:33:11'),
(1880, 3435, 'action started via WP Cron', '2023-08-12 17:23:19', '2023-08-12 17:23:19'),
(1881, 3440, 'action created', '2023-08-12 17:23:19', '2023-08-12 17:23:19'),
(1890, 3443, 'action started via WP Cron', '2023-08-13 12:27:28', '2023-08-13 12:27:28'),
(1901, 3447, 'action created', '2023-08-14 19:09:45', '2023-08-14 19:09:45'),
(1889, 3443, 'action created', '2023-08-13 12:26:24', '2023-08-13 12:26:24'),
(1886, 3442, 'action created', '2023-08-13 12:02:15', '2023-08-13 12:02:15'),
(1887, 3442, 'action started via WP Cron', '2023-08-13 12:02:31', '2023-08-13 12:02:31'),
(1938, 3459, 'action created', '2023-08-19 20:11:05', '2023-08-19 20:11:05'),
(1939, 3458, 'action complete via WP Cron', '2023-08-19 20:11:05', '2023-08-19 20:11:05'),
(1943, 3460, 'action started via WP Cron', '2023-08-20 20:15:15', '2023-08-20 20:15:15'),
(1944, 3461, 'action created', '2023-08-20 20:15:15', '2023-08-20 20:15:15'),
(1937, 3458, 'action started via WP Cron', '2023-08-19 20:11:04', '2023-08-19 20:11:04'),
(1955, 3465, 'action created', '2023-08-21 20:35:51', '2023-08-21 20:35:51'),
(1954, 3462, 'action complete via WP Cron', '2023-08-21 20:35:51', '2023-08-21 20:35:51'),
(1986, 3456, 'action complete via WP Cron', '2023-08-25 16:41:07', '2023-08-25 16:41:07'),
(1985, 3456, 'action started via WP Cron', '2023-08-25 16:41:07', '2023-08-25 16:41:07'),
(1961, 3467, 'action created', '2023-08-22 18:31:05', '2023-08-22 18:31:05'),
(2015, 3485, 'action created', '2023-08-29 01:54:47', '2023-08-29 01:54:47'),
(2014, 3483, 'action complete via WP Cron', '2023-08-29 01:54:47', '2023-08-29 01:54:47'),
(2013, 3484, 'action created', '2023-08-29 01:54:47', '2023-08-29 01:54:47'),
(2012, 3483, 'action started via WP Cron', '2023-08-29 01:54:47', '2023-08-29 01:54:47'),
(1983, 3473, 'action started via WP Cron', '2023-08-24 23:19:01', '2023-08-24 23:19:01'),
(1979, 3472, 'action started via WP Cron', '2023-08-24 23:19:01', '2023-08-24 23:19:01'),
(1980, 3473, 'action created', '2023-08-24 23:19:01', '2023-08-24 23:19:01'),
(2000, 3478, 'action started via WP Cron', '2023-08-26 23:25:40', '2023-08-26 23:25:40'),
(1998, 3479, 'action started via WP Cron', '2023-08-26 22:23:14', '2023-08-26 22:23:14'),
(2009, 3483, 'action created', '2023-08-27 23:41:11', '2023-08-27 23:41:11'),
(2010, 3482, 'action started via WP Cron', '2023-08-27 23:41:11', '2023-08-27 23:41:11'),
(1838, 3413, 'action started via WP Cron', '2023-08-11 15:34:49', '2023-08-11 15:34:49'),
(1997, 3479, 'action created', '2023-08-26 22:21:39', '2023-08-26 22:21:39'),
(2006, 3481, 'action started via WP Cron', '2023-08-27 23:41:11', '2023-08-27 23:41:11');

-- --------------------------------------------------------

--
-- Table structure for table `wp5r_blogmeta`
--

CREATE TABLE `wp5r_blogmeta` (
  `meta_id` bigint(20) UNSIGNED NOT NULL,
  `blog_id` bigint(20) NOT NULL DEFAULT 0,
  `meta_key` varchar(255) DEFAULT NULL,
  `meta_value` longtext DEFAULT NULL
) ENGINE=MyISAM DEFAULT CHARSET=utf8mb4 COLLATE=utf8mb4_unicode_520_ci;

-- --------------------------------------------------------

--
-- Table structure for table `wp5r_blogs`
--

CREATE TABLE `wp5r_blogs` (
  `blog_id` bigint(20) NOT NULL,
  `site_id` bigint(20) NOT NULL DEFAULT 0,
  `domain` varchar(200) NOT NULL DEFAULT '',
  `path` varchar(100) NOT NULL DEFAULT '',
  `registered` datetime NOT NULL DEFAULT '0000-00-00 00:00:00',
  `last_updated` datetime NOT NULL DEFAULT '0000-00-00 00:00:00',
  `public` tinyint(2) NOT NULL DEFAULT 1,
  `archived` tinyint(2) NOT NULL DEFAULT 0,
  `mature` tinyint(2) NOT NULL DEFAULT 0,
  `spam` tinyint(2) NOT NULL DEFAULT 0,
  `deleted` tinyint(2) NOT NULL DEFAULT 0,
  `lang_id` int(11) NOT NULL DEFAULT 0
) ENGINE=MyISAM DEFAULT CHARSET=utf8mb4 COLLATE=utf8mb4_unicode_520_ci;

--
-- Dumping data for table `wp5r_blogs`
--

INSERT INTO `wp5r_blogs` (`blog_id`, `site_id`, `domain`, `path`, `registered`, `last_updated`, `public`, `archived`, `mature`, `spam`, `deleted`, `lang_id`) VALUES
(1, 1, 'thesolutions1.com', '/', '2023-08-11 16:04:04', '2023-08-26 23:26:05', 1, 0, 0, 0, 0, 0),
(2, 1, 'thesolutions1.com', '/get-trained/', '2023-08-11 16:30:32', '2023-08-29 06:19:02', 1, 0, 0, 0, 0, 0);

-- --------------------------------------------------------

--
-- Table structure for table `wp5r_commentmeta`
--

CREATE TABLE `wp5r_commentmeta` (
  `meta_id` bigint(20) UNSIGNED NOT NULL,
  `comment_id` bigint(20) UNSIGNED NOT NULL DEFAULT 0,
  `meta_key` varchar(255) DEFAULT NULL,
  `meta_value` longtext DEFAULT NULL
) ENGINE=MyISAM DEFAULT CHARSET=utf8mb4 COLLATE=utf8mb4_unicode_520_ci;

-- --------------------------------------------------------

--
-- Table structure for table `wp5r_comments`
--

CREATE TABLE `wp5r_comments` (
  `comment_ID` bigint(20) UNSIGNED NOT NULL,
  `comment_post_ID` bigint(20) UNSIGNED NOT NULL DEFAULT 0,
  `comment_author` tinytext NOT NULL,
  `comment_author_email` varchar(100) NOT NULL DEFAULT '',
  `comment_author_url` varchar(200) NOT NULL DEFAULT '',
  `comment_author_IP` varchar(100) NOT NULL DEFAULT '',
  `comment_date` datetime NOT NULL DEFAULT '0000-00-00 00:00:00',
  `comment_date_gmt` datetime NOT NULL DEFAULT '0000-00-00 00:00:00',
  `comment_content` text NOT NULL,
  `comment_karma` int(11) NOT NULL DEFAULT 0,
  `comment_approved` varchar(20) NOT NULL DEFAULT '1',
  `comment_agent` varchar(255) NOT NULL DEFAULT '',
  `comment_type` varchar(20) NOT NULL DEFAULT 'comment',
  `comment_parent` bigint(20) UNSIGNED NOT NULL DEFAULT 0,
  `user_id` bigint(20) UNSIGNED NOT NULL DEFAULT 0
) ENGINE=MyISAM DEFAULT CHARSET=utf8mb4 COLLATE=utf8mb4_unicode_520_ci;

--
-- Dumping data for table `wp5r_comments`
--

INSERT INTO `wp5r_comments` (`comment_ID`, `comment_post_ID`, `comment_author`, `comment_author_email`, `comment_author_url`, `comment_author_IP`, `comment_date`, `comment_date_gmt`, `comment_content`, `comment_karma`, `comment_approved`, `comment_agent`, `comment_type`, `comment_parent`, `user_id`) VALUES
(1, 1, 'A WordPress Commenter', 'wapuu@wordpress.example', 'https://wordpress.org/', '', '2022-06-01 00:23:15', '2022-06-01 00:23:15', 'Hi, this is a comment.\nTo get started with moderating, editing, and deleting comments, please visit the Comments screen in the dashboard.\nCommenter avatars come from <a href=\"https://en.gravatar.com/\">Gravatar</a>.', 0, 'spam', '', 'comment', 0, 0),
(2, 1, 'Help', 'helpforsites@help.com', '', '95.105.124.92', '2022-06-01 16:13:08', '2022-06-01 16:13:08', 'Hello.\r\nYour site is completely empty and not attractive to visitors.\r\nPerhaps you need help?\r\nHere you can choose an attractive template for your website - https://bit.ly/allforwp4\r\nVarious useful plugins can be found here - https://bit.ly/pluginsforsite\r\nYou can find logos, fonts and other web elements here - https://bit.ly/graphicforsite\r\nIf you need unique photos for the site, you can find them here - https://bit.ly/photoforsite\r\nIf you need help setting up WordPress, help with SEO or some other help, you can contact here - https://fvrr.co/3mJkc9P\r\nI hope you will succeed and you will not abandon your site.', 0, 'spam', 'Mozilla/5.0 (Windows NT 6.1; WOW64) AppleWebKit/537.36 (KHTML, like Gecko) Chrome/79.0.3945.130 Safari/537.36', 'comment', 0, 0),
(3, 1, 'Mahmud Ghazni', 'support@ghazni.me', 'https://ghazni.me', '134.209.194.57', '2022-06-01 20:35:49', '2022-06-01 20:35:49', 'Hi There,\r\n\r\nRecently I found your website while analyzing a bunch of newly created websites. After checking, I noticed that you are using WordPress to create your website. That\'s Cool. You\'re really doing a great job. I\'m also a WordPress Developer. Basically, I provide WordPress-related services online. However, I always try to stay connected with those who work with the WordPress platform. If you don\'t mind, Can we stay connected? Also, If you have any issue with WordPress, please let me know. I will try my best to help you solve that issue.\r\n\r\nBest Regards,\r\nMahmud Ghazni\r\nEmail: mahmud.ghazni@yahoo.com\r\nWhatsApp: +8801322311024\r\nWeb: https://ghazni.me', 0, 'spam', 'Mozilla/5.0 (Macintosh; Intel Mac OS X 10_13_1) AppleWebKit/537.36 (KHTML, like Gecko) Chrome/66.0.3359.139 Safari/537.36', 'comment', 0, 0),
(4, 1, 'Help', 'helpforsites@help.com', '', '95.105.124.92', '2022-06-04 13:44:56', '2022-06-04 13:44:56', 'Hello.\r\nYour site is completely empty and not attractive to visitors.\r\nPerhaps you need help?\r\nHere you can choose an attractive template for your website - https://bit.ly/allforwp5\r\nVarious useful plugins can be found here - https://bit.ly/pluginsforsite2\r\nYou can find logos, fonts and other web elements here - https://bit.ly/graphicforsite2\r\nIf you need unique photos for the site, you can find them here - https://bit.ly/photoforsite2\r\nIf you need help setting up WordPress, help with SEO or some other help, you can contact here - https://fvrr.co/3mJkc9P\r\nI hope you will succeed and you will not abandon your site.', 0, 'spam', 'Mozilla/5.0 (Windows NT 6.1; WOW64) AppleWebKit/537.36 (KHTML, like Gecko) Chrome/79.0.3945.130 Safari/537.36', 'comment', 0, 0),
(5, 84, 'Mahmud Ghazni', 'support@ghazni.me', 'https://ghazni.me', '134.209.194.57', '2022-06-06 02:38:26', '2022-06-06 02:38:26', 'Hi There,\r\n\r\nRecently I found your website while analyzing a bunch of newly created websites. After checking, I noticed that you are using WordPress to create your website. That\'s Cool. You\'re really doing a great job. I\'m also a WordPress Developer. Basically, I provide WordPress-related services online and most importantly I\'m passionate about creating more engaging and professional-looking websites for my clients to reach their business goals.\r\n\r\nHere is the list of services that I provide:\r\n\r\n1) WordPress Design &amp; Development\r\n2) Theme Setup &amp; Customization\r\n3) WooCommerce Website Setup\r\n4) Bug Fixing &amp; Error Solving\r\n5) Speed Optimization\r\n6) On-Page SEO Setup\r\n7) Off-Page SEO Setup\r\n8) Malware Removal\r\n9) WordPress Security Setup\r\n10) Domain or Hosting Migration\r\n\r\nIn addition to the services, I provide some more services through my expert team members, such as Graphics Design, Digital Marketing, Social Media Management, etc. All my services have a money-back guarantee and I offer the first 3 months of website maintenance services to customers for free.\r\n\r\nPlease let me know if you feel the need for any of my services. So that we can discuss your requirements in more detail and then I can give you a quote. I\'m also happy to present my portfolio if you\'re interested.\r\n\r\nI look forward to hearing back from you. Thank you for your valuable attention.\r\n\r\nKind Regards,\r\nMahmud Ghazni\r\nWordPress Expert\r\nWhatsApp: +8801322311024\r\nEmail: info@ghazni.me', 0, 'spam', 'Mozilla/5.0 (Macintosh; Intel Mac OS X 10_13_3) AppleWebKit/537.36 (KHTML, like Gecko) Chrome/66.0.3359.181 Safari/537.36', 'comment', 0, 0),
(6, 2327, 'Cheapest Digital Books', 'patricehomer@gmail.com', 'https://cheapestdigitalbooks.com', '103.108.140.168', '2022-07-05 20:37:42', '2022-07-05 20:37:42', 'I\'m not certain where you are getting your information, but \r\ngreat topic. I must spend a while learning more or figuring \r\nout more. Thank you for fantastic information I was in search of this information for my mission.', 0, 'spam', 'Mozilla/5.0 (Macintosh; Intel Mac OS X 10_13_4) AppleWebKit/537.36 (KHTML, like Gecko) Chrome/67.0.3396.40 Safari/537.36', 'comment', 0, 0),
(7, 2327, 'Twicsy', 'leslie.doherty@gmail.com', 'https://twicsy.com/', '80.67.10.139', '2022-07-08 08:25:21', '2022-07-08 08:25:21', 'Asking questions are really fastidious thing if you are \r\nnot understanding anything totally, except this post gives fastidious understanding even.', 0, 'spam', 'Mozilla/5.0 (Windows NT 10.0; Win64; x64) AppleWebKit/537.36 (KHTML, like Gecko) Chrome/64.0.3282.189 Safari/537.36 Vivaldi/1.95.1077.60', 'comment', 0, 0),
(8, 2328, 'נערת ליווי אילת', '6icb2whxl@gmail.com', 'https://israel-lady.co.il/%D7%A0%D7%A2%D7%A8%D7%95%D7%AA-%D7%9C%D7%99%D7%95%D7%95%D7%99-%D7%91%D7%90%D7%99%D7%9C%D7%AA/', '175.6.67.134', '2022-07-25 08:54:17', '2022-07-25 08:54:17', 'Im pretty pleased to uncover this site. I want to to thank you for your time due to this fantastic read!! I definitely loved every part of it and i also have you book-marked to look at new stuff on your site.', 0, 'spam', 'Mozilla/5.0 (Windows NT 6.1) AppleWebKit/537.36 (KHTML, like Gecko) Chrome/47.0.2526.73 YaBrowser/16.2.0.2568 (beta) Yowser/2.5 Safari/537.36', 'comment', 0, 0),
(9, 82, 'נערת ליווי אילת', 'h6eyep@gmail.com', 'https://israel-lady.co.il/%D7%A0%D7%A2%D7%A8%D7%95%D7%AA-%D7%9C%D7%99%D7%95%D7%95%D7%99-%D7%91%D7%90%D7%99%D7%9C%D7%AA/', '175.6.67.134', '2022-07-25 08:55:10', '2022-07-25 08:55:10', 'Im pretty pleased to uncover this site. I want to to thank you for your time due to this fantastic read!! I definitely loved every part of it and i also have you book-marked to look at new stuff on your site.', 0, 'spam', 'Mozilla/5.0 (Windows NT 6.1; WOW64) AppleWebKit/537.36 (KHTML, like Gecko) Chrome/48.0.2564.82 Safari/537.36 OPR/35.0.2066.37 (Edition Campaign 51)', 'comment', 0, 0),
(10, 2327, 'נערת ליווי אילת', 'u8r90zpasx@gmail.com', 'https://israel-lady.co.il/%D7%A0%D7%A2%D7%A8%D7%95%D7%AA-%D7%9C%D7%99%D7%95%D7%95%D7%99-%D7%91%D7%90%D7%99%D7%9C%D7%AA/', '175.6.67.134', '2022-07-25 08:55:28', '2022-07-25 08:55:28', 'Im pretty pleased to uncover this site. I want to to thank you for your time due to this fantastic read!! I definitely loved every part of it and i also have you book-marked to look at new stuff on your site.', 0, 'spam', 'Mozilla/5.0 (Windows NT 6.1; WOW64) AppleWebKit/537.36 (KHTML, like Gecko) Chrome/48.0.2564.82 Safari/537.36 OPR/35.0.2066.37 (Edition Campaign 51)', 'comment', 0, 0),
(11, 84, 'נערת ליווי אילת', 'zx99pgap@gmail.com', 'https://israel-lady.co.il/%D7%A0%D7%A2%D7%A8%D7%95%D7%AA-%D7%9C%D7%99%D7%95%D7%95%D7%99-%D7%91%D7%90%D7%99%D7%9C%D7%AA/', '175.6.67.134', '2022-07-25 08:55:52', '2022-07-25 08:55:52', 'Im pretty pleased to uncover this site. I want to to thank you for your time due to this fantastic read!! I definitely loved every part of it and i also have you book-marked to look at new stuff on your site.', 0, 'spam', 'Mozilla/5.0 (Windows NT 6.1; WOW64) AppleWebKit/537.36 (KHTML, like Gecko) Chrome/48.0.2564.82 Safari/537.36 OPR/35.0.2066.37 (Edition Campaign 51)', 'comment', 0, 0),
(12, 110, 'נערת ליווי אילת', '7ww0ot@gmail.com', 'https://israel-lady.co.il/%D7%A0%D7%A2%D7%A8%D7%95%D7%AA-%D7%9C%D7%99%D7%95%D7%95%D7%99-%D7%91%D7%90%D7%99%D7%9C%D7%AA/', '51.195.40.191', '2022-07-25 08:56:16', '2022-07-25 08:56:16', 'Im pretty pleased to uncover this site. I want to to thank you for your time due to this fantastic read!! I definitely loved every part of it and i also have you book-marked to look at new stuff on your site.', 0, 'spam', 'Mozilla/5.0 (Windows NT 10.0) AppleWebKit/537.36 (KHTML, like Gecko) Chrome/44.0.2403.157 YaBrowser/15.9.2403.3043 Safari/537.36', 'comment', 0, 0),
(13, 1, 'נערת ליווי אילת', 'wyg09l8d@gmail.com', 'https://israel-lady.co.il/%D7%A0%D7%A2%D7%A8%D7%95%D7%AA-%D7%9C%D7%99%D7%95%D7%95%D7%99-%D7%91%D7%90%D7%99%D7%9C%D7%AA/', '211.140.252.244', '2022-07-25 08:56:27', '2022-07-25 08:56:27', 'Im pretty pleased to uncover this site. I want to to thank you for your time due to this fantastic read!! I definitely loved every part of it and i also have you book-marked to look at new stuff on your site.', 0, 'spam', 'Mozilla/5.0 (X11; Linux x86_64) AppleWebKit/537.11 (KHTML, like Gecko) Chrome/23.0.1271.97 Safari/537.11', 'comment', 0, 0),
(14, 2747, 'נערת ליווי אילת', 't7yny0kyr2@gmail.com', 'https://israel-lady.co.il/%D7%A0%D7%A2%D7%A8%D7%95%D7%AA-%D7%9C%D7%99%D7%95%D7%95%D7%99-%D7%91%D7%90%D7%99%D7%9C%D7%AA/', '211.140.252.244', '2022-07-25 08:56:52', '2022-07-25 08:56:52', 'Im pretty pleased to uncover this site. I want to to thank you for your time due to this fantastic read!! I definitely loved every part of it and i also have you book-marked to look at new stuff on your site.', 0, 'spam', 'Mozilla/5.0 (X11; Linux x86_64) AppleWebKit/537.11 (KHTML, like Gecko) Chrome/23.0.1271.97 Safari/537.11', 'comment', 0, 0),
(15, 2328, 'דירות דיסקרטיות בצפון', 'esaatclcd@gmail.com', 'https://israelnightclub.com/apartments/%d7%93%d7%99%d7%a8%d7%95%d7%aa-%d7%93%d7%99%d7%a1%d7%a7%d7%a8%d7%98%d7%99%d7%95%d7%aa-%d7%91%d7%97%d7%99%d7%a4%d7%94/', '45.134.184.147', '2022-07-27 08:03:29', '2022-07-27 08:03:29', 'Greetings! Very helpful advice in this particular post! It is the little changes that make the most significant changes. Thanks for sharing!', 0, 'spam', 'Mozilla/5.0 (compatible; MSIE 10.0; Windows NT 6.2; WOW64; Trident/6.0; Touch; MASMJS)', 'comment', 0, 0),
(16, 2328, 'מחפשים דירות דיסקרטיות בבת ים ?', '37uoaf88jx@gmail.com', 'https://www.israelxclub.co.il/girls-cat/%D7%93%D7%99%D7%A8%D7%95%D7%AA-%D7%93%D7%99%D7%A1%D7%A7%D7%A8%D7%98%D7%99%D7%95%D7%AA-%D7%91%D7%91%D7%AA-%D7%99%D7%9D/', '64.43.89.198', '2022-07-30 04:39:51', '2022-07-30 04:39:51', 'Everything is very open with a precise clarification of the issues. It was really informative. Your website is extremely helpful. Thanks for sharing!', 0, 'spam', 'Mozilla/5.0 (Windows NT 6.1; WOW64; rv:41.0) Gecko/20100101 Firefox/41.0', 'comment', 0, 0),
(17, 82, 'מחפשים דירות דיסקרטיות בבת ים ?', 'yesuymy6@gmail.com', 'https://www.israelxclub.co.il/girls-cat/%D7%93%D7%99%D7%A8%D7%95%D7%AA-%D7%93%D7%99%D7%A1%D7%A7%D7%A8%D7%98%D7%99%D7%95%D7%AA-%D7%91%D7%91%D7%AA-%D7%99%D7%9D/', '154.92.116.182', '2022-07-30 04:40:07', '2022-07-30 04:40:07', 'Everything is very open with a precise clarification of the issues. It was really informative. Your website is extremely helpful. Thanks for sharing!', 0, 'spam', 'Mozilla/5.0 (Windows NT 6.1) AppleWebKit/537.36 (KHTML, like Gecko) Chrome/41.0.2228.0 Safari/537.36', 'comment', 0, 0),
(18, 2327, 'מחפשים דירות דיסקרטיות בבת ים ?', 'uomwn4zds@gmail.com', 'https://www.israelxclub.co.il/girls-cat/%D7%93%D7%99%D7%A8%D7%95%D7%AA-%D7%93%D7%99%D7%A1%D7%A7%D7%A8%D7%98%D7%99%D7%95%D7%AA-%D7%91%D7%91%D7%AA-%D7%99%D7%9D/', '45.137.84.179', '2022-07-30 04:40:14', '2022-07-30 04:40:14', 'Everything is very open with a precise clarification of the issues. It was really informative. Your website is extremely helpful. Thanks for sharing!', 0, 'spam', 'Mozilla/4.0 (compatible; MSIE 5.0; Windows 98; DigExt)', 'comment', 0, 0),
(19, 84, 'מחפשים דירות דיסקרטיות בבת ים ?', 'oeudu6ac@gmail.com', 'https://www.israelxclub.co.il/girls-cat/%D7%93%D7%99%D7%A8%D7%95%D7%AA-%D7%93%D7%99%D7%A1%D7%A7%D7%A8%D7%98%D7%99%D7%95%D7%AA-%D7%91%D7%91%D7%AA-%D7%99%D7%9D/', '138.128.59.185', '2022-07-30 04:40:20', '2022-07-30 04:40:20', 'Everything is very open with a precise clarification of the issues. It was really informative. Your website is extremely helpful. Thanks for sharing!', 0, 'spam', 'Mozilla/5.0 (Windows NT 6.1) AppleWebKit/537.36 (KHTML, like Gecko) Chrome/28.1.1500.75 Safari/537.36 MRCHROME', 'comment', 0, 0),
(20, 110, 'מחפשים דירות דיסקרטיות בבת ים ?', 'vt7p50dho@gmail.com', 'https://www.israelxclub.co.il/girls-cat/%D7%93%D7%99%D7%A8%D7%95%D7%AA-%D7%93%D7%99%D7%A1%D7%A7%D7%A8%D7%98%D7%99%D7%95%D7%AA-%D7%91%D7%91%D7%AA-%D7%99%D7%9D/', '138.128.59.175', '2022-07-30 04:40:28', '2022-07-30 04:40:28', 'Everything is very open with a precise clarification of the issues. It was really informative. Your website is extremely helpful. Thanks for sharing!', 0, 'spam', 'Mozilla/5.0 (Windows NT 6.1; rv:40.0) Gecko/20100101 Firefox/40.0', 'comment', 0, 0),
(21, 1, 'מחפשים דירות דיסקרטיות בבת ים ?', 'bi31u7p5h@gmail.com', 'https://www.israelxclub.co.il/girls-cat/%D7%93%D7%99%D7%A8%D7%95%D7%AA-%D7%93%D7%99%D7%A1%D7%A7%D7%A8%D7%98%D7%99%D7%95%D7%AA-%D7%91%D7%91%D7%AA-%D7%99%D7%9D/', '45.128.24.232', '2022-07-30 04:40:35', '2022-07-30 04:40:35', 'Everything is very open with a precise clarification of the issues. It was really informative. Your website is extremely helpful. Thanks for sharing!', 0, 'spam', 'Mozilla/5.0 (Windows NT 6.1; WOW64) AppleWebKit/537.36 (KHTML, like Gecko) Chrome/45.0.2454.101 Safari/537.36', 'comment', 0, 0),
(22, 2747, 'מחפשים דירות דיסקרטיות בבת ים ?', 'aeqzxg3weu@gmail.com', 'https://www.israelxclub.co.il/girls-cat/%D7%93%D7%99%D7%A8%D7%95%D7%AA-%D7%93%D7%99%D7%A1%D7%A7%D7%A8%D7%98%D7%99%D7%95%D7%AA-%D7%91%D7%91%D7%AA-%D7%99%D7%9D/', '45.128.24.219', '2022-07-30 04:40:41', '2022-07-30 04:40:41', 'Everything is very open with a precise clarification of the issues. It was really informative. Your website is extremely helpful. Thanks for sharing!', 0, 'spam', 'Mozilla/5.0 (Windows NT 6.1) AppleWebKit/534.24 (KHTML, like Gecko) Chrome/12.0.702.0 Safari/534.24', 'comment', 0, 0),
(23, 2327, 'Jeffrey Brown', 'jefferybrown012l@gmail.com', 'https://www.no-site.com', '194.32.122.11', '2022-07-31 22:26:53', '2022-07-31 22:26:53', 'Hello \r\n \r\nI just wanted to see if you would be open to getting a Full-Time Virtual Assistant for one week FREE, and the best part is, there is no obligation to continue, and no credit card or payment required to try us out. \r\n \r\nPlus! If you decide to move forward after the one-week trial period, we have plans starting at just a few hundred dollars a month for a part-time assistant. That’s about the same you spend on coffee for 2 each month. \r\n \r\nBut this offer is only good this week, for the first 20 clients, so you need to claim your Virtual Assistant Now, before you miss out. \r\n \r\nClick Here to Get Started   (   https://va.yodaddyapps.com/myaa-va-8338   ) \r\n \r\nOur Virtual Assistants Can: \r\n \r\n•	Handle a variety of tasks and projects for you so that your day is more productive \r\n•	Follow up on internal/external resources to ensure that there is daily progress \r\n•	Give you back time to focus on building your business instead of admin tasks \r\n \r\n... and much, MUCH more! \r\n \r\nImagine for a minute, if you can get the help you need to manage your day-to day task and ongoing projects at a fraction of the cost of hiring an onsite assistant. \r\n \r\nClick Here to Get Started  (   https://va.yodaddyapps.com/myaa-va-8338   ) \r\n \r\nBest, \r\n \r\nJeffrey Brown', 0, 'spam', 'Mozilla/5.0 (Windows NT 6.3; Win64; x64) AppleWebKit/537.36 (KHTML, like Gecko) Chrome/90.0.4430.72 Safari/537.36 Edg/90.0.818.42', 'comment', 0, 0),
(24, 2327, 'Cheapest eBooks Store', 'giatuckfield@zoho.com', 'https://m.cheapestdigitalbooks.com', '20.0.153.127', '2022-08-09 11:22:39', '2022-08-09 11:22:39', 'Do you mind if I quote a couple of your articles as long as I provide credit and sources back to your \r\nblog? My blog site is in the very same area of interest as yours and my users would \r\ntruly benefit from a lot of the information you present here.\r\n\r\nPlease let me know if this ok with you. Regards!', 0, 'spam', 'Mozilla/5.0 (Windows NT 10.0; Win64; x64; Xbox; Xbox One) AppleWebKit/537.36 (KHTML, like Gecko) Chrome/103.0.0.0 Safari/537.36 Edge/44.18363.8131', 'comment', 0, 0),
(25, 2327, 'Mark', 'coarganrundle1979@gmail.com', 'https://tnr69-00.top/', '188.134.68.55', '2022-09-13 13:29:50', '2022-09-13 13:29:50', 'Thanks for your blog, nice to read. Do not stop.', 0, 'spam', 'Mozilla/5.0 (Windows NT 10.0; Win64; x64) AppleWebKit/537.36 (KHTML, like Gecko) Chrome/104.0.0.0 Safari/537.36', 'comment', 0, 0),
(26, 2328, 'נערות ליווי', 'rywtm0@gmail.com', 'https://romantik69.co.il/', '198.20.191.63', '2022-10-13 09:01:47', '2022-10-13 09:01:47', 'אני מאוד ממליץ על אתר הזה כנסו עכשיו ותהנו ממגוון רחב של בחורות ברמה מאוד גבוהה. רק באתר ישראל נייט לאדי <a href=\"https://romantik69.co.il/\" rel=\"nofollow ugc\">https://romantik69.co.il/</a>', 0, 'spam', 'Mozilla/5.0 (Windows NT 5.1; rv:17.0) Gecko/20100101 Firefox/17.0', 'comment', 0, 0),
(27, 82, 'נערות ליווי', 'beew3b@gmail.com', 'https://romantik69.co.il/', '45.155.70.170', '2022-10-13 09:01:56', '2022-10-13 09:01:56', 'אני מאוד ממליץ על אתר הזה כנסו עכשיו ותהנו ממגוון רחב של בחורות ברמה מאוד גבוהה. רק באתר ישראל נייט לאדי <a href=\"https://romantik69.co.il/\" rel=\"nofollow ugc\">https://romantik69.co.il/</a>', 0, 'spam', 'Mozilla/5.0 (Windows NT 6.1; Win64; x64; rv:38.9) Gecko/20100101 Goanna/2.0 Firefox/38.9 PaleMoon/26.0.3', 'comment', 0, 0),
(28, 2327, 'נערות ליווי', 'hvx5bc7bu@gmail.com', 'https://romantik69.co.il/', '91.212.100.108', '2022-10-13 09:02:04', '2022-10-13 09:02:04', 'אני מאוד ממליץ על אתר הזה כנסו עכשיו ותהנו ממגוון רחב של בחורות ברמה מאוד גבוהה. רק באתר ישראל נייט לאדי <a href=\"https://romantik69.co.il/\" rel=\"nofollow ugc\">https://romantik69.co.il/</a>', 0, 'spam', 'Mozilla/5.0 (Windows NT 6.1; WOW64; Trident/7.0; BOIE9;RURU; rv:11.0) like Gecko', 'comment', 0, 0),
(29, 84, 'נערות ליווי', 'c3ggsjzeb3@gmail.com', 'https://romantik69.co.il/', '5.252.142.174', '2022-10-13 09:02:12', '2022-10-13 09:02:12', 'אני מאוד ממליץ על אתר הזה כנסו עכשיו ותהנו ממגוון רחב של בחורות ברמה מאוד גבוהה. רק באתר ישראל נייט לאדי <a href=\"https://romantik69.co.il/\" rel=\"nofollow ugc\">https://romantik69.co.il/</a>', 0, 'spam', 'Opera/9.80 (Windows NT 6.1; WOW64; MRA 6.0 (build 6011)) Presto/2.12.388 Version/12.17', 'comment', 0, 0),
(30, 110, 'נערות ליווי', 'rtzwe95y@gmail.com', 'https://romantik69.co.il/', '91.246.192.141', '2022-10-13 09:02:20', '2022-10-13 09:02:20', 'אני מאוד ממליץ על אתר הזה כנסו עכשיו ותהנו ממגוון רחב של בחורות ברמה מאוד גבוהה. רק באתר ישראל נייט לאדי <a href=\"https://romantik69.co.il/\" rel=\"nofollow ugc\">https://romantik69.co.il/</a>', 0, 'spam', 'Opera/9.80 (Windows NT 5.1; U; zh-sg) Presto/2.9.181 Version/12.00', 'comment', 0, 0),
(31, 1, 'נערות ליווי', 'nd3ldqj14i@gmail.com', 'https://romantik69.co.il/', '45.224.229.243', '2022-10-13 09:02:28', '2022-10-13 09:02:28', 'אני מאוד ממליץ על אתר הזה כנסו עכשיו ותהנו ממגוון רחב של בחורות ברמה מאוד גבוהה. רק באתר ישראל נייט לאדי <a href=\"https://romantik69.co.il/\" rel=\"nofollow ugc\">https://romantik69.co.il/</a>', 0, 'spam', 'Mozilla/5.0 (Windows NT 6.1; rv:42.0) Gecko/20100101 Firefox/42.0', 'comment', 0, 0),
(32, 2747, 'נערות ליווי', 'tjt9og@gmail.com', 'https://romantik69.co.il/', '45.130.127.108', '2022-10-13 09:02:36', '2022-10-13 09:02:36', 'אני מאוד ממליץ על אתר הזה כנסו עכשיו ותהנו ממגוון רחב של בחורות ברמה מאוד גבוהה. רק באתר ישראל נייט לאדי <a href=\"https://romantik69.co.il/\" rel=\"nofollow ugc\">https://romantik69.co.il/</a>', 0, 'spam', 'Mozilla/5.0 (Windows NT 6.1; WOW64) AppleWebKit/536.11 (KHTML, like Gecko) Chrome/20.0.1132.47 Safari/536.11', 'comment', 0, 0),
(33, 2327, 'http://pandarim2.host8.da.to/bbs/board.php?bo_table=qa_form01&amp;wr_id=46670', 'shadpackard@live.de', 'http://pandarim2.host8.da.to/bbs/board.php?bo_table=qa_form01&amp;wr_id=46670', '109.248.129.47', '2022-11-18 02:25:52', '2022-11-18 02:25:52', 'Great article.\r\n\r\nCheck out my blog :: <a href=\"http://pandarim2.host8.da.to/bbs/board.php?bo_table=qa_form01&amp;wr_id=46670\" rel=\"nofollow ugc\">http://pandarim2.host8.da.to/bbs/board.php?bo_table=qa_form01&amp;wr_id=46670</a>', 0, 'spam', 'Mozilla/5.0 (Macintosh; Intel Mac OS X 12_5) AppleWebKit/537.36 (KHTML, like Gecko) Chrome/103.0.0.0 Safari/537.36 Vivaldi/5.3.2679.68', 'comment', 0, 0),
(34, 2327, 'internet_zaer', 'ndfdfdbxm@gmail.com', 'https://domashnij-internet-v-moskve.ru', '185.197.74.148', '2022-12-05 11:10:16', '2022-12-05 11:10:16', 'подключить интернет дома <a href=\"https://domashnij-internet-v-moskve.ru/\" / rel=\"nofollow ugc\">https://domashnij-internet-v-moskve.ru/</a>.', 0, 'spam', 'Mozilla/5.0 (Windows NT 6.1; ) AppleWebKit/537.36 (KHTML, like Gecko) Chrome/90.0.4430.85 Safari/537.36', 'comment', 0, 0),
(35, 2327, 'Waheed Mohammed', 'ujn2esbgakah@opayq.com', 'https://www.no-site.com', '191.101.217.129', '2022-12-09 16:53:22', '2022-12-09 16:53:22', 'Hello, \r\n \r\nWe provide funding through our venture capital company to both start-up and existing companies either looking for funding for expansion or to accelerate growth in their company. We have a structured joint venture investment plan in which we are interested in an annual return on investment not more than 10% ROI. We are also currently structuring a convertible debt and loan financing of 3% interest repayable annually with no early repayment penalties. If you have a business plan or executive summary, I can review to \r\nunderstand a much better idea of your business and what you are looking to do, this will assist in determining the best possible investment structure we can pursue and discuss more extensively. If you are interested in any of the above, kindly respond to us via this email. waheed@almarisinvestmentgroup.com \r\nWaheedalgore22@gmail.com \r\nSincerely \r\nEngineer Waheed Mohammed \r\nChief Financial Officer \r\nAl-Maris Investment Group', 0, 'spam', 'Mozilla/5.0 (Windows NT 10.0; Win64; x64) AppleWebKit/537.36 (KHTML, like Gecko) Chrome/90.0.4430.86 Safari/537.36', 'comment', 0, 0),
(36, 2327, 'kursy_qaEa', 'ukzqltgbhEa@baikcm.ru', 'https://keratinprof.online/', '185.197.74.148', '2022-12-10 21:33:15', '2022-12-10 21:33:15', 'реконструкция волос онлайн обучение <a href=\"https://www.keratinprof.online/#реконструкция-волос-онлайн-обучение\" rel=\"nofollow ugc\">https://www.keratinprof.online/</a>.', 0, 'spam', 'Mozilla/5.0 (Windows NT 10.0; WOW64) AppleWebKit/537.36 (KHTML, like Gecko) Chrome/90.0.4400.8 Safari/537.36', 'comment', 0, 0),
(37, 2327, 'podklyuche_axet', 'zdcvsmnzaet@xrum.store', 'https://domashnij-internet-rostov-na-donu.ru', '89.22.234.69', '2022-12-15 02:21:44', '2022-12-15 02:21:44', 'провайдеры интернета по адресу <a href=\"https://www.domashnij-internet-rostov-na-donu.ru#провайдеры-интернета-по-адресу\" rel=\"nofollow ugc\">https://www.domashnij-internet-rostov-na-donu.ru</a>.', 0, 'spam', 'Mozilla/5.0 (Windows NT 10.0; WOW64) AppleWebKit/537.36 (KHTML, like Gecko) Chrome/90.0.4430.93 Safari/537.36', 'comment', 0, 0),
(38, 2327, 'podklyuchi_apoi', 'wezilryoroi@progontop.online', 'https://domashnij-internet-voronezh.ru', '37.1.218.194', '2022-12-15 18:26:56', '2022-12-15 18:26:56', 'домашний интернет в воронеже <a href=\"http://domashnij-internet-voronezh.ru/#домашний-интернет-в-воронеже\" rel=\"nofollow ugc\">http://domashnij-internet-voronezh.ru/</a>.', 0, 'spam', 'Mozilla/5.0 (Windows NT 6.3; Win64; x64) AppleWebKit/537.36 (KHTML, like Gecko) Chrome/90.0.4430.72 Safari/537.36 Edg/90.0.818.42', 'comment', 0, 0),
(39, 2327, 'santehnik_rzOi', 'loianbbvoOi@xrum.store', 'https://all-sanitary.ru/', '89.22.234.69', '2022-12-18 10:51:54', '2022-12-18 10:51:54', 'мастер сантехник вызвать на дом <a href=\"https://all-sanitary.ru#мастер-сантехник-вызвать-на-дом\" rel=\"nofollow ugc\">https://all-sanitary.ru</a>.', 0, 'spam', 'Mozilla/5.0 (Windows NT 6.1) AppleWebKit/537.36 (KHTML, like Gecko) Chrome/90.0.4430.72 Safari/537.36', 'comment', 0, 0),
(40, 2327, 'podklyuche_yhOt', 'fosqobcueOt@progontop.online', 'https://domashnij-internet-ekaterinburg.ru', '185.197.74.148', '2022-12-18 14:52:00', '2022-12-18 14:52:00', 'интернет по адресу в екатеринбурге <a href=\"http://www.domashnij-internet-ekaterinburg.ru#интернет-по-адресу-в-екатеринбурге\" rel=\"nofollow ugc\">http://www.domashnij-internet-ekaterinburg.ru</a>.', 0, 'spam', 'Mozilla/5.0 (Windows NT 6.1; Win64; x64) AppleWebKit/537.36 (KHTML, like Gecko) Chrome/90.0.4427.0 Safari/537.36', 'comment', 0, 0),
(41, 84, 'Hello World! https://x2r63t.com?hs=8820339ba51770e9ec6a4a1d85c187a6&amp;', 'x01mp3rx0z@mailto.plus', 'https://x2r63t.com', '51.77.39.255', '2022-12-20 13:56:50', '2022-12-20 13:56:50', '1w0llh', 0, 'spam', 'Mozilla/5.0 (Windows NT 6.1) AppleWebKit/537.36 (KHTML, like Gecko) Chrome/45.0.2454.101 YaBrowser/15.10.2454.3660 Safari/537.36', 'comment', 0, 0),
(42, 1, 'Hello World! https://ex2vmv.com?hs=d3469e8865d1fe64493d9b894f70e8a2&amp;', 'x01mp3rx0z@mailto.plus', 'https://ex2vmv.com', '192.42.116.208', '2022-12-20 13:57:15', '2022-12-20 13:57:15', 'smmu8t', 0, 'spam', 'Mozilla/5.0 (Windows NT 6.1) AppleWebKit/537.36 (KHTML, like Gecko) Chrome/45.0.2454.101 YaBrowser/15.10.2454.3660 Safari/537.36', 'comment', 0, 0),
(43, 2327, 'avtoservis_qhpr', 'xjpsqszbjpr@progontop.online', 'https://oborudovanie-dlya-avtoservisa-1.ru/', '37.1.218.194', '2022-12-20 14:46:36', '2022-12-20 14:46:36', 'автомобильные подъемники <a href=\"http://oborudovanie-dlya-avtoservisa-1.ru/catalog/podemniki-avtomobilnye/#автомобильные-подъемники\" rel=\"nofollow ugc\">http://oborudovanie-dlya-avtoservisa-1.ru/catalog/podemniki-avtomobilnye/</a>.', 0, 'spam', 'Mozilla/5.0 (Windows NT 6.3; Win64; x64) AppleWebKit/537.36 (KHTML, like Gecko) Chrome/90.0.4430.72 Safari/537.36 Edg/90.0.818.42', 'comment', 0, 0),
(44, 2327, 'karkasnye_dier', 'knasoxqlcer@xrum.store', 'https://karkasnye-doma-pod-klyuch-krasnoyarsk.ru', '89.22.234.69', '2022-12-22 05:41:51', '2022-12-22 05:41:51', 'дома каркасные под ключ <a href=\"http://karkasnye-doma-pod-klyuch-krasnoyarsk.ru/#дома-каркасные-под-ключ\" rel=\"nofollow ugc\">http://karkasnye-doma-pod-klyuch-krasnoyarsk.ru/</a>.', 0, 'spam', 'Mozilla/5.0 (Windows NT 10.0; Win64; x64) AppleWebKit/537.36 (KHTML, like Gecko) Chrome/90.0.4430.86 Safari/537.36', 'comment', 0, 0),
(45, 2327, 'abhaziya_utPt', 'ixphfgiyrPt@progontop.online', 'https://otdyh-v-abhazii-1.ru', '185.197.74.148', '2022-12-25 07:45:58', '2022-12-25 07:45:58', 'отель в абхазии <a href=\"http://otdyh-v-abhazii-1.ru/abkhazia/hotels/#отель-в-абхазии\" rel=\"nofollow ugc\">http://otdyh-v-abhazii-1.ru/abkhazia/hotels/</a>.', 0, 'spam', 'Mozilla/5.0 (Windows NT 6.1; Win64; x64) AppleWebKit/537.36 (KHTML, like Gecko) Chrome/90.0.4427.0 Safari/537.36', 'comment', 0, 0),
(46, 2327, 'gagra_plEt', 'aiyvcgrgdEt@baikcm.ru', 'https://snyat-zhile-v-gagrah.ru', '37.1.218.194', '2022-12-25 14:24:15', '2022-12-25 14:24:15', 'снять гостиницу в гаграх <a href=\"http://www.snyat-zhile-v-gagrah.ru/gagra/hotels#снять-гостиницу-в-гаграх\" rel=\"nofollow ugc\">http://www.snyat-zhile-v-gagrah.ru/gagra/hotels</a>.', 0, 'spam', 'Mozilla/5.0 (Windows NT 6.1; Win64; x64) AppleWebKit/537.36 (KHTML, like Gecko) Chrome/90.0.4430.85 Safari/537.36', 'comment', 0, 0),
(47, 2327, 'evakuator_pcsl', 'cvxfxfrnwsl@progontop.online', 'https://evakuator-kazan1.ru/', '185.197.74.148', '2022-12-28 01:09:20', '2022-12-28 01:09:20', 'эвакуатор дешево <a href=\"https://evakuator-kazan1.ru/#эвакуатор-дешево\" rel=\"nofollow ugc\">https://evakuator-kazan1.ru/</a>.', 0, 'spam', 'Mozilla/5.0 (Windows NT 6.1; Win64; x64) AppleWebKit/537.36 (KHTML, like Gecko) Chrome/90.0.4427.0 Safari/537.36', 'comment', 0, 0),
(48, 2327, 'kadastrovy_ovet', 'sbxdaszwaet@baikcm.ru', 'https://kadastovie-raboti.ru', '37.1.218.194', '2022-12-30 02:45:59', '2022-12-30 02:45:59', 'кадастровые работы <a href=\"https://kadastovie-raboti.ru#кадастровые-работы\" rel=\"nofollow ugc\">https://kadastovie-raboti.ru</a>.', 0, 'spam', 'Mozilla/5.0 (Windows NT 6.1) AppleWebKit/537.36 (KHTML, like Gecko) Chrome/90.0.4430.85 Safari/537.36', 'comment', 0, 0),
(49, 2328, 'דירות דיסקרטיות בהרצליה', '7d3picr@gmail.com', 'https://israelnightclub.com/apartments/%d7%93%d7%99%d7%a8%d7%95%d7%aa-%d7%93%d7%99%d7%a1%d7%a7%d7%a8%d7%98%d7%99%d7%95%d7%aa-%d7%91%d7%94%d7%a8%d7%a6%d7%9c%d7%99%d7%94/', '45.136.228.246', '2022-12-30 22:34:08', '2022-12-30 22:34:08', 'Can I simply just say what a comfort to discover an individual who genuinely knows what they are discussing on the internet. You definitely realize how to bring an issue to light and make it important. More people should look at this and understand this side of the story. I was surprised that youre not more popular since you surely possess the gift.', 0, 'spam', 'Opera/9.80 (Windows NT 6.1; WOW64; MRA 6.0 (build 6011)) Presto/2.12.388 Version/12.17', 'comment', 0, 0);

-- --------------------------------------------------------

--
-- Table structure for table `wp5r_fbv`
--

CREATE TABLE `wp5r_fbv` (
  `id` int(11) UNSIGNED NOT NULL,
  `name` varchar(250) NOT NULL,
  `parent` int(11) NOT NULL DEFAULT 0,
  `type` int(2) NOT NULL DEFAULT 0,
  `ord` int(11) DEFAULT 0,
  `created_by` int(11) DEFAULT 0
) ENGINE=MyISAM DEFAULT CHARSET=utf8mb4 COLLATE=utf8mb4_unicode_520_ci;

-- --------------------------------------------------------

--
-- Table structure for table `wp5r_fbv_attachment_folder`
--

CREATE TABLE `wp5r_fbv_attachment_folder` (
  `folder_id` int(11) UNSIGNED NOT NULL,
  `attachment_id` bigint(20) UNSIGNED NOT NULL
) ENGINE=MyISAM DEFAULT CHARSET=utf8mb4 COLLATE=utf8mb4_unicode_520_ci;

-- --------------------------------------------------------

--
-- Table structure for table `wp5r_jetpack_waf_blocklog`
--

CREATE TABLE `wp5r_jetpack_waf_blocklog` (
  `log_id` bigint(20) UNSIGNED NOT NULL,
  `timestamp` datetime NOT NULL,
  `rule_id` bigint(20) NOT NULL,
  `reason` longtext NOT NULL
) ENGINE=MyISAM DEFAULT CHARSET=utf8mb4 COLLATE=utf8mb4_unicode_520_ci;

-- --------------------------------------------------------

--
-- Table structure for table `wp5r_links`
--

CREATE TABLE `wp5r_links` (
  `link_id` bigint(20) UNSIGNED NOT NULL,
  `link_url` varchar(255) NOT NULL DEFAULT '',
  `link_name` varchar(255) NOT NULL DEFAULT '',
  `link_image` varchar(255) NOT NULL DEFAULT '',
  `link_target` varchar(25) NOT NULL DEFAULT '',
  `link_description` varchar(255) NOT NULL DEFAULT '',
  `link_visible` varchar(20) NOT NULL DEFAULT 'Y',
  `link_owner` bigint(20) UNSIGNED NOT NULL DEFAULT 1,
  `link_rating` int(11) NOT NULL DEFAULT 0,
  `link_updated` datetime NOT NULL DEFAULT '0000-00-00 00:00:00',
  `link_rel` varchar(255) NOT NULL DEFAULT '',
  `link_notes` mediumtext NOT NULL,
  `link_rss` varchar(255) NOT NULL DEFAULT ''
) ENGINE=MyISAM DEFAULT CHARSET=utf8mb4 COLLATE=utf8mb4_unicode_520_ci;

-- --------------------------------------------------------

--
-- Table structure for table `wp5r_litespeed_url`
--

CREATE TABLE `wp5r_litespeed_url` (
  `id` bigint(20) NOT NULL,
  `url` varchar(500) NOT NULL,
  `cache_tags` varchar(1000) NOT NULL DEFAULT ''
) ENGINE=MyISAM DEFAULT CHARSET=utf8mb4 COLLATE=utf8mb4_unicode_520_ci;

-- --------------------------------------------------------

--
-- Table structure for table `wp5r_litespeed_url_file`
--

CREATE TABLE `wp5r_litespeed_url_file` (
  `id` bigint(20) NOT NULL,
  `url_id` bigint(20) NOT NULL,
  `vary` varchar(32) CHARACTER SET utf8mb4 COLLATE utf8mb4_unicode_ci NOT NULL DEFAULT '' COMMENT 'md5 of final vary',
  `filename` varchar(32) CHARACTER SET utf8mb4 COLLATE utf8mb4_unicode_ci NOT NULL DEFAULT '' COMMENT 'md5 of file content',
  `type` tinyint(4) NOT NULL COMMENT 'css=1,js=2,ccss=3,ucss=4',
  `expired` int(11) NOT NULL DEFAULT 0,
  `mobile` tinyint(4) NOT NULL COMMENT 'mobile=1',
  `webp` tinyint(4) NOT NULL COMMENT 'webp=1'
) ENGINE=MyISAM DEFAULT CHARSET=utf8mb4 COLLATE=utf8mb4_unicode_520_ci;

-- --------------------------------------------------------

--
-- Table structure for table `wp5r_loginizer_logs`
--

CREATE TABLE `wp5r_loginizer_logs` (
  `username` varchar(255) NOT NULL DEFAULT '',
  `time` int(10) NOT NULL DEFAULT 0,
  `count` int(10) NOT NULL DEFAULT 0,
  `lockout` int(10) NOT NULL DEFAULT 0,
  `ip` varchar(255) NOT NULL DEFAULT '',
  `url` varchar(255) NOT NULL DEFAULT ''
) ENGINE=MyISAM DEFAULT CHARSET=utf8 COLLATE=utf8_general_ci;

-- --------------------------------------------------------

--
-- Table structure for table `wp5r_nextend2_image_storage`
--

CREATE TABLE `wp5r_nextend2_image_storage` (
  `id` int(11) NOT NULL,
  `hash` varchar(32) NOT NULL,
  `image` text NOT NULL,
  `value` mediumtext NOT NULL
) ENGINE=MyISAM DEFAULT CHARSET=utf8mb4 COLLATE=utf8mb4_unicode_520_ci;

--
-- Dumping data for table `wp5r_nextend2_image_storage`
--

INSERT INTO `wp5r_nextend2_image_storage` (`id`, `hash`, `image`, `value`) VALUES
(1, 'dd951194d701107d9abb57182cc8f63d', 'https://smartslider3.com/wp-content/uploads/slider424/slide1.png', 'eyJkZXNrdG9wLXJldGluYSI6eyJpbWFnZSI6IiJ9LCJ0YWJsZXQiOnsiaW1hZ2UiOiIifSwibW9iaWxlIjp7ImltYWdlIjoiIn19'),
(2, 'c4307c2cb0e1e7ed111429e405631f9f', 'https://smartslider3.com/wp-content/uploads/slider424/slide2.png', 'eyJkZXNrdG9wLXJldGluYSI6eyJpbWFnZSI6IiJ9LCJ0YWJsZXQiOnsiaW1hZ2UiOiIifSwibW9iaWxlIjp7ImltYWdlIjoiIn19'),
(3, 'b94686ba256c2413db6d3b4eadecbead', '$upload$/slider3/full1.jpeg', 'eyJkZXNrdG9wLXJldGluYSI6eyJpbWFnZSI6IiJ9LCJ0YWJsZXQiOnsiaW1hZ2UiOiIiLCJzaXplIjoiMHwqfDAifSwibW9iaWxlIjp7ImltYWdlIjoiIiwic2l6ZSI6IjB8KnwwIn0sImRlc2t0b3AiOnsic2l6ZSI6IjB8KnwwIn19'),
(4, '1f372678ac14cc8b92219287431c297c', '$upload$/slider3/full2.jpg', 'eyJkZXNrdG9wLXJldGluYSI6eyJpbWFnZSI6IiJ9LCJ0YWJsZXQiOnsiaW1hZ2UiOiIiLCJzaXplIjoiMHwqfDAifSwibW9iaWxlIjp7ImltYWdlIjoiIiwic2l6ZSI6IjB8KnwwIn0sImRlc2t0b3AiOnsic2l6ZSI6IjB8KnwwIn19'),
(5, '19b651b972d47c75e469d8e624bcf464', '$upload$/slider3/full3.jpg', 'eyJkZXNrdG9wLXJldGluYSI6eyJpbWFnZSI6IiJ9LCJ0YWJsZXQiOnsiaW1hZ2UiOiIiLCJzaXplIjoiMHwqfDAifSwibW9iaWxlIjp7ImltYWdlIjoiIiwic2l6ZSI6IjB8KnwwIn0sImRlc2t0b3AiOnsic2l6ZSI6IjB8KnwwIn19');

-- --------------------------------------------------------

--
-- Table structure for table `wp5r_nextend2_section_storage`
--

CREATE TABLE `wp5r_nextend2_section_storage` (
  `id` int(11) NOT NULL,
  `application` varchar(20) NOT NULL,
  `section` varchar(128) NOT NULL,
  `referencekey` varchar(128) NOT NULL,
  `value` mediumtext NOT NULL,
  `isSystem` int(11) NOT NULL DEFAULT 0,
  `editable` int(11) NOT NULL DEFAULT 1
) ENGINE=MyISAM DEFAULT CHARSET=utf8mb4 COLLATE=utf8mb4_unicode_520_ci;

--
-- Dumping data for table `wp5r_nextend2_section_storage`
--

INSERT INTO `wp5r_nextend2_section_storage` (`id`, `application`, `section`, `referencekey`, `value`, `isSystem`, `editable`) VALUES
(10000, 'smartslider', 'settings', '', '{\"n2_ss3_version\":\"3.5.1.18\\/b:release-3.5.1.18\\/r:cf72eab4b5ebf91efda8285c5ea27fd9bc743a92\",\"limit\":\"all\",\"slidersOrder2\":\"ordering\",\"slidersOrder2Direction\":\"ASC\"}', 0, 1),
(10001, 'smartslider', 'sliderChanged', '2', '1', 0, 1),
(10002, 'smartslider', 'sliderChanged', '0', '1', 0, 1),
(10003, 'smartslider', 'free', 'dismissNewsletterSampleSliders', '1', 0, 1),
(10004, 'smartslider', 'sliderChanged', '3', '1', 0, 1);

-- --------------------------------------------------------

--
-- Table structure for table `wp5r_nextend2_smartslider3_generators`
--

CREATE TABLE `wp5r_nextend2_smartslider3_generators` (
  `id` int(11) NOT NULL,
  `group` varchar(254) NOT NULL,
  `type` varchar(254) NOT NULL,
  `params` text NOT NULL
) ENGINE=MyISAM DEFAULT CHARSET=utf8mb4 COLLATE=utf8mb4_unicode_520_ci;

-- --------------------------------------------------------

--
-- Table structure for table `wp5r_nextend2_smartslider3_sliders`
--

CREATE TABLE `wp5r_nextend2_smartslider3_sliders` (
  `id` int(11) NOT NULL,
  `alias` text DEFAULT NULL,
  `title` text NOT NULL,
  `type` varchar(30) NOT NULL,
  `params` mediumtext NOT NULL,
  `slider_status` varchar(50) NOT NULL DEFAULT 'published',
  `time` datetime NOT NULL,
  `thumbnail` text NOT NULL,
  `ordering` int(11) NOT NULL DEFAULT 0
) ENGINE=MyISAM DEFAULT CHARSET=utf8mb4 COLLATE=utf8mb4_unicode_520_ci;

--
-- Dumping data for table `wp5r_nextend2_smartslider3_sliders`
--

INSERT INTO `wp5r_nextend2_smartslider3_sliders` (`id`, `alias`, `title`, `type`, `params`, `slider_status`, `time`, `thumbnail`, `ordering`) VALUES
(1, NULL, 'Tutorial Slider', 'simple', '{\"aria-label\":\"Slider\",\"alias-id\":\"\",\"alias-smoothscroll\":\"\",\"alias-slideswitch\":\"\",\"background\":\"\",\"background-fixed\":\"0\",\"background-size\":\"cover\",\"background-color\":\"FFFFFF00\",\"backgroundVideoMp4\":\"\",\"backgroundVideoMuted\":\"1\",\"backgroundVideoLoop\":\"1\",\"backgroundVideoMode\":\"fill\",\"align\":\"normal\",\"margin\":\"0|*|0|*|0|*|0\",\"padding\":\"0|*|0|*|0|*|0\",\"perspective\":\"1000\",\"border-width\":\"0\",\"border-color\":\"3E3E3Eff\",\"border-radius\":\"0\",\"slider-preset\":\"\",\"slider-css\":\"\",\"width\":\"1200\",\"height\":\"600\",\"mobileportrait\":\"1\",\"mobilelandscape\":\"1\",\"tabletportrait\":\"1\",\"tabletlandscape\":\"1\",\"desktopportrait\":\"1\",\"desktoplandscape\":\"1\",\"responsiveLimitSlideWidth\":\"1\",\"responsiveSlideWidthDesktopLandscape\":\"0\",\"responsiveSlideWidthMaxDesktopLandscape\":\"1600\",\"responsiveSlideWidth\":\"0\",\"responsiveSlideWidthMax\":\"3000\",\"responsiveSlideWidthTabletLandscape\":\"0\",\"responsiveSlideWidthMaxTabletLandscape\":\"1200\",\"responsiveSlideWidthTablet\":\"0\",\"responsiveSlideWidthMaxTablet\":\"3000\",\"responsiveSlideWidthMobileLandscape\":\"0\",\"responsiveSlideWidthMaxMobileLandscape\":\"740\",\"responsiveSlideWidthMobile\":\"0\",\"responsiveSlideWidthMaxMobile\":\"480\",\"responsive-breakpoint-desktop-portrait\":\"1440\",\"responsive-breakpoint-desktop-portrait-landscape\":\"1440\",\"responsive-breakpoint-tablet-landscape\":\"1300\",\"responsive-breakpoint-tablet-landscape-landscape\":\"1300\",\"responsive-breakpoint-tablet-portrait\":\"1199\",\"responsive-breakpoint-tablet-portrait-landscape\":\"1199\",\"responsive-breakpoint-mobile-landscape\":\"900\",\"responsive-breakpoint-mobile-landscape-landscape\":\"1050\",\"responsive-breakpoint-mobile-portrait\":\"700\",\"responsive-breakpoint-mobile-portrait-landscape\":\"900\",\"responsive-breakpoint-desktop-landscape-enabled\":\"0\",\"responsive-breakpoint-tablet-landscape-enabled\":\"0\",\"responsive-breakpoint-tablet-portrait-enabled\":\"1\",\"responsive-breakpoint-mobile-landscape-enabled\":\"0\",\"responsive-breakpoint-mobile-portrait-enabled\":\"1\",\"responsive-breakpoint-global\":\"0\",\"breakpoints-orientation\":\"portrait\",\"responsive-mode\":\"fullwidth\",\"responsiveSliderHeightMin\":\"0\",\"responsiveForceFull\":\"1\",\"responsiveForceFullOverflowX\":\"body\",\"responsiveForceFullHorizontalSelector\":\"body\",\"slider-size-override\":\"0\",\"slider-size-override-mobile-portrait\":\"0\",\"mobile-portrait-width\":\"320\",\"mobile-portrait-height\":\"568\",\"slider-size-override-mobile-landscape\":\"0\",\"mobile-landscape-width\":\"568\",\"mobile-landscape-height\":\"320\",\"slider-size-override-tablet-portrait\":\"0\",\"tablet-portrait-width\":\"768\",\"tablet-portrait-height\":\"1024\",\"slider-size-override-tablet-landscape\":\"0\",\"tablet-landscape-width\":\"1024\",\"tablet-landscape-height\":\"768\",\"slider-size-override-desktop-landscape\":\"0\",\"desktop-landscape-width\":\"1440\",\"desktop-landscape-height\":\"900\",\"controlsTouch\":\"horizontal\",\"controlsScroll\":\"0\",\"controlsKeyboard\":\"1\",\"widget-arrow-enabled\":\"0\",\"widgetarrow\":\"imageEmpty\",\"widget-arrow-previous\":\"thin-horizontal.svg\",\"widget-arrow-previous-image\":\"\",\"widget-arrow-previous-color\":\"ffffffcc\",\"widget-arrow-previous-hover\":\"1\",\"widget-arrow-previous-hover-color\":\"ffffffff\",\"widget-arrow-mirror\":\"1\",\"widget-arrow-next\":\"thin-horizontal.svg\",\"widget-arrow-next-image\":\"\",\"widget-arrow-next-color\":\"ffffffcc\",\"widget-arrow-next-hover\":\"0\",\"widget-arrow-next-hover-color\":\"ffffffcc\",\"widget-arrow-style\":\"\",\"widget-arrow-previous-position-mode\":\"simple\",\"widget-arrow-previous-position-area\":\"6\",\"widget-arrow-previous-position-stack\":\"1\",\"widget-arrow-previous-position-offset\":\"15\",\"widget-arrow-previous-position-horizontal\":\"left\",\"widget-arrow-previous-position-horizontal-position\":\"0\",\"widget-arrow-previous-position-horizontal-unit\":\"px\",\"widget-arrow-previous-position-vertical\":\"top\",\"widget-arrow-previous-position-vertical-position\":\"0\",\"widget-arrow-previous-position-vertical-unit\":\"px\",\"widget-arrow-next-position-mode\":\"simple\",\"widget-arrow-next-position-area\":\"7\",\"widget-arrow-next-position-stack\":\"1\",\"widget-arrow-next-position-offset\":\"15\",\"widget-arrow-next-position-horizontal\":\"left\",\"widget-arrow-next-position-horizontal-position\":\"0\",\"widget-arrow-next-position-horizontal-unit\":\"px\",\"widget-arrow-next-position-vertical\":\"top\",\"widget-arrow-next-position-vertical-position\":\"0\",\"widget-arrow-next-position-vertical-unit\":\"px\",\"widget-arrow-animation\":\"fade\",\"widget-arrow-previous-alt\":\"previous arrow\",\"widget-arrow-next-alt\":\"next arrow\",\"widget-arrow-base64\":\"1\",\"widget-arrow-display-hover\":\"0\",\"widget-arrow-display-mobileportrait\":\"0\",\"widget-arrow-display-mobilelandscape\":\"0\",\"widget-arrow-display-tabletportrait\":\"1\",\"widget-arrow-display-tabletlandscape\":\"1\",\"widget-arrow-display-desktopportrait\":\"1\",\"widget-arrow-display-desktoplandscape\":\"1\",\"widget-arrow-exclude-slides\":\"\",\"widget-bullet-enabled\":\"1\",\"widgetbullet\":\"transition\",\"widget-bullet-position-mode\":\"simple\",\"widget-bullet-position-area\":\"10\",\"widget-bullet-position-stack\":\"1\",\"widget-bullet-position-offset\":\"5\",\"widget-bullet-position-horizontal\":\"left\",\"widget-bullet-position-horizontal-position\":\"0\",\"widget-bullet-position-horizontal-unit\":\"px\",\"widget-bullet-position-vertical\":\"top\",\"widget-bullet-position-vertical-position\":\"0\",\"widget-bullet-position-vertical-unit\":\"px\",\"widget-bullet-action\":\"click\",\"widget-bullet-style\":\"{\\\"data\\\":[{\\\"backgroundcolor\\\":\\\"00000000\\\",\\\"opacity\\\":100,\\\"padding\\\":\\\"5|*|5|*|5|*|5|*|px\\\",\\\"boxshadow\\\":\\\"0|*|0|*|0|*|0|*|000000ff\\\",\\\"border\\\":\\\"2|*|solid|*|ffffffcc\\\",\\\"borderradius\\\":\\\"50\\\",\\\"extra\\\":\\\"margin: 4px;\\\"},{\\\"extra\\\":\\\"\\\",\\\"backgroundcolor\\\":\\\"ffffffcc\\\",\\\"border\\\":\\\"2|*|solid|*|ffffffcc\\\"}]}\",\"widget-bullet-bar\":\"\",\"widget-bullet-bar-full-size\":\"0\",\"widget-bullet-align\":\"center\",\"widget-bullet-orientation\":\"auto\",\"widget-bullet-thumbnail-show-image\":\"0\",\"widget-bullet-thumbnail-width\":\"60\",\"widget-bullet-thumbnail-height\":\"60\",\"widget-bullet-thumbnail-style\":\"{\\\"data\\\":[{\\\"backgroundcolor\\\":\\\"00000080\\\",\\\"padding\\\":\\\"3|*|3|*|3|*|3|*|px\\\",\\\"boxshadow\\\":\\\"0|*|0|*|0|*|0|*|000000ff\\\",\\\"border\\\":\\\"0|*|solid|*|000000ff\\\",\\\"borderradius\\\":\\\"3\\\",\\\"extra\\\":\\\"margin: 5px;\\\"}]}\",\"widget-bullet-thumbnail-side\":\"before\",\"widget-bullet-display-hover\":\"0\",\"widget-bullet-display-mobileportrait\":\"1\",\"widget-bullet-display-mobilelandscape\":\"1\",\"widget-bullet-display-tabletportrait\":\"1\",\"widget-bullet-display-tabletlandscape\":\"1\",\"widget-bullet-display-desktopportrait\":\"1\",\"widget-bullet-display-desktoplandscape\":\"1\",\"widget-bullet-exclude-slides\":\"\",\"widget-bar-enabled\":\"0\",\"widgetbar\":\"horizontal\",\"widget-bar-position-mode\":\"simple\",\"widget-bar-position-area\":\"10\",\"widget-bar-position-stack\":\"1\",\"widget-bar-position-offset\":\"30\",\"widget-bar-position-horizontal\":\"left\",\"widget-bar-position-horizontal-position\":\"0\",\"widget-bar-position-horizontal-unit\":\"px\",\"widget-bar-position-vertical\":\"top\",\"widget-bar-position-vertical-position\":\"0\",\"widget-bar-position-vertical-unit\":\"px\",\"widget-bar-animate\":\"0\",\"widget-bar-style\":\"{\\\"data\\\":[{\\\"backgroundcolor\\\":\\\"000000ab\\\",\\\"padding\\\":\\\"5|*|20|*|5|*|20|*|px\\\",\\\"boxshadow\\\":\\\"0|*|0|*|0|*|0|*|000000ff\\\",\\\"border\\\":\\\"0|*|solid|*|000000ff\\\",\\\"borderradius\\\":\\\"40\\\",\\\"extra\\\":\\\"\\\"}]}\",\"widget-bar-show-title\":\"1\",\"widget-bar-font-title\":\"{\\\"data\\\":[{\\\"color\\\":\\\"ffffffff\\\",\\\"size\\\":\\\"14||px\\\",\\\"tshadow\\\":\\\"0|*|0|*|0|*|000000c7\\\",\\\"afont\\\":\\\"Montserrat\\\",\\\"lineheight\\\":\\\"1.3\\\",\\\"bold\\\":0,\\\"italic\\\":0,\\\"underline\\\":0,\\\"align\\\":\\\"left\\\",\\\"extra\\\":\\\"vertical-align: middle;\\\"},{\\\"color\\\":\\\"fc2828ff\\\",\\\"afont\\\":\\\"google(@import url(http://fonts.googleapis.com/css?family=Raleway);),Arial\\\",\\\"size\\\":\\\"25||px\\\"},{}]}\",\"widget-bar-show-description\":\"1\",\"widget-bar-font-description\":\"{\\\"data\\\":[{\\\"color\\\":\\\"ffffffff\\\",\\\"size\\\":\\\"14||px\\\",\\\"tshadow\\\":\\\"0|*|0|*|0|*|000000c7\\\",\\\"afont\\\":\\\"Montserrat\\\",\\\"lineheight\\\":\\\"1.3\\\",\\\"bold\\\":0,\\\"italic\\\":1,\\\"underline\\\":0,\\\"align\\\":\\\"left\\\",\\\"extra\\\":\\\"vertical-align: middle;\\\"},{\\\"color\\\":\\\"fc2828ff\\\",\\\"afont\\\":\\\"Raleway,Arial\\\",\\\"size\\\":\\\"25||px\\\"},{}]}\",\"widget-bar-slide-count\":\"0\",\"widget-bar-width\":\"100%\",\"widget-bar-full-width\":\"0\",\"widget-bar-separator\":\" - \",\"widget-bar-align\":\"center\",\"widget-bar-display-hover\":\"0\",\"widget-bar-display-mobileportrait\":\"1\",\"widget-bar-display-mobilelandscape\":\"1\",\"widget-bar-display-tabletportrait\":\"1\",\"widget-bar-display-tabletlandscape\":\"1\",\"widget-bar-display-desktopportrait\":\"1\",\"widget-bar-display-desktoplandscape\":\"1\",\"widget-bar-exclude-slides\":\"\",\"widget-thumbnail-enabled\":\"0\",\"widgetthumbnail\":\"default\",\"widget-thumbnail-show-image\":\"1\",\"widget-thumbnail-width\":\"100\",\"widget-thumbnail-height\":\"60\",\"widget-thumbnail-position-mode\":\"simple\",\"widget-thumbnail-position-area\":\"12\",\"widget-thumbnail-position-stack\":\"1\",\"widget-thumbnail-position-offset\":\"0\",\"widget-thumbnail-position-horizontal\":\"left\",\"widget-thumbnail-position-horizontal-position\":\"0\",\"widget-thumbnail-position-horizontal-unit\":\"px\",\"widget-thumbnail-position-vertical\":\"top\",\"widget-thumbnail-position-vertical-position\":\"0\",\"widget-thumbnail-position-vertical-unit\":\"px\",\"widget-thumbnail-action\":\"click\",\"widget-thumbnail-align-content\":\"start\",\"widget-thumbnail-style-bar\":\"{\\\"data\\\":[{\\\"backgroundcolor\\\":\\\"242424ff\\\",\\\"padding\\\":\\\"3|*|3|*|3|*|3|*|px\\\",\\\"boxshadow\\\":\\\"0|*|0|*|0|*|0|*|000000ff\\\",\\\"border\\\":\\\"0|*|solid|*|000000ff\\\",\\\"borderradius\\\":\\\"0\\\",\\\"extra\\\":\\\"\\\"}]}\",\"widget-thumbnail-style-slides\":\"{\\\"data\\\":[{\\\"backgroundcolor\\\":\\\"00000000\\\",\\\"padding\\\":\\\"0|*|0|*|0|*|0|*|px\\\",\\\"boxshadow\\\":\\\"0|*|0|*|0|*|0|*|000000ff\\\",\\\"border\\\":\\\"0|*|solid|*|ffffff00\\\",\\\"borderradius\\\":\\\"0\\\",\\\"opacity\\\":\\\"40\\\",\\\"extra\\\":\\\"margin: 3px;\\ntransition: all 0.4s;\\nbackground-size: cover;\\\"},{\\\"border\\\":\\\"0|*|solid|*|ffffffcc\\\",\\\"opacity\\\":\\\"100\\\",\\\"extra\\\":\\\"\\\"}]}\",\"widget-thumbnail-title-style\":\"{\\\"data\\\":[{\\\"backgroundcolor\\\":\\\"000000ab\\\",\\\"padding\\\":\\\"3|*|10|*|3|*|10|*|px\\\",\\\"boxshadow\\\":\\\"0|*|0|*|0|*|0|*|000000ff\\\",\\\"border\\\":\\\"0|*|solid|*|000000ff\\\",\\\"borderradius\\\":\\\"0\\\",\\\"extra\\\":\\\"bottom: 0;\\nleft: 0;\\\"}]}\",\"widget-thumbnail-title\":\"0\",\"widget-thumbnail-title-font\":\"{\\\"data\\\":[{\\\"color\\\":\\\"ffffffff\\\",\\\"size\\\":\\\"12||px\\\",\\\"tshadow\\\":\\\"0|*|0|*|0|*|000000ab\\\",\\\"afont\\\":\\\"Montserrat\\\",\\\"lineheight\\\":\\\"1.2\\\",\\\"bold\\\":0,\\\"italic\\\":0,\\\"underline\\\":0,\\\"align\\\":\\\"left\\\"},{\\\"color\\\":\\\"fc2828ff\\\",\\\"afont\\\":\\\"google(@import url(http://fonts.googleapis.com/css?family=Raleway);),Arial\\\",\\\"size\\\":\\\"25||px\\\"},{}]}\",\"widget-thumbnail-description\":\"0\",\"widget-thumbnail-description-font\":\"{\\\"data\\\":[{\\\"color\\\":\\\"ffffffff\\\",\\\"size\\\":\\\"12||px\\\",\\\"tshadow\\\":\\\"0|*|0|*|0|*|000000ab\\\",\\\"afont\\\":\\\"Montserrat\\\",\\\"lineheight\\\":\\\"1.3\\\",\\\"bold\\\":0,\\\"italic\\\":0,\\\"underline\\\":0,\\\"align\\\":\\\"left\\\"},{\\\"color\\\":\\\"fc2828ff\\\",\\\"afont\\\":\\\"google(@import url(http://fonts.googleapis.com/css?family=Raleway);),Arial\\\",\\\"size\\\":\\\"25||px\\\"},{}]}\",\"widget-thumbnail-caption-placement\":\"overlay\",\"widget-thumbnail-caption-size\":\"100\",\"widget-thumbnail-arrow\":\"1\",\"widget-thumbnail-arrow-width\":\"26\",\"widget-thumbnail-arrow-offset\":\"0\",\"widget-thumbnail-arrow-prev-alt\":\"previous arrow\",\"widget-thumbnail-arrow-next-alt\":\"next arrow\",\"widget-thumbnail-arrow-image\":\"\",\"widget-thumbnail-group\":\"1\",\"widget-thumbnail-invert-group-direction\":\"0\",\"widget-thumbnail-orientation\":\"auto\",\"widget-thumbnail-size\":\"100%\",\"widget-thumbnail-display-hover\":\"0\",\"widget-thumbnail-display-mobileportrait\":\"1\",\"widget-thumbnail-display-mobilelandscape\":\"1\",\"widget-thumbnail-display-tabletportrait\":\"1\",\"widget-thumbnail-display-tabletlandscape\":\"1\",\"widget-thumbnail-display-desktopportrait\":\"1\",\"widget-thumbnail-display-desktoplandscape\":\"1\",\"widget-thumbnail-exclude-slides\":\"\",\"widget-shadow-enabled\":\"0\",\"widgetshadow\":\"shadow\",\"widget-shadow-shadow\":\"dark.png\",\"widget-shadow-shadow-image\":\"\",\"widget-shadow-width\":\"100%\",\"widget-shadow-display-mobileportrait\":\"1\",\"widget-shadow-display-mobilelandscape\":\"1\",\"widget-shadow-display-tabletportrait\":\"1\",\"widget-shadow-display-tabletlandscape\":\"1\",\"widget-shadow-display-desktopportrait\":\"1\",\"widget-shadow-display-desktoplandscape\":\"1\",\"widget-shadow-exclude-slides\":\"\",\"widget-fullscreen-enabled\":\"0\",\"widgetfullscreen\":\"image\",\"widget-fullscreen-tonormal\":\"full1.svg\",\"widget-fullscreen-tonormal-image\":\"\",\"widget-fullscreen-tonormal-color\":\"ffffffcc\",\"widget-fullscreen-mirror\":\"1\",\"widget-fullscreen-tofull\":\"full1.svg\",\"widget-fullscreen-tofull-image\":\"\",\"widget-fullscreen-tofull-color\":\"ffffffcc\",\"widget-fullscreen-style\":\"{\\\"data\\\":[{\\\"backgroundcolor\\\":\\\"000000ab\\\",\\\"padding\\\":\\\"10|*|10|*|10|*|10|*|px\\\",\\\"boxshadow\\\":\\\"0|*|0|*|0|*|0|*|000000ff\\\",\\\"border\\\":\\\"0|*|solid|*|000000ff\\\",\\\"borderradius\\\":\\\"3\\\",\\\"extra\\\":\\\"\\\"},{\\\"backgroundcolor\\\":\\\"000000ab\\\"}]}\",\"widget-fullscreen-position-mode\":\"simple\",\"widget-fullscreen-position-area\":\"4\",\"widget-fullscreen-position-stack\":\"1\",\"widget-fullscreen-position-offset\":\"15\",\"widget-fullscreen-position-horizontal\":\"left\",\"widget-fullscreen-position-horizontal-position\":\"0\",\"widget-fullscreen-position-horizontal-unit\":\"px\",\"widget-fullscreen-position-vertical\":\"top\",\"widget-fullscreen-position-vertical-position\":\"0\",\"widget-fullscreen-position-vertical-unit\":\"px\",\"widget-fullscreen-responsive-desktop\":\"1\",\"widget-fullscreen-responsive-tablet\":\"0.7\",\"widget-fullscreen-responsive-mobile\":\"0.5\",\"widget-fullscreen-display-hover\":\"0\",\"widget-fullscreen-display-mobileportrait\":\"1\",\"widget-fullscreen-display-mobilelandscape\":\"1\",\"widget-fullscreen-display-tabletportrait\":\"1\",\"widget-fullscreen-display-tabletlandscape\":\"1\",\"widget-fullscreen-display-desktopportrait\":\"1\",\"widget-fullscreen-display-desktoplandscape\":\"1\",\"widget-fullscreen-exclude-slides\":\"\",\"widget-html-enabled\":\"0\",\"widgethtml\":\"html\",\"widget-html-position-mode\":\"simple\",\"widget-html-position-area\":\"2\",\"widget-html-position-stack\":\"1\",\"widget-html-position-offset\":\"0\",\"widget-html-position-horizontal\":\"left\",\"widget-html-position-horizontal-position\":\"0\",\"widget-html-position-horizontal-unit\":\"px\",\"widget-html-position-vertical\":\"top\",\"widget-html-position-vertical-position\":\"0\",\"widget-html-position-vertical-unit\":\"px\",\"widget-html-code\":\"\",\"widget-html-display-hover\":\"0\",\"widget-html-display-mobileportrait\":\"1\",\"widget-html-display-mobilelandscape\":\"1\",\"widget-html-display-tabletportrait\":\"1\",\"widget-html-display-tabletlandscape\":\"1\",\"widget-html-display-desktopportrait\":\"1\",\"widget-html-display-desktoplandscape\":\"1\",\"widget-html-exclude-slides\":\"\",\"animation\":\"fade\",\"animation-duration\":\"500\",\"animation-delay\":\"0\",\"animation-easing\":\"easeOutQuad\",\"carousel\":\"1\",\"background-animation\":\"\",\"background-animation-color\":\"333333ff\",\"background-animation-speed\":\"normal\",\"animation-shifted-background-animation\":\"auto\",\"kenburns-animation\":\"50|*|50|*|\",\"kenburns-animation-speed\":\"default\",\"kenburns-animation-strength\":\"default\",\"shape-divider\":\"\",\"particle\":\"\",\"playfirstlayer\":\"1\",\"playonce\":\"0\",\"layer-animation-play-in\":\"end\",\"layer-animation-play-mode\":\"skippable\",\"parallax-enabled\":\"1\",\"parallax-enabled-mobile\":\"0\",\"parallax-3d\":\"0\",\"parallax-animate\":\"1\",\"parallax-horizontal\":\"mouse\",\"parallax-vertical\":\"mouse\",\"parallax-mouse-origin\":\"slider\",\"parallax-scroll-move\":\"both\",\"autoplay\":\"0\",\"autoplayDuration\":\"8000\",\"autoplayStart\":\"1\",\"autoplayAllowReStart\":\"0\",\"autoplayLoop\":\"1\",\"autoplayfinish\":\"1|*|loop|*|current\",\"loop-single-slide\":\"0\",\"autoplayStopClick\":\"1\",\"autoplayStopMouse\":\"0\",\"autoplayStopMedia\":\"1\",\"autoplayResumeClick\":\"0\",\"autoplayResumeMouse\":\"0\",\"autoplayResumeMedia\":\"1\",\"widget-autoplay-enabled\":\"0\",\"widgetautoplay\":\"image\",\"widget-autoplay-play\":\"small-light.svg\",\"widget-autoplay-play-image\":\"\",\"widget-autoplay-play-color\":\"ffffffcc\",\"widget-autoplay-style\":\"{\\\"data\\\":[{\\\"backgroundcolor\\\":\\\"000000ab\\\",\\\"padding\\\":\\\"10|*|10|*|10|*|10|*|px\\\",\\\"boxshadow\\\":\\\"0|*|0|*|0|*|0|*|000000ff\\\",\\\"border\\\":\\\"0|*|solid|*|000000ff\\\",\\\"borderradius\\\":\\\"3\\\",\\\"extra\\\":\\\"\\\"},{\\\"backgroundcolor\\\":\\\"000000ab\\\"}]}\",\"widget-autoplay-mirror\":\"1\",\"widget-autoplay-pause\":\"small-light.svg\",\"widget-autoplay-pause-image\":\"\",\"widget-autoplay-pause-color\":\"ffffffcc\",\"widget-autoplay-responsive-desktop\":\"1\",\"widget-autoplay-responsive-tablet\":\"0.7\",\"widget-autoplay-responsive-mobile\":\"0.5\",\"widget-autoplay-position-mode\":\"simple\",\"widget-autoplay-position-area\":\"4\",\"widget-autoplay-position-stack\":\"1\",\"widget-autoplay-position-offset\":\"15\",\"widget-autoplay-position-horizontal\":\"left\",\"widget-autoplay-position-horizontal-position\":\"0\",\"widget-autoplay-position-horizontal-unit\":\"px\",\"widget-autoplay-position-vertical\":\"top\",\"widget-autoplay-position-vertical-position\":\"0\",\"widget-autoplay-position-vertical-unit\":\"px\",\"widget-autoplay-display-hover\":\"0\",\"widget-autoplay-display-mobileportrait\":\"1\",\"widget-autoplay-display-mobilelandscape\":\"1\",\"widget-autoplay-display-tabletportrait\":\"1\",\"widget-autoplay-display-tabletlandscape\":\"1\",\"widget-autoplay-display-desktopportrait\":\"1\",\"widget-autoplay-display-desktoplandscape\":\"1\",\"widget-autoplay-exclude-slides\":\"\",\"widget-indicator-enabled\":\"0\",\"widgetindicator\":\"pie\",\"widget-indicator-position-mode\":\"simple\",\"widget-indicator-position-area\":\"4\",\"widget-indicator-position-stack\":\"1\",\"widget-indicator-position-offset\":\"15\",\"widget-indicator-position-horizontal\":\"left\",\"widget-indicator-position-horizontal-position\":\"0\",\"widget-indicator-position-horizontal-unit\":\"px\",\"widget-indicator-position-vertical\":\"top\",\"widget-indicator-position-vertical-position\":\"0\",\"widget-indicator-position-vertical-unit\":\"px\",\"widget-indicator-size\":\"25\",\"widget-indicator-thickness\":\"30\",\"widget-indicator-track\":\"000000ab\",\"widget-indicator-bar\":\"ffffffff\",\"widget-indicator-style\":\"\",\"widget-indicator-display-hover\":\"0\",\"widget-indicator-display-mobileportrait\":\"1\",\"widget-indicator-display-mobilelandscape\":\"1\",\"widget-indicator-display-tabletportrait\":\"1\",\"widget-indicator-display-tabletlandscape\":\"1\",\"widget-indicator-display-desktopportrait\":\"1\",\"widget-indicator-display-desktoplandscape\":\"1\",\"widget-indicator-exclude-slides\":\"\",\"imageload\":\"0\",\"imageloadNeighborSlides\":\"0\",\"optimize-scale\":\"0\",\"optimize-quality\":\"70\",\"optimize-thumbnail-scale\":\"0\",\"optimize-thumbnail-quality\":\"70\",\"optimize-slide-width-normal\":\"1920\",\"optimizeThumbnailWidth\":\"100\",\"optimizeThumbnailHeight\":\"60\",\"layer-image-optimize\":\"0\",\"layer-image-width-tablet\":\"800\",\"layer-image-width-mobile\":\"425\",\"layer-image-base64\":\"0\",\"layer-image-base64-size\":\"50\",\"slides-background-video-mobile\":\"1\",\"playWhenVisible\":\"1\",\"playWhenVisibleAt\":\"50\",\"dependency\":\"\",\"delay\":\"0\",\"is-delayed\":\"0\",\"backgroundMode\":\"fill\",\"slide-css\":\"\",\"randomize\":\"0\",\"randomizeFirst\":\"0\",\"randomize-cache\":\"1\",\"variations\":\"5\",\"reverse-slides\":\"0\",\"maximumslidecount\":\"1000\",\"maintain-session\":\"0\",\"global-lightbox\":\"0\",\"global-lightbox-label\":\"0\",\"slide-background-parallax\":\"0\",\"slide-background-parallax-strength\":\"50\",\"bg-parallax-tablet\":\"0\",\"bg-parallax-mobile\":\"0\",\"blockrightclick\":\"0\",\"controlsBlockCarouselInteraction\":\"1\",\"clear-both\":\"1\",\"clear-both-after\":\"1\",\"overflow-hidden-page\":\"0\",\"responsiveFocusUser\":\"1\",\"responsiveFocusEdge\":\"auto\",\"classes\":\"\",\"custom-css-codes\":\"\",\"callbacks\":\"\",\"related-posts\":\"\"}', 'published', '2020-02-25 13:53:41', 'https://smartslider3.com/wp-content/uploads/slider404/tutorialsliderthumbnail-1.png', 1),
(3, NULL, 'Free Full-width', 'simple', '{\"widget-thumbnail-position-mode\":\"simple\",\"widget-thumbnail-position-area\":\"12\",\"widget-thumbnail-action\":\"click\",\"widget-thumbnail-style-bar\":\"{\\\"data\\\":[{\\\"backgroundcolor\\\":\\\"242424ff\\\",\\\"padding\\\":\\\"3|*|3|*|3|*|3|*|px\\\",\\\"boxshadow\\\":\\\"0|*|0|*|0|*|0|*|000000ff\\\",\\\"border\\\":\\\"0|*|solid|*|000000ff\\\",\\\"borderradius\\\":\\\"0\\\",\\\"extra\\\":\\\"\\\"}]}\",\"widget-thumbnail-style-slides\":\"{\\\"data\\\":[{\\\"backgroundcolor\\\":\\\"00000000\\\",\\\"padding\\\":\\\"0|*|0|*|0|*|0|*|px\\\",\\\"boxshadow\\\":\\\"0|*|0|*|0|*|0|*|000000ff\\\",\\\"border\\\":\\\"0|*|solid|*|ffffff00\\\",\\\"borderradius\\\":\\\"0\\\",\\\"opacity\\\":\\\"40\\\",\\\"extra\\\":\\\"margin: 3px;\\\\ntransition: all 0.4s;\\\\nbackground-size: cover;\\\"},{\\\"border\\\":\\\"0|*|solid|*|ffffffcc\\\",\\\"opacity\\\":\\\"100\\\",\\\"extra\\\":\\\"\\\"}]}\",\"widget-thumbnail-arrow\":\"1\",\"widget-thumbnail-arrow-image\":\"\",\"widget-thumbnail-arrow-width\":\"26\",\"widget-thumbnail-arrow-offset\":\"0\",\"widget-thumbnail-arrow-prev-alt\":\"previous arrow\",\"widget-thumbnail-arrow-next-alt\":\"next arrow\",\"widget-thumbnail-title-style\":\"{\\\"data\\\":[{\\\"backgroundcolor\\\":\\\"000000ab\\\",\\\"padding\\\":\\\"3|*|10|*|3|*|10|*|px\\\",\\\"boxshadow\\\":\\\"0|*|0|*|0|*|0|*|000000ff\\\",\\\"border\\\":\\\"0|*|solid|*|000000ff\\\",\\\"borderradius\\\":\\\"0\\\",\\\"extra\\\":\\\"bottom: 0;\\\\nleft: 0;\\\"}]}\",\"widget-thumbnail-title\":\"0\",\"widget-thumbnail-title-font\":\"{\\\"data\\\":[{\\\"color\\\":\\\"ffffffff\\\",\\\"size\\\":\\\"12||px\\\",\\\"tshadow\\\":\\\"0|*|0|*|0|*|000000ab\\\",\\\"afont\\\":\\\"Montserrat\\\",\\\"lineheight\\\":\\\"1.2\\\",\\\"bold\\\":0,\\\"italic\\\":0,\\\"underline\\\":0,\\\"align\\\":\\\"left\\\"},{\\\"color\\\":\\\"fc2828ff\\\",\\\"afont\\\":\\\"google(@import url(http:\\/\\/fonts.googleapis.com\\/css?family=Raleway);),Arial\\\",\\\"size\\\":\\\"25||px\\\"},{}]}\",\"widget-thumbnail-description\":\"0\",\"widget-thumbnail-description-font\":\"{\\\"data\\\":[{\\\"color\\\":\\\"ffffffff\\\",\\\"size\\\":\\\"12||px\\\",\\\"tshadow\\\":\\\"0|*|0|*|0|*|000000ab\\\",\\\"afont\\\":\\\"Montserrat\\\",\\\"lineheight\\\":\\\"1.3\\\",\\\"bold\\\":0,\\\"italic\\\":0,\\\"underline\\\":0,\\\"align\\\":\\\"left\\\"},{\\\"color\\\":\\\"fc2828ff\\\",\\\"afont\\\":\\\"google(@import url(http:\\/\\/fonts.googleapis.com\\/css?family=Raleway);),Arial\\\",\\\"size\\\":\\\"25||px\\\"},{}]}\",\"widget-thumbnail-caption-placement\":\"overlay\",\"widget-thumbnail-caption-size\":\"100\",\"widget-thumbnail-group\":\"1\",\"widget-thumbnail-orientation\":\"auto\",\"widget-thumbnail-size\":\"100%\",\"widget-thumbnail-show-image\":\"1\",\"widget-thumbnail-width\":\"100\",\"widget-thumbnail-height\":\"60\",\"widget-thumbnail-align-content\":\"start\",\"widget-shadow-position-mode\":\"simple\",\"widget-shadow-position-area\":12,\"widget-shadow-position-stack\":3,\"widget-shadow-shadow-image\":\"\",\"widget-shadow-shadow\":\"dark.png\",\"widget-bullet-position-mode\":\"simple\",\"widget-bullet-position-area\":\"10\",\"widget-bullet-position-offset\":\"5\",\"widget-bullet-action\":\"click\",\"widget-bullet-style\":\"{\\\"name\\\":\\\"Static\\\",\\\"data\\\":[{\\\"backgroundcolor\\\":\\\"ffffff80\\\",\\\"padding\\\":\\\"5|*|5|*|5|*|5|*|px\\\",\\\"boxshadow\\\":\\\"0|*|0|*|0|*|0|*|000000ff\\\",\\\"border\\\":\\\"0|*|solid|*|000000ff\\\",\\\"borderradius\\\":\\\"50\\\",\\\"extra\\\":\\\"margin: 4px;\\\"},{\\\"extra\\\":\\\"\\\",\\\"backgroundcolor\\\":\\\"ffffffff\\\"}]}\",\"widget-bullet-bar\":\"\",\"widget-bullet-align\":\"center\",\"widget-bullet-orientation\":\"auto\",\"widget-bullet-bar-full-size\":\"0\",\"widget-bullet-thumbnail-show-image\":\"1\",\"widget-bullet-thumbnail-width\":\"120\",\"widget-bullet-thumbnail-style\":\"{\\\"name\\\":\\\"Static\\\",\\\"data\\\":[{\\\"backgroundcolor\\\":\\\"00000080\\\",\\\"padding\\\":\\\"0|*|0|*|0|*|0|*|px\\\",\\\"boxshadow\\\":\\\"0|*|0|*|0|*|0|*|000000ff\\\",\\\"border\\\":\\\"0|*|solid|*|000000ff\\\",\\\"borderradius\\\":\\\"3\\\",\\\"extra\\\":\\\"margin: 5px;\\\"}]}\",\"widget-bullet-thumbnail-side\":\"before\",\"widget-bar-position-mode\":\"simple\",\"widget-bar-position-area\":\"10\",\"widget-bar-position-offset\":\"30\",\"widget-bar-style\":\"{\\\"data\\\":[{\\\"backgroundcolor\\\":\\\"000000ab\\\",\\\"padding\\\":\\\"5|*|20|*|5|*|20|*|px\\\",\\\"boxshadow\\\":\\\"0|*|0|*|0|*|0|*|000000ff\\\",\\\"border\\\":\\\"0|*|solid|*|000000ff\\\",\\\"borderradius\\\":\\\"40\\\",\\\"extra\\\":\\\"\\\"}]}\",\"widget-bar-show-title\":\"1\",\"widget-bar-font-title\":\"{\\\"data\\\":[{\\\"color\\\":\\\"ffffffff\\\",\\\"size\\\":\\\"14||px\\\",\\\"tshadow\\\":\\\"0|*|0|*|0|*|000000c7\\\",\\\"afont\\\":\\\"Montserrat\\\",\\\"lineheight\\\":\\\"1.3\\\",\\\"bold\\\":0,\\\"italic\\\":0,\\\"underline\\\":0,\\\"align\\\":\\\"left\\\",\\\"extra\\\":\\\"vertical-align: middle;\\\"},{\\\"color\\\":\\\"fc2828ff\\\",\\\"afont\\\":\\\"google(@import url(http:\\/\\/fonts.googleapis.com\\/css?family=Raleway);),Arial\\\",\\\"size\\\":\\\"25||px\\\"},{}]}\",\"widget-bar-show-description\":\"1\",\"widget-bar-font-description\":\"{\\\"data\\\":[{\\\"color\\\":\\\"ffffffff\\\",\\\"size\\\":\\\"14||px\\\",\\\"tshadow\\\":\\\"0|*|0|*|0|*|000000c7\\\",\\\"afont\\\":\\\"Montserrat\\\",\\\"lineheight\\\":\\\"1.3\\\",\\\"bold\\\":0,\\\"italic\\\":1,\\\"underline\\\":0,\\\"align\\\":\\\"left\\\",\\\"extra\\\":\\\"vertical-align: middle;\\\"},{\\\"color\\\":\\\"fc2828ff\\\",\\\"afont\\\":\\\"google(@import url(http:\\/\\/fonts.googleapis.com\\/css?family=Raleway);),Arial\\\",\\\"size\\\":\\\"25||px\\\"},{}]}\",\"widget-bar-slide-count\":\"0\",\"widget-bar-width\":\"100%\",\"widget-bar-full-width\":\"0\",\"widget-bar-separator\":\" - \",\"widget-bar-align\":\"center\",\"widget-bar-animate\":\"0\",\"widget-autoplay-desktop-image-width\":\"16\",\"widget-autoplay-tablet-image-width\":\"16\",\"widget-autoplay-mobile-image-width\":\"8\",\"widget-autoplay-play-image\":\"\",\"widget-autoplay-play-color\":\"ffffffcc\",\"widget-autoplay-play\":\"small-light.svg\",\"widget-autoplay-style\":\"{\\\"data\\\":[{\\\"backgroundcolor\\\":\\\"000000ab\\\",\\\"padding\\\":\\\"10|*|10|*|10|*|10|*|px\\\",\\\"boxshadow\\\":\\\"0|*|0|*|0|*|0|*|000000ff\\\",\\\"border\\\":\\\"0|*|solid|*|000000ff\\\",\\\"borderradius\\\":\\\"3\\\",\\\"extra\\\":\\\"\\\"},{\\\"backgroundcolor\\\":\\\"000000ab\\\"}]}\",\"widget-autoplay-position-mode\":\"simple\",\"widget-autoplay-position-area\":\"4\",\"widget-autoplay-position-offset\":\"15\",\"widget-autoplay-mirror\":\"1\",\"widget-autoplay-pause-image\":\"\",\"widget-autoplay-pause-color\":\"ffffffcc\",\"widget-autoplay-pause\":\"small-light.svg\",\"widget-arrow-desktop-image-width\":\"32\",\"widget-arrow-tablet-image-width\":\"32\",\"widget-arrow-mobile-image-width\":\"16\",\"widget-arrow-previous-image\":\"\",\"widget-arrow-previous\":\"thin-horizontal.svg\",\"widget-arrow-previous-color\":\"ffffffcc\",\"widget-arrow-previous-hover\":\"0\",\"widget-arrow-previous-hover-color\":\"ffffffcc\",\"widget-arrow-style\":\"\",\"widget-arrow-previous-position-mode\":\"simple\",\"widget-arrow-previous-position-area\":\"6\",\"widget-arrow-previous-position-offset\":\"5\",\"widget-arrow-next-position-mode\":\"simple\",\"widget-arrow-next-position-area\":\"7\",\"widget-arrow-next-position-offset\":\"5\",\"widget-arrow-animation\":\"fade\",\"widget-arrow-mirror\":\"1\",\"widget-arrow-next-image\":\"\",\"widget-arrow-next\":\"thin-horizontal.svg\",\"widget-arrow-next-color\":\"ffffffcc\",\"widget-arrow-next-hover\":\"0\",\"widget-arrow-next-hover-color\":\"ffffffcc\",\"widget-arrow-previous-alt\":\"previous arrow\",\"widget-arrow-next-alt\":\"next arrow\",\"widget-arrow-base64\":\"1\",\"widget-html-position-mode\":\"simple\",\"widget-html-position-area\":\"2\",\"widget-html-code\":\"\",\"widget-indicator-position-mode\":\"simple\",\"widget-indicator-position-area\":\"4\",\"widget-indicator-position-offset\":\"15\",\"widget-indicator-size\":\"25\",\"widget-indicator-thickness\":\"30\",\"widget-indicator-track\":\"000000ab\",\"widget-indicator-bar\":\"ffffffff\",\"widget-fullscreen-desktop-image-width\":\"16\",\"widget-fullscreen-tablet-image-width\":\"16\",\"widget-fullscreen-mobile-image-width\":\"8\",\"widget-fullscreen-tonormal-image\":\"\",\"widget-fullscreen-tonormal-color\":\"ffffffcc\",\"widget-fullscreen-tonormal\":\"full1.svg\",\"widget-fullscreen-style\":\"{\\\"data\\\":[{\\\"backgroundcolor\\\":\\\"000000ab\\\",\\\"padding\\\":\\\"10|*|10|*|10|*|10|*|px\\\",\\\"boxshadow\\\":\\\"0|*|0|*|0|*|0|*|000000ff\\\",\\\"border\\\":\\\"0|*|solid|*|000000ff\\\",\\\"borderradius\\\":\\\"3\\\",\\\"extra\\\":\\\"\\\"},{\\\"backgroundcolor\\\":\\\"000000ab\\\"}]}\",\"widget-fullscreen-position-mode\":\"simple\",\"widget-fullscreen-position-area\":\"4\",\"widget-fullscreen-position-offset\":\"15\",\"widget-fullscreen-mirror\":\"1\",\"widget-fullscreen-tofull-image\":\"\",\"widget-fullscreen-tofull-color\":\"ffffffcc\",\"widget-fullscreen-tofull\":\"full1.svg\",\"aria-label\":\"Slider\",\"alias-id\":\"\",\"alias-smoothscroll\":\"\",\"alias-slideswitch\":\"\",\"alias-slideswitch-scroll\":\"1\",\"background\":\"\",\"background-fixed\":\"0\",\"background-size\":\"cover\",\"background-color\":\"FFFFFF00\",\"backgroundVideoMp4\":\"\",\"backgroundVideoMuted\":\"1\",\"backgroundVideoLoop\":\"1\",\"backgroundVideoMode\":\"fill\",\"align\":\"normal\",\"margin\":\"0|*|0|*|0|*|0\",\"padding\":\"0|*|0|*|0|*|0\",\"perspective\":\"1000\",\"border-width\":\"0\",\"border-color\":\"3E3E3Eff\",\"border-radius\":\"0\",\"slider-preset\":\"\",\"slider-css\":\"\",\"width\":\"1200\",\"height\":\"600\",\"mobileportrait\":\"1\",\"mobilelandscape\":\"1\",\"tabletportrait\":\"1\",\"tabletlandscape\":\"1\",\"desktopportrait\":\"1\",\"desktoplandscape\":\"1\",\"responsiveLimitSlideWidth\":\"1\",\"responsiveSlideWidthDesktopLandscape\":\"0\",\"responsiveSlideWidthMaxDesktopLandscape\":\"1200\",\"responsiveSlideWidth\":\"0\",\"responsiveSlideWidthMax\":\"1200\",\"responsiveSlideWidthTabletLandscape\":\"0\",\"responsiveSlideWidthMaxTabletLandscape\":\"1200\",\"responsiveSlideWidthTablet\":\"0\",\"responsiveSlideWidthMaxTablet\":\"980\",\"responsiveSlideWidthMobileLandscape\":\"0\",\"responsiveSlideWidthMaxMobileLandscape\":\"740\",\"responsiveSlideWidthMobile\":\"0\",\"responsiveSlideWidthMaxMobile\":\"480\",\"responsive-breakpoint-desktop-portrait\":\"1440\",\"responsive-breakpoint-desktop-portrait-landscape\":\"1440\",\"responsive-breakpoint-tablet-landscape\":\"1300\",\"responsive-breakpoint-tablet-landscape-landscape\":\"1300\",\"responsive-breakpoint-tablet-portrait\":\"1199\",\"responsive-breakpoint-tablet-portrait-landscape\":\"1199\",\"responsive-breakpoint-mobile-landscape\":\"900\",\"responsive-breakpoint-mobile-landscape-landscape\":\"1050\",\"responsive-breakpoint-mobile-portrait\":\"700\",\"responsive-breakpoint-mobile-portrait-landscape\":\"900\",\"responsive-breakpoint-desktop-landscape-enabled\":\"0\",\"responsive-breakpoint-tablet-landscape-enabled\":\"0\",\"responsive-breakpoint-tablet-portrait-enabled\":\"1\",\"responsive-breakpoint-mobile-landscape-enabled\":\"0\",\"responsive-breakpoint-mobile-portrait-enabled\":\"1\",\"responsive-breakpoint-global\":\"0\",\"breakpoints-orientation\":\"portrait\",\"responsive-mode\":\"fullwidth\",\"responsiveSliderHeightMin\":\"0\",\"responsiveForceFull\":\"0\",\"responsiveForceFullOverflowX\":\"body\",\"responsiveForceFullHorizontalSelector\":\"body\",\"slider-size-override\":\"0\",\"slider-size-override-mobile-portrait\":\"0\",\"mobile-portrait-width\":\"440\",\"mobile-portrait-height\":\"0\",\"slider-size-override-mobile-landscape\":\"0\",\"mobile-landscape-width\":\"740\",\"mobile-landscape-height\":\"0\",\"slider-size-override-tablet-portrait\":\"0\",\"tablet-portrait-width\":\"800\",\"tablet-portrait-height\":\"0\",\"slider-size-override-tablet-landscape\":\"0\",\"tablet-landscape-width\":\"1024\",\"tablet-landscape-height\":\"0\",\"slider-size-override-desktop-landscape\":\"0\",\"desktop-landscape-width\":\"1440\",\"desktop-landscape-height\":\"0\",\"controlsTouch\":\"horizontal\",\"controlsScroll\":\"0\",\"controlsKeyboard\":\"1\",\"widget-arrow-enabled\":\"1\",\"widgetarrow\":\"imageEmpty\",\"widget-arrow-previous-position-stack\":\"1\",\"widget-arrow-previous-position-horizontal\":\"left\",\"widget-arrow-previous-position-horizontal-position\":\"0\",\"widget-arrow-previous-position-horizontal-unit\":\"px\",\"widget-arrow-previous-position-vertical\":\"top\",\"widget-arrow-previous-position-vertical-position\":\"0\",\"widget-arrow-previous-position-vertical-unit\":\"px\",\"widget-arrow-next-position-stack\":\"1\",\"widget-arrow-next-position-horizontal\":\"left\",\"widget-arrow-next-position-horizontal-position\":\"0\",\"widget-arrow-next-position-horizontal-unit\":\"px\",\"widget-arrow-next-position-vertical\":\"top\",\"widget-arrow-next-position-vertical-position\":\"0\",\"widget-arrow-next-position-vertical-unit\":\"px\",\"widget-arrow-display-hover\":\"0\",\"widget-arrow-display-mobileportrait\":\"0\",\"widget-arrow-display-mobilelandscape\":\"1\",\"widget-arrow-display-tabletportrait\":\"1\",\"widget-arrow-display-tabletlandscape\":\"1\",\"widget-arrow-display-desktopportrait\":\"1\",\"widget-arrow-display-desktoplandscape\":\"1\",\"widget-arrow-exclude-slides\":\"\",\"widget-bullet-enabled\":\"1\",\"widgetbullet\":\"transition\",\"widget-bullet-position-stack\":\"1\",\"widget-bullet-position-horizontal\":\"left\",\"widget-bullet-position-horizontal-position\":\"0\",\"widget-bullet-position-horizontal-unit\":\"px\",\"widget-bullet-position-vertical\":\"top\",\"widget-bullet-position-vertical-position\":\"0\",\"widget-bullet-position-vertical-unit\":\"px\",\"widget-bullet-thumbnail-height\":\"81\",\"widget-bullet-display-hover\":\"0\",\"widget-bullet-display-mobileportrait\":\"1\",\"widget-bullet-display-mobilelandscape\":\"1\",\"widget-bullet-display-tabletportrait\":\"1\",\"widget-bullet-display-tabletlandscape\":\"1\",\"widget-bullet-display-desktopportrait\":\"1\",\"widget-bullet-display-desktoplandscape\":\"1\",\"widget-bullet-exclude-slides\":\"\",\"widget-bar-enabled\":\"0\",\"widgetbar\":\"horizontal\",\"widget-bar-position-stack\":\"1\",\"widget-bar-position-horizontal\":\"left\",\"widget-bar-position-horizontal-position\":\"0\",\"widget-bar-position-horizontal-unit\":\"px\",\"widget-bar-position-vertical\":\"top\",\"widget-bar-position-vertical-position\":\"0\",\"widget-bar-position-vertical-unit\":\"px\",\"widget-bar-display-hover\":\"0\",\"widget-bar-display-mobileportrait\":\"1\",\"widget-bar-display-mobilelandscape\":\"1\",\"widget-bar-display-tabletportrait\":\"1\",\"widget-bar-display-tabletlandscape\":\"1\",\"widget-bar-display-desktopportrait\":\"1\",\"widget-bar-display-desktoplandscape\":\"1\",\"widget-bar-exclude-slides\":\"\",\"widget-thumbnail-enabled\":\"0\",\"widgetthumbnail\":\"default\",\"widget-thumbnail-tablet-width\":\"100\",\"widget-thumbnail-tablet-height\":\"60\",\"widget-thumbnail-mobile-width\":\"100\",\"widget-thumbnail-mobile-height\":\"60\",\"widget-thumbnail-position-stack\":\"1\",\"widget-thumbnail-position-offset\":\"0\",\"widget-thumbnail-position-horizontal\":\"left\",\"widget-thumbnail-position-horizontal-position\":\"0\",\"widget-thumbnail-position-horizontal-unit\":\"px\",\"widget-thumbnail-position-vertical\":\"top\",\"widget-thumbnail-position-vertical-position\":\"0\",\"widget-thumbnail-position-vertical-unit\":\"px\",\"widget-thumbnail-display-hover\":\"0\",\"widget-thumbnail-display-mobileportrait\":\"1\",\"widget-thumbnail-display-mobilelandscape\":\"1\",\"widget-thumbnail-display-tabletportrait\":\"1\",\"widget-thumbnail-display-tabletlandscape\":\"1\",\"widget-thumbnail-display-desktopportrait\":\"1\",\"widget-thumbnail-display-desktoplandscape\":\"1\",\"widget-thumbnail-exclude-slides\":\"\",\"widget-shadow-enabled\":\"0\",\"widgetshadow\":\"shadow\",\"widget-shadow-display-mobileportrait\":\"1\",\"widget-shadow-display-mobilelandscape\":\"1\",\"widget-shadow-display-tabletportrait\":\"1\",\"widget-shadow-display-tabletlandscape\":\"1\",\"widget-shadow-display-desktopportrait\":\"1\",\"widget-shadow-display-desktoplandscape\":\"1\",\"widget-shadow-exclude-slides\":\"\",\"widget-fullscreen-enabled\":\"0\",\"widgetfullscreen\":\"image\",\"widget-fullscreen-position-stack\":\"1\",\"widget-fullscreen-position-horizontal\":\"left\",\"widget-fullscreen-position-horizontal-position\":\"0\",\"widget-fullscreen-position-horizontal-unit\":\"px\",\"widget-fullscreen-position-vertical\":\"top\",\"widget-fullscreen-position-vertical-position\":\"0\",\"widget-fullscreen-position-vertical-unit\":\"px\",\"widget-fullscreen-display-hover\":\"0\",\"widget-fullscreen-display-mobileportrait\":\"1\",\"widget-fullscreen-display-mobilelandscape\":\"1\",\"widget-fullscreen-display-tabletportrait\":\"1\",\"widget-fullscreen-display-tabletlandscape\":\"1\",\"widget-fullscreen-display-desktopportrait\":\"1\",\"widget-fullscreen-display-desktoplandscape\":\"1\",\"widget-fullscreen-exclude-slides\":\"\",\"widget-html-enabled\":\"0\",\"widgethtml\":\"html\",\"widget-html-position-stack\":\"1\",\"widget-html-position-offset\":\"0\",\"widget-html-position-horizontal\":\"left\",\"widget-html-position-horizontal-position\":\"0\",\"widget-html-position-horizontal-unit\":\"px\",\"widget-html-position-vertical\":\"top\",\"widget-html-position-vertical-position\":\"0\",\"widget-html-position-vertical-unit\":\"px\",\"widget-html-display-hover\":\"0\",\"widget-html-display-mobileportrait\":\"1\",\"widget-html-display-mobilelandscape\":\"1\",\"widget-html-display-tabletportrait\":\"1\",\"widget-html-display-tabletlandscape\":\"1\",\"widget-html-display-desktopportrait\":\"1\",\"widget-html-display-desktoplandscape\":\"1\",\"widget-html-exclude-slides\":\"\",\"animation\":\"horizontal\",\"animation-duration\":\"800\",\"animation-delay\":\"0\",\"animation-easing\":\"easeOutQuad\",\"carousel\":\"1\",\"background-animation\":\"\",\"background-animation-color\":\"333333ff\",\"background-animation-speed\":\"normal\",\"animation-shifted-background-animation\":\"auto\",\"kenburns-animation\":\"50|*|50|*|\",\"kenburns-animation-speed\":\"default\",\"kenburns-animation-strength\":\"default\",\"shape-divider\":\"\",\"particle\":\"\",\"playfirstlayer\":\"1\",\"playonce\":\"0\",\"layer-animation-play-in\":\"end\",\"layer-animation-play-mode\":\"skippable\",\"parallax-enabled\":\"1\",\"parallax-enabled-mobile\":\"0\",\"parallax-3d\":\"0\",\"parallax-animate\":\"1\",\"parallax-horizontal\":\"mouse\",\"parallax-vertical\":\"mouse\",\"parallax-mouse-origin\":\"slider\",\"parallax-scroll-move\":\"both\",\"autoplay\":\"0\",\"autoplayDuration\":\"8000\",\"autoplayStart\":\"1\",\"autoplayAllowReStart\":\"0\",\"autoplayLoop\":\"1\",\"autoplayfinish\":\"1|*|loop|*|current\",\"loop-single-slide\":\"0\",\"autoplayStopClick\":\"1\",\"autoplayStopMouse\":\"0\",\"autoplayStopMedia\":\"1\",\"autoplayResumeClick\":\"0\",\"autoplayResumeMouse\":\"0\",\"autoplayResumeMedia\":\"1\",\"widget-autoplay-enabled\":\"0\",\"widgetautoplay\":\"image\",\"widget-autoplay-position-stack\":\"1\",\"widget-autoplay-position-horizontal\":\"left\",\"widget-autoplay-position-horizontal-position\":\"0\",\"widget-autoplay-position-horizontal-unit\":\"px\",\"widget-autoplay-position-vertical\":\"top\",\"widget-autoplay-position-vertical-position\":\"0\",\"widget-autoplay-position-vertical-unit\":\"px\",\"widget-autoplay-display-hover\":\"0\",\"widget-autoplay-display-mobileportrait\":\"1\",\"widget-autoplay-display-mobilelandscape\":\"1\",\"widget-autoplay-display-tabletportrait\":\"1\",\"widget-autoplay-display-tabletlandscape\":\"1\",\"widget-autoplay-display-desktopportrait\":\"1\",\"widget-autoplay-display-desktoplandscape\":\"1\",\"widget-autoplay-exclude-slides\":\"\",\"widget-indicator-enabled\":\"0\",\"widgetindicator\":\"pie\",\"widget-indicator-position-stack\":\"1\",\"widget-indicator-position-horizontal\":\"left\",\"widget-indicator-position-horizontal-position\":\"0\",\"widget-indicator-position-horizontal-unit\":\"px\",\"widget-indicator-position-vertical\":\"top\",\"widget-indicator-position-vertical-position\":\"0\",\"widget-indicator-position-vertical-unit\":\"px\",\"widget-indicator-style\":\"\",\"widget-indicator-display-hover\":\"0\",\"widget-indicator-display-mobileportrait\":\"1\",\"widget-indicator-display-mobilelandscape\":\"1\",\"widget-indicator-display-tabletportrait\":\"1\",\"widget-indicator-display-tabletlandscape\":\"1\",\"widget-indicator-display-desktopportrait\":\"1\",\"widget-indicator-display-desktoplandscape\":\"1\",\"widget-indicator-exclude-slides\":\"\",\"loading-type\":\"\",\"delay\":\"0\",\"playWhenVisible\":\"1\",\"playWhenVisibleAt\":\"50\",\"imageload\":\"0\",\"imageloadNeighborSlides\":\"0\",\"optimize-webp\":\"1\",\"optimize-quality\":\"70\",\"optimize-scale\":\"1\",\"optimize-slide-width-normal\":\"1920\",\"optimize-slide-width-tablet\":\"1200\",\"optimize-slide-height-tablet\":\"0\",\"optimize-slide-width-mobile\":\"500\",\"optimize-slide-height-mobile\":\"400\",\"optimize-slide-width-retina\":\"0\",\"optimize-thumbnail-scale\":\"1\",\"optimize-thumbnail-quality\":\"70\",\"optimizeThumbnailWidth\":\"100\",\"optimizeThumbnailHeight\":\"60\",\"layer-image-webp\":\"1\",\"layer-image-optimize-quality\":\"70\",\"layer-image-optimize\":\"1\",\"layer-image-width-normal\":\"1400\",\"layer-image-width-tablet\":\"800\",\"layer-image-width-mobile\":\"425\",\"layer-image-width-retina\":\"0\",\"layer-image-base64\":\"0\",\"layer-image-base64-size\":\"5\",\"optimize-slider-webp\":\"0\",\"optimize-slider-quality\":\"70\",\"optimize-slider-scale\":\"0\",\"optimize-slider-width-normal\":\"1920\",\"optimize-slider-width-tablet\":\"1200\",\"optimize-slider-height-tablet\":\"0\",\"optimize-slider-width-mobile\":\"500\",\"optimize-slider-height-mobile\":\"0\",\"slides-background-video-mobile\":\"1\",\"backgroundMode\":\"fill\",\"slide-css\":\"\",\"randomize\":\"0\",\"randomizeFirst\":\"0\",\"randomize-cache\":\"1\",\"variations\":\"5\",\"reverse-slides\":\"0\",\"maximumslidecount\":\"20\",\"maintain-session\":\"0\",\"global-lightbox\":\"0\",\"global-lightbox-label\":\"0\",\"slide-background-parallax\":\"0\",\"slide-background-parallax-strength\":\"50\",\"bg-parallax-tablet\":\"1\",\"bg-parallax-mobile\":\"1\",\"blockrightclick\":\"0\",\"controlsBlockCarouselInteraction\":\"1\",\"clear-both\":\"1\",\"clear-both-after\":\"1\",\"overflow-hidden-page\":\"0\",\"responsiveFocusUser\":\"1\",\"responsiveFocusEdge\":\"auto\",\"is-delayed\":\"0\",\"legacy-font-scale\":\"0\",\"classes\":\"\",\"custom-css-codes\":\"\",\"callbacks\":\"\",\"related-posts\":\"\"}', 'published', '2023-08-13 12:23:55', '$upload$/slider3/freefullwidththumb-1.png', 0);

-- --------------------------------------------------------

--
